000
CXUS54 KMEG 032246
CF6TUP
PRELIMINARY LOCAL CLIMATOLOGICAL DATA (WS FORM: F-6)
STATION: TUPELO
MONTH: JUNE
YEAR: 2021
LATITUDE: 34 16 N
LONGITUDE: 88 46 W
TEMPERATURE IN F: :PCPN: SNOW: WIND :SUNSHINE: SKY :PK WND
================================================================================
1 2 3 4 5 6A 6B 7 8 9 10 11 12 13 14 15 16 17 18
12Z AVG MX 2MIN
DY MAX MIN AVG DEP HDD CDD WTR SNW DPTH SPD SPD DIR MIN PSBL S-S WX SPD DR
================================================================================
1 89 63 76 0 0 11 0.38 0.0 0 4.7 18 190 M M 3 138 24 190
2 83 67 75 -1 0 10 1.07 0.0 0 8.9 22 180 M M 8 13 30 180
3 87 69 78 1 0 13 0.00 0.0 0 4.5 12 240 M M 4 16 210
4 88 65 77 0 0 12 0.00 0.0 0 3.0 9 200 M M 2 12 200
5 86 72 79 2 0 14 0.21 0.0 0 2.7 16 220 M M 7 1 20 220
6 75 71 73 -4 0 8 1.28 0.0 0 6.0 15 130 M M 9 1 21 130
7 84 70 77 -1 0 12 0.50 0.0 0 6.4 23 200 M M 8 13 38 200
8 78 70 74 -4 0 9 3.00 0.0 0 6.6 18 330 M M 7 13 25 320
9 76 70 73 -5 0 8 3.89 0.0 0 4.6 14 340 M M 8 13 19 330
10 80 71 76 -2 0 11 T 0.0 0 5.6 12 240 M M 8 1 15 250
11 92 71 82 4 0 17 0.59 0.0 0 4.4 15 20 M M 6 13 19 230
12 96 75 86 7 0 21 0.00 0.0 0 3.8 12 320 M M 2 12 14 310
13 96 75 86 7 0 21 0.52 0.0 0 3.6 16 80 M M 1 13 22 90
14 93 73 83 4 0 18 0.00 0.0 0 5.2 14 20 M M 1 22 20
15 90 69 80 1 0 15 0.00 0.0 0 5.0 15 20 M M 0 20 360
16 89 64 77 -2 0 12 0.00 0.0 0 3.2 15 50 M M 0 22 80
17 92 67 80 0 0 15 0.00 0.0 0 1.9 9 130 M M 2 11 150
18 91 69 80 0 0 15 0.00 0.0 0 4.4 13 180 M M 0 16 190
19 79 72 76 -4 0 11 0.00 0.0 0 7.4 20 120 M M 6 23 110
20 94 69 82 2 0 17 0.00 0.0 0 5.2 15 190 M M 1 20 190
21 91 71 81 1 0 16 1.25 0.0 0 6.8 18 200 M M 6 138 24 350
22 81 63 72 -8 0 7 0.00 0.0 0 6.7 17 30 M M 2 22 10
23 87 59 73 -8 0 8 0.00 0.0 0 3.5 9 160 M M 0 12 180
24 94 67 81 0 0 16 0.00 0.0 0 5.5 14 150 M M 3 19 150
25 88 75 82 1 0 17 0.00 0.0 0 9.8 17 140 M M 4 22 140
26 90 73 82 1 0 17 0.00 0.0 0 8.0 16 180 M M 1 21 170
27 93 73 83 2 0 18 0.00 0.0 0 4.9 15 150 M M 2 23 170
28 93 74 84 3 0 19 0.01 0.0 0 5.2 20 130 M M 2 3 23 120
29 91 73 82 1 0 17 1.63 0.0 0 1.8 24 130 M M 3 13 30 130
30 88 74 81 -1 0 16 0.11 0.0 0 1.9 10 200 M M 5 13 16 340
================================================================================
SM 2634 2094 0 421 14.44 0.0 151.2 M 111
================================================================================
AV 87.8 69.8 5.0 FASTST M M 4 MAX(MPH)
MISC ----> 24 130 38 200
================================================================================
NOTES:
# LAST OF SEVERAL OCCURRENCES
COLUMN 17 PEAK WIND IN M.P.H.
PRELIMINARY LOCAL CLIMATOLOGICAL DATA (WS FORM: F-6) , PAGE 2
STATION: TUPELO
MONTH: JUNE
YEAR: 2021
LATITUDE: 34 16 N
LONGITUDE: 88 46 W
[TEMPERATURE DATA] [PRECIPITATION DATA] SYMBOLS USED IN COLUMN 16
AVERAGE MONTHLY: 78.8 TOTAL FOR MONTH: 14.44 1 = FOG OR MIST
DPTR FM NORMAL: -0.4 DPTR FM NORMAL: 9.43 2 = FOG REDUCING VISIBILITY
HIGHEST: 96 ON 13,12 GRTST 24HR 5.44 ON 8- 9 TO 1/4 MILE OR LESS
LOWEST: 59 ON 23 3 = THUNDER
SNOW, ICE PELLETS, HAIL 4 = ICE PELLETS
TOTAL MONTH: 0.0 INCH 5 = HAIL
GRTST 24HR 0.0 6 = FREEZING RAIN OR DRIZZLE
GRTST DEPTH: 0 7 = DUSTSTORM OR SANDSTORM:
VSBY 1/2 MILE OR LESS
8 = SMOKE OR HAZE
[NO. OF DAYS WITH] [WEATHER - DAYS WITH] 9 = BLOWING SNOW
X = TORNADO
MAX 32 OR BELOW: 0 0.01 INCH OR MORE: 13
MAX 90 OR ABOVE: 14 0.10 INCH OR MORE: 12
MIN 32 OR BELOW: 0 0.50 INCH OR MORE: 9
MIN 0 OR BELOW: 0 1.00 INCH OR MORE: 6
[HDD (BASE 65) ]
TOTAL THIS MO. 0 CLEAR (SCALE 0-3) 17
DPTR FM NORMAL 0 PTCLDY (SCALE 4-7) 11
TOTAL FM JUL 1 2562 CLOUDY (SCALE 8-10) 2
DPTR FM NORMAL -165
[CDD (BASE 65) ]
TOTAL THIS MO. 421
DPTR FM NORMAL -3 [PRESSURE DATA]
TOTAL FM JAN 1 724 HIGHEST SLP 30.18 ON 29
DPTR FM NORMAL -25 LOWEST SLP 29.79 ON 19
[REMARKS]
#FINAL-06-21#