000
CXUS53 KAPX 010730
CF6TVC
PRELIMINARY LOCAL CLIMATOLOGICAL DATA (WS FORM: F-6)
STATION: TRAVERSE CITY MI
MONTH: JULY
YEAR: 2021
LATITUDE: 44 44 N
LONGITUDE: 85 34 W
TEMPERATURE IN F: :PCPN: SNOW: WIND :SUNSHINE: SKY :PK WND
================================================================================
1 2 3 4 5 6A 6B 7 8 9 10 11 12 13 14 15 16 17 18
12Z AVG MX 2MIN
DY MAX MIN AVG DEP HDD CDD WTR SNW DPTH SPD SPD DIR MIN PSBL S-S WX SPD DR
================================================================================
1 70 59 65 -4 0 0 0.00 M M 8.4 17 10 M M 3 27 30
2 73 57 65 -4 0 0 0.00 M M 6.3 15 330 M M 5 22 320
3 86 60 73 3 0 8 T M M 5.8 12 310 M M 4 8 20 310
4 92 65 79 9 0 14 0.00 M M 4.7 14 250 M M 6 18 19 240
5 92 72 82 12 0 17 0.53 M M 10.3 37 280 M M 6 138 49 290
6 88 63 76 6 0 11 0.09 M M 5.4 13 40 M M 7 3 M M
7 67 57 62 -8 3 0 0.99 M M 7.3 14 60 M M 10 1 21 50
8 63 56 60 -10 5 0 0.05 M M 7.1 12 40 M M 10 1 18 360
9 73 52 63 -7 2 0 0.00 M M 4.4 10 40 M M 3 M M
10 81 49 65 -5 0 0 0.00 M M 3.6 13 40 M M 4 18 20
11 79 53 66 -4 0 1 0.00 M M 4.1 13 80 M M 4 24 360
12 86 51 69 -1 0 4 0.00 M M 3.4 15 90 M M 5 23 100
13 77 66 72 2 0 7 1.18 M M 2.3 10 270 M M 8 13 13 280
14 86 66 76 6 0 11 0.18 M M 7.1 22 250 M M 5 1 36 260
15 75 61 68 -3 0 3 0.94 M M 5.9 18 170 M M 9 13 32 190
16 78 56 67 -4 0 2 0.00 M M 4.1 12 30 M M 5 19 20
17 82 52 67 -4 0 2 0.00 M M 3.7 12 10 M M 1 20 360
18 83 58 71 0 0 6 0.00 M M 3.7 12 290 M M 4 15 280
19 87 64 76 5 0 11 0.00 M M 4.9 13 270 M M 7 17 350
20 76 65 71 0 0 6 T M M 8.4 16 320 M M 8 1 25 330
21 76 59 68 -3 0 3 0.00 M M 4.5 9 360 M M 6 16 99
22 79 63 71 0 0 6 0.00 M M 3.5 12 280 M M 7 17 270
23 83 64 74 3 0 9 T M M 4.6 13 190 M M 7 18 200
24 81 68 75 4 0 10 3.36 M M 7.2 22 260 M M 7 138 37 260
25 88 63 76 5 0 11 0.00 M M 5.4 17 290 M M 1 22 280
26 89 64 77 6 0 12 0.00 M M 4.9 13 230 M M 3 22 240
27 80 64 72 1 0 7 0.01 M M 6.2 20 280 M M 4 3 26 280
28 84 60 72 1 0 7 0.07 M M 2.5 10 360 M M 5 12 17 10
29 78 64 71 0 0 6 0.33 M M 9.0 17 340 M M 6 1 27 340
30 69 54 62 -9 3 0 0.00 M M 7.7 17 340 M M 3 25 40
31 78 54 66 -4 0 1 0.04 M M 7.8 23 270 M M 7 138 29 270
================================================================================
SM 2479 1859 13 175 7.77 M 174.2 M 170
================================================================================
AV 80.0 60.0 5.6 FASTST M M 5 MAX(MPH)
MISC ----> 37 280 49 290
================================================================================
NOTES:
# LAST OF SEVERAL OCCURRENCES
COLUMN 17 PEAK WIND IN M.P.H.
PRELIMINARY LOCAL CLIMATOLOGICAL DATA (WS FORM: F-6) , PAGE 2
STATION: TRAVERSE CITY MI
MONTH: JULY
YEAR: 2021
LATITUDE: 44 44 N
LONGITUDE: 85 34 W
[TEMPERATURE DATA] [PRECIPITATION DATA] SYMBOLS USED IN COLUMN 16
AVERAGE MONTHLY: 70.0 TOTAL FOR MONTH: 7.77 1 = FOG OR MIST
DPTR FM NORMAL: -0.3 DPTR FM NORMAL: 5.06 2 = FOG REDUCING VISIBILITY
HIGHEST: 92 ON 5, 4 GRTST 24HR 3.36 ON 23-24 TO 1/4 MILE OR LESS
LOWEST: 49 ON 10 3 = THUNDER
SNOW, ICE PELLETS, HAIL 4 = ICE PELLETS
TOTAL MONTH: M 5 = HAIL
GRTST 24HR M ON M 6 = FREEZING RAIN OR DRIZZLE
GRTST DEPTH: M ON M 7 = DUSTSTORM OR SANDSTORM:
VSBY 1/2 MILE OR LESS
8 = SMOKE OR HAZE
[NO. OF DAYS WITH] [WEATHER - DAYS WITH] 9 = BLOWING SNOW
X = TORNADO
MAX 32 OR BELOW: 0 0.01 INCH OR MORE: 12
MAX 90 OR ABOVE: 2 0.10 INCH OR MORE: 7
MIN 32 OR BELOW: 0 0.50 INCH OR MORE: 5
MIN 0 OR BELOW: 0 1.00 INCH OR MORE: 2
[HDD (BASE 65) ]
TOTAL THIS MO. 13 CLEAR (SCALE 0-3) 3
DPTR FM NORMAL -7 PTCLDY (SCALE 4-7) 25
TOTAL FM JUL 1 13 CLOUDY (SCALE 8-10) 3
DPTR FM NORMAL -6
[CDD (BASE 65) ]
TOTAL THIS MO. 175
DPTR FM NORMAL -11 [PRESSURE DATA]
TOTAL FM JAN 1 417 HIGHEST SLP 30.24 ON 18
DPTR FM NORMAL 100 LOWEST SLP 29.70 ON 24
[REMARKS]
#FINAL-07-21#