000
CXUS55 KREV 011637
CF6TVL
PRELIMINARY LOCAL CLIMATOLOGICAL DATA (WS FORM: F-6)
STATION: SOUTH LAKE TAHOE CA
MONTH: JULY
YEAR: 2022
LATITUDE: 38 53 N
LONGITUDE: 119 60 W
TEMPERATURE IN F: :PCPN: SNOW: WIND :SUNSHINE: SKY :PK WND
================================================================================
1 2 3 4 5 6A 6B 7 8 9 10 11 12 13 14 15 16 17 18
12Z AVG MX 2MIN
DY MAX MIN AVG DEP HDD CDD WTR SNW DPTH SPD SPD DIR MIN PSBL S-S WX SPD DR
================================================================================
1 79 34 57 -2 8 0 0.00 M M 4.7 18 190 M M 0 24 190
2 76 38 57 -2 8 0 0.00 M M 6.8 23 190 M M 0 35 200
3 M 39 M M M M 0.00 M M M M M M M 0 M M
4 69 38 54 -6 11 0 0.00 M M 5.3 18 190 M M 1 27 180
5 72 42 57 -3 8 0 0.00 M M 4.4 18 180 M M 1 28 190
6 76 41 59 -1 6 0 0.00 M M 5.7 17 190 M M 0 25 200
7 77 40 59 -1 6 0 0.00 M M 5.8 18 190 M M 0 27 180
8 80 42 61 0 4 0 0.00 M M 4.6 16 190 M M 0 8 24 210
9 79 44 62 1 3 0 0.00 M M 4.5 16 180 M M 1 24 200
10 83 42 63 2 2 0 0.00 M M 3.7 13 30 M M 0 15 20
11 87 46 67 6 0 2 0.00 M M 2.6 13 20 M M 0 18 20
12 86 48 67 6 0 2 0.00 M M 3.7 15 180 M M 0 23 190
13 85 47 66 4 0 1 0.00 M M 5.1 22 180 M M 0 30 180
14 86 41 64 2 1 0 0.00 M M 5.0 16 190 M M 0 23 210
15 86 46 66 4 0 1 0.00 M M 3.9 20 180 M M 0 27 190
16 88 46 67 5 0 2 0.00 M M 5.4 17 200 M M 0 25 190
17 87 51 69 7 0 4 0.00 M M 5.8 22 190 M M 1 29 180
18 84 52 68 6 0 3 0.00 M M 5.1 16 190 M M 0 26 190
19 85 53 69 7 0 4 0.00 M M 3.0 16 190 M M 3 22 180
20 86 47 67 5 0 2 0.00 M M 3.4 15 20 M M 0 22 20
21 86 42 64 2 1 0 0.00 M M 4.6 16 190 M M 0 24 190
22 83 40 62 0 3 0 0.00 M M 5.7 17 200 M M 0 27 200
23 86 41 64 2 1 0 0.00 M M 4.8 18 180 M M 1 25 170
24 83 43 63 1 2 0 0.00 M M 3.6 13 190 M M 4 8 14 180
25 87 46 67 5 0 2 T M M 4.8 17 190 M M 0 20 200
26 82 58 70 8 0 5 T M M 1.6 13 30 M M 2 15 20
27 90 53 72 10 0 7 0.00 M M 3.0 13 30 M M 0 17 30
28 92 53 73 11 0 8 0.00 M M 2.8 14 20 M M 0 16 30
29 91 50 71 9 0 6 T M M 2.6 15 20 M M 0 23 30
30 89 51 70 8 0 5 0.00 M M 2.8 13 190 M M 0 20 200
31 83 58 71 9 0 6 T M M 3.8 20 180 M M 2 3 28 170
================================================================================
SM 2503 1412 64 60 T M 128.6 M 16
================================================================================
AV 83.4 45.5 4.3 FASTST M M 1 MAX(MPH)
MISC ----> 23 190 35 200
================================================================================
NOTES:
# LAST OF SEVERAL OCCURRENCES
COLUMN 17 PEAK WIND IN M.P.H.
PRELIMINARY LOCAL CLIMATOLOGICAL DATA (WS FORM: F-6) , PAGE 2
STATION: SOUTH LAKE TAHOE CA
MONTH: JULY
YEAR: 2022
LATITUDE: 38 53 N
LONGITUDE: 119 60 W
[TEMPERATURE DATA] [PRECIPITATION DATA] SYMBOLS USED IN COLUMN 16
AVERAGE MONTHLY: 64.5 TOTAL FOR MONTH: T 1 = FOG OR MIST
DPTR FM NORMAL: 3.0 DPTR FM NORMAL: -0.39 2 = FOG REDUCING VISIBILITY
HIGHEST: 92 ON 28 GRTST 24HR T ON 25-25 TO 1/4 MILE OR LESS
LOWEST: 34 ON 1 3 = THUNDER
SNOW, ICE PELLETS, HAIL 4 = ICE PELLETS
TOTAL MONTH: M 5 = HAIL
GRTST 24HR M ON M 6 = FREEZING RAIN OR DRIZZLE
GRTST DEPTH: M ON M 7 = DUSTSTORM OR SANDSTORM:
VSBY 1/2 MILE OR LESS
8 = SMOKE OR HAZE
[NO. OF DAYS WITH] [WEATHER - DAYS WITH] 9 = BLOWING SNOW
X = TORNADO
MAX 32 OR BELOW: 0 0.01 INCH OR MORE: 0
MAX 90 OR ABOVE: 3 0.10 INCH OR MORE: 0
MIN 32 OR BELOW: 0 0.50 INCH OR MORE: 0
MIN 0 OR BELOW: 0 1.00 INCH OR MORE: 0
[HDD (BASE 65) ]
TOTAL THIS MO. 64 CLEAR (SCALE 0-3) 30
DPTR FM NORMAL -64 PTCLDY (SCALE 4-7) 1
TOTAL FM JUL 1 64 CLOUDY (SCALE 8-10) 0
DPTR FM NORMAL -62
[CDD (BASE 65) ]
TOTAL THIS MO. 60
DPTR FM NORMAL 42 [PRESSURE DATA]
TOTAL FM JAN 1 60 HIGHEST SLP 30.25 ON 10
DPTR FM NORMAL 40 LOWEST SLP 29.87 ON 3
[REMARKS]
#FINAL-07-22#