000
CXUS54 KJAN 012034
CF6TVR
PRELIMINARY LOCAL CLIMATOLOGICAL DATA (WS FORM: F-6)
STATION: VICKSBURG
MONTH: APRIL
YEAR: 2023
LATITUDE: 32 20 N
LONGITUDE: 91 2 W
TEMPERATURE IN F: :PCPN: SNOW: WIND :SUNSHINE: SKY :PK WND
================================================================================
1 2 3 4 5 6A 6B 7 8 9 10 11 12 13 14 15 16 17 18
12Z AVG MX 2MIN
DY MAX MIN AVG DEP HDD CDD WTR SNW DPTH SPD SPD DIR MIN PSBL S-S WX SPD DR
================================================================================
1 82 54 68 5 0 3 0.79 0.0 0 3.8 14 280 M M 3 123 29 300
2 78 50 64 1 1 0 0.30 0.0 0 5.6 15 170 M M 3 13 20 160
3 84 61 73 10 0 8 0.61 0.0 0 6.5 16 170 M M 6 138 26 170
4 86 72 79 15 0 14 0.00 0.0 0 12.3 23 170 M M 2 18 33 170
5 86 66 76 12 0 11 0.39 0.0 0 8.1 17 310 M M 4 138 32 280
6 67 55 61 -3 4 0 0.76 0.0 0 9.7 22 10 M M 10 1 31 20
7 59 53 56 -8 9 0 0.64 0.0 0 10.1 16 10 M M 10 1 21 10
8 61 54 58 -6 7 0 0.02 0.0 0 7.9 13 10 M M 10 1 18 350
9 70 55 63 -2 2 0 T 0.0 0 6.7 13 20 M M 6 1 18 50
10 75 51 63 -2 2 0 0.00 0.0 0 4.6 14 130 M M 6 12 22 50
11 77 55 66 1 0 1 0.00 0.0 0 4.7 14 40 M M 4 20 30
12 74 56 65 0 0 0 0.00 0.0 0 3.5 12 120 M M 2 17 130
13 62 57 60 -6 5 0 0.35 0.0 0 2.9 14 20 M M 10 1 19 30
14 79 57 68 2 0 3 0.00 0.0 0 3.8 14 170 M M 2 21 170
15 73 61 67 1 0 2 0.03 0.0 0 6.7 17 160 M M 2 13 25 180
16 71 52 62 -4 3 0 0.03 0.0 0 6.8 15 320 M M 2 13 29 270
17 75 45 60 -6 5 0 0.00 0.0 0 1.9 10 10 M M 0 15 10
18 79 47 63 -4 2 0 0.00 0.0 0 3.5 15 170 M M 0 1 22 160
19 84 52 68 1 0 3 0.00 0.0 0 6.6 16 170 M M 0 1 23 170
20 85 59 72 5 0 7 0.00 0.0 0 10.1 17 150 M M 2 23 150
21 78 53 66 -1 0 1 0.05 0.0 0 5.3 15 10 M M 7 13 28 330
22 77 48 63 -5 2 0 0.00 0.0 0 4.4 16 20 M M 2 23 10
23 65 53 59 -9 6 0 T 0.0 0 10.5 21 40 M M 5 28 40
24 72 51 62 -6 3 0 0.00 0.0 0 5.8 15 40 M M 6 21 40
25 77 50 64 -4 1 0 0.00 0.0 0 6.1 14 10 M M 4 17 90
26 75 57 66 -3 0 1 0.49 0.0 0 8.5 16 130 M M 5 13 23 70
27 79 61 70 1 0 5 0.35 0.0 0 3.4 16 120 M M 5 13 24 110
28 78 53 66 -3 0 1 0.00 0.0 0 1.6 8 70 M M 2 12 11 330
29 74 59 67 -2 0 2 0.18 0.0 0 4.2 13 330 M M 6 13 29 340
30 78 50 64 -6 1 0 0.00 0.0 0 4.3 10 360 M M 0 1 21 290
================================================================================
SM 2260 1647 53 62 4.99 0.0 179.9 M 126
================================================================================
AV 75.3 54.9 6.0 FASTST M M 4 MAX(MPH)
MISC ----> 23 170 33 170
================================================================================
NOTES:
# LAST OF SEVERAL OCCURRENCES
COLUMN 17 PEAK WIND IN M.P.H.
PRELIMINARY LOCAL CLIMATOLOGICAL DATA (WS FORM: F-6) , PAGE 2
STATION: VICKSBURG
MONTH: APRIL
YEAR: 2023
LATITUDE: 32 20 N
LONGITUDE: 91 2 W
[TEMPERATURE DATA] [PRECIPITATION DATA] SYMBOLS USED IN COLUMN 16
AVERAGE MONTHLY: 65.1 TOTAL FOR MONTH: 4.99 1 = FOG OR MIST
DPTR FM NORMAL: -1.1 DPTR FM NORMAL: -0.97 2 = FOG REDUCING VISIBILITY
HIGHEST: 86 ON 5, 4 GRTST 24HR 1.37 ON 6- 7 TO 1/4 MILE OR LESS
LOWEST: 45 ON 17 3 = THUNDER
SNOW, ICE PELLETS, HAIL 4 = ICE PELLETS
TOTAL MONTH: 0.0 INCH 5 = HAIL
GRTST 24HR 0.0 6 = FREEZING RAIN OR DRIZZLE
GRTST DEPTH: 0 7 = DUSTSTORM OR SANDSTORM:
VSBY 1/2 MILE OR LESS
8 = SMOKE OR HAZE
[NO. OF DAYS WITH] [WEATHER - DAYS WITH] 9 = BLOWING SNOW
X = TORNADO
MAX 32 OR BELOW: 0 0.01 INCH OR MORE: 14
MAX 90 OR ABOVE: 0 0.10 INCH OR MORE: 10
MIN 32 OR BELOW: 0 0.50 INCH OR MORE: 4
MIN 0 OR BELOW: 0 1.00 INCH OR MORE: 0
[HDD (BASE 65) ]
TOTAL THIS MO. 53 CLEAR (SCALE 0-3) 14
DPTR FM NORMAL -22 PTCLDY (SCALE 4-7) 12
TOTAL FM JUL 1 1620 CLOUDY (SCALE 8-10) 4
DPTR FM NORMAL -471
[CDD (BASE 65) ]
TOTAL THIS MO. 62
DPTR FM NORMAL -49 [PRESSURE DATA]
TOTAL FM JAN 1 235 HIGHEST SLP 30.35 ON 10
DPTR FM NORMAL 68 LOWEST SLP 29.70 ON 29
[REMARKS]
#FINAL-04-23#