000
CXUS54 KSHV 040339
CF6TXK
PRELIMINARY LOCAL CLIMATOLOGICAL DATA (WS FORM: F-6)
STATION: TEXARKANA
MONTH: FEBRUARY
YEAR: 2020
LATITUDE: 33 27 N
LONGITUDE: 94 0 W
TEMPERATURE IN F: :PCPN: SNOW: WIND :SUNSHINE: SKY :PK WND
================================================================================
1 2 3 4 5 6A 6B 7 8 9 10 11 12 13 14 15 16 17 18
12Z AVG MX 2MIN
DY MAX MIN AVG DEP HDD CDD WTR SNW DPTH SPD SPD DIR MIN PSBL S-S WX SPD DR
================================================================================
1 61 34 48 3 17 0 0.00 0.0 0 6.8 17 290 M M 1 1 22 280
2 78 41 60 14 5 0 0.00 0.0 0 9.2 16 230 M M 0 20 230
3 66 48 57 11 8 0 0.04 0.0 0 11.2 23 190 M M 6 1 31 200
4 73 46 60 14 5 0 0.04 0.0 0 10.5 18 240 M M 9 1 23 220
5 47 38 43 -3 22 0 0.52 0.0 0 7.7 16 310 M M 10 13 24 10
6 38 29 34 -12 31 0 0.06 0.0 0 9.0 18 310 M M 8 1 24 300
7 54 26 40 -6 25 0 0.00 0.0 0 3.6 12 200 M M 2 15 190
8 61 33 47 0 18 0 0.00 0.0 0 4.6 18 140 M M 3 24 140
9 70 49 60 13 5 0 0.14 0.0 0 11.7 22 170 M M 9 13 28 170
10 63 51 57 10 8 0 2.53 0.0 0 6.3 18 310 M M 10 123 23 160
11 51 41 46 -1 19 0 0.82 0.0 0 9.0 17 50 M M 10 1 24 70
12 48 41 45 -3 20 0 1.64 0.0 0 7.8 18 290 M M 10 13 24 290
13 46 32 39 -9 26 0 0.00 0.0 0 7.3 15 350 M M 10 20 340
14 48 28 38 -10 27 0 0.00 0.0 0 5.4 12 60 M M 0 16 60
15 57 27 42 -6 23 0 0.00 0.0 0 5.0 13 180 M M 5 16 170
16 61 51 56 8 9 0 0.00 0.0 0 5.4 14 150 M M 10 1 18 160
17 70 56 63 14 2 0 T 0.0 0 8.5 14 160 M M 10 1 19 170
18 69 45 57 8 8 0 0.58 0.0 0 10.6 26 40 M M 9 13 33 40
19 46 41 44 -5 21 0 0.69 0.0 0 9.2 15 60 M M 10 1 22 50
20 46 36 41 -9 24 0 0.41 0.0 0 11.1 20 30 M M 8 1 26 40
21 47 29 38 -12 27 0 0.00 0.0 0 4.9 13 50 M M 0 18 50
22 54 31 43 -7 22 0 0.00 0.0 0 5.6 12 160 M M 2 15 130
23 56 44 50 0 15 0 0.13 0.0 0 8.3 17 150 M M 8 1 23 170
24 67 53 60 9 5 0 0.01 0.0 0 13.8 28 230 M M 8 37 280
25 59 43 51 0 14 0 0.00 0.0 0 7.4 15 330 M M 5 21 320
26 48 32 40 -11 25 0 T 0.0 0 10.8 26 320 M M 6 33 340
27 54 27 41 -10 24 0 0.00 0.0 0 6.6 15 240 M M 0 19 240
28 62 36 49 -3 16 0 0.00 0.0 0 8.0 15 290 M M 0 20 320
29 75 36 56 4 9 0 0.00 0.0 0 7.3 16 200 M M 0 23 200
================================================================================
SM 1675 1124 480 0 7.61 0.0 232.6 M 169
================================================================================
AV 57.8 38.8 8.0 FASTST M M 6 MAX(MPH)
MISC ----> # 28 230 # 37 280
================================================================================
NOTES:
# LAST OF SEVERAL OCCURRENCES
COLUMN 17 PEAK WIND IN M.P.H.
PRELIMINARY LOCAL CLIMATOLOGICAL DATA (WS FORM: F-6) , PAGE 2
STATION: TEXARKANA
MONTH: FEBRUARY
YEAR: 2020
LATITUDE: 33 27 N
LONGITUDE: 94 0 W
[TEMPERATURE DATA] [PRECIPITATION DATA] SYMBOLS USED IN COLUMN 16
AVERAGE MONTHLY: 48.3 TOTAL FOR MONTH: 7.61 1 = FOG OR MIST
DPTR FM NORMAL: -0.0 DPTR FM NORMAL: 3.62 2 = FOG REDUCING VISIBILITY
HIGHEST: 78 ON 2 GRTST 24HR 2.53 ON 10-10 TO 1/4 MILE OR LESS
LOWEST: 26 ON 7 3 = THUNDER
SNOW, ICE PELLETS, HAIL 4 = ICE PELLETS
TOTAL MONTH: 0.0 INCH 5 = HAIL
GRTST 24HR 0.0 6 = FREEZING RAIN OR DRIZZLE
GRTST DEPTH: 0 7 = DUSTSTORM OR SANDSTORM:
VSBY 1/2 MILE OR LESS
8 = SMOKE OR HAZE
[NO. OF DAYS WITH] [WEATHER - DAYS WITH] 9 = BLOWING SNOW
X = TORNADO
MAX 32 OR BELOW: 0 0.01 INCH OR MORE: 13
MAX 90 OR ABOVE: 0 0.10 INCH OR MORE: 9
MIN 32 OR BELOW: 9 0.50 INCH OR MORE: 6
MIN 0 OR BELOW: 0 1.00 INCH OR MORE: 2
[HDD (BASE 65) ]
TOTAL THIS MO. 480 CLEAR (SCALE 0-3) 10
DPTR FM NORMAL 8 PTCLDY (SCALE 4-7) 5
TOTAL FM JUL 1 2025 CLOUDY (SCALE 8-10) 14
DPTR FM NORMAL -182
[CDD (BASE 65) ]
TOTAL THIS MO. 0
DPTR FM NORMAL -3 [PRESSURE DATA]
TOTAL FM JAN 1 0 HIGHEST SLP 30.74 ON 21
DPTR FM NORMAL -4 LOWEST SLP 29.64 ON 24
[REMARKS]
#FINAL-02-20#