000
CXUS54 KSHV 011400
CF6TYR
PRELIMINARY LOCAL CLIMATOLOGICAL DATA (WS FORM: F-6)
STATION: TYLER
MONTH: DECEMBER
YEAR: 2021
LATITUDE: 32 22 N
LONGITUDE: 95 24 W
TEMPERATURE IN F: :PCPN: SNOW: WIND :SUNSHINE: SKY :PK WND
================================================================================
1 2 3 4 5 6A 6B 7 8 9 10 11 12 13 14 15 16 17 18
12Z AVG MX 2MIN
DY MAX MIN AVG DEP HDD CDD WTR SNW DPTH SPD SPD DIR MIN PSBL S-S WX SPD DR
================================================================================
1 76 51 64 12 1 0 0.00 0.0 0 7.4 23 220 M M 0 1 30 210
2 78 49 64 12 1 0 0.00 0.0 0 5.9 12 230 M M 3 12 15 190
3 75 60 68 16 0 3 T 0.0 0 9.5 16 190 M M 7 18 20 200
4 74 64 69 17 0 4 0.00 0.0 0 7.0 15 210 M M 7 18 19 190
5 76 66 71 20 0 6 0.00 0.0 0 11.6 18 180 M M 7 25 180
6 71 43 57 6 8 0 0.01 0.0 0 11.8 28 340 M M 3 35 330
7 61 41 51 0 14 0 0.00 0.0 0 6.5 13 140 M M 2 15 140
8 62 45 54 3 11 0 0.00 0.0 0 7.6 18 180 M M 6 18 22 180
9 78 58 68 18 0 3 0.00 0.0 0 12.0 22 180 M M 7 1 27 180
10 83 65 74 24 0 9 0.31 0.0 0 15.3 25 200 M M 7 3 32 200
11 70 35 53 3 12 0 0.00 0.0 0 9.1 30 340 M M 2 3 39 340
12 59 31 45 -5 20 0 0.00 0.0 0 4.4 16 120 M M 0 19 120
13 62 39 51 1 14 0 T 0.0 0 5.7 17 130 M M 6 22 120
14 76 60 68 19 0 3 0.06 0.0 0 10.7 18 180 M M 9 1 23 180
15 80 70 75 26 0 10 0.00 0.0 0 15.5 26 190 M M 6 34 180
16 79 69 74 25 0 9 0.02 0.0 0 9.9 22 180 M M 7 13 27 170
17 79 68 74 25 0 9 T 0.0 0 12.3 24 190 M M 7 32 180
18 70 42 56 7 9 0 1.76 0.0 0 13.0 28 200 M M 8 13 38 200
19 51 35 43 -5 22 0 0.00 0.0 0 6.8 16 10 M M 0 21 360
20 47 40 44 -4 21 0 0.13 0.0 0 3.9 8 40 M M 10 1 11 110
21 59 33 46 -2 19 0 0.00 0.0 0 3.1 9 200 M M 1 1 12 200
22 68 39 54 6 11 0 0.00 0.0 0 7.9 17 140 M M 1 20 140
23 73 48 61 13 4 0 0.00 0.0 0 13.6 25 190 M M 4 32 190
24 78 61 70 22 0 5 0.00 0.0 0 18.8 28 190 M M 3 42 190
25 80 62 71 23 0 6 0.00 0.0 0 11.4 24 210 M M 3 32 190
26 79 60 70 22 0 5 0.00 0.0 0 13.7 28 190 M M 4 18 40 200
27 77 65 71 23 0 6 0.00 0.0 0 11.4 23 200 M M 8 31 200
28 78 60 69 21 0 4 T 0.0 0 13.6 25 200 M M 5 33 180
29 78 57 68 21 0 3 T 0.0 0 6.9 15 200 M M 7 18 22 190
30 79 51 65 18 0 0 0.00 0.0 0 3.8 12 210 M M 4 128 16 200
31 78 62 70 23 0 5 0.00 0.0 0 10.7 18 180 M M 7 18 25 190
================================================================================
SM 2234 1629 167 90 2.29 0.0 300.8 M 151
================================================================================
AV 72.1 52.5 9.7 FASTST M M 5 MAX(MPH)
MISC ----> 30 340 42 190
================================================================================
NOTES:
# LAST OF SEVERAL OCCURRENCES
COLUMN 17 PEAK WIND IN M.P.H.
PRELIMINARY LOCAL CLIMATOLOGICAL DATA (WS FORM: F-6) , PAGE 2
STATION: TYLER
MONTH: DECEMBER
YEAR: 2021
LATITUDE: 32 22 N
LONGITUDE: 95 24 W
[TEMPERATURE DATA] [PRECIPITATION DATA] SYMBOLS USED IN COLUMN 16
AVERAGE MONTHLY: 62.3 TOTAL FOR MONTH: 2.29 1 = FOG OR MIST
DPTR FM NORMAL: 13.0 DPTR FM NORMAL: -1.74 2 = FOG REDUCING VISIBILITY
HIGHEST: 83 ON 10 GRTST 24HR 1.76 ON 18-18 TO 1/4 MILE OR LESS
LOWEST: 31 ON 12 3 = THUNDER
SNOW, ICE PELLETS, HAIL 4 = ICE PELLETS
TOTAL MONTH: 0.0 INCH 5 = HAIL
GRTST 24HR 0.0 6 = FREEZING RAIN OR DRIZZLE
GRTST DEPTH: 0 7 = DUSTSTORM OR SANDSTORM:
VSBY 1/2 MILE OR LESS
8 = SMOKE OR HAZE
[NO. OF DAYS WITH] [WEATHER - DAYS WITH] 9 = BLOWING SNOW
X = TORNADO
MAX 32 OR BELOW: 0 0.01 INCH OR MORE: 6
MAX 90 OR ABOVE: 0 0.10 INCH OR MORE: 3
MIN 32 OR BELOW: 1 0.50 INCH OR MORE: 1
MIN 0 OR BELOW: 0 1.00 INCH OR MORE: 1
[HDD (BASE 65) ]
TOTAL THIS MO. 167 CLEAR (SCALE 0-3) 8
DPTR FM NORMAL -328 PTCLDY (SCALE 4-7) 20
TOTAL FM JUL 1 424 CLOUDY (SCALE 8-10) 3
DPTR FM NORMAL -405
[CDD (BASE 65) ]
TOTAL THIS MO. 90
DPTR FM NORMAL 82 [PRESSURE DATA]
TOTAL FM JAN 1 2785 HIGHEST SLP 30.39 ON 19
DPTR FM NORMAL 101 LOWEST SLP 29.60 ON 28
[REMARKS]
#FINAL-12-21#