000
CXUS54 KSHV 040424
CF6TYR
PRELIMINARY LOCAL CLIMATOLOGICAL DATA (WS FORM: F-6)
STATION: TYLER
MONTH: OCTOBER
YEAR: 2020
LATITUDE: 32 22 N
LONGITUDE: 95 24 W
TEMPERATURE IN F: :PCPN: SNOW: WIND :SUNSHINE: SKY :PK WND
================================================================================
1 2 3 4 5 6A 6B 7 8 9 10 11 12 13 14 15 16 17 18
12Z AVG MX 2MIN
DY MAX MIN AVG DEP HDD CDD WTR SNW DPTH SPD SPD DIR MIN PSBL S-S WX SPD DR
================================================================================
1 81 55 68 -4 0 3 0.00 0.0 0 5.3 17 60 M M 0 24 70
2 77 52 65 -6 0 0 0.00 0.0 0 5.4 12 20 M M 0 14 120
3 80 54 67 -4 0 2 0.00 0.0 0 6.6 15 150 M M 0 19 160
4 77 56 67 -4 0 2 0.00 0.0 0 4.0 15 10 M M 3 18 10
5 78 55 67 -3 0 2 0.00 0.0 0 5.2 10 100 M M 0 15 120
6 85 55 70 0 0 5 0.00 0.0 0 2.8 9 120 M M 0 11 50
7 86 57 72 2 0 7 0.00 0.0 0 2.2 9 50 M M 0 11 50
8 82 62 72 3 0 7 0.00 0.0 0 4.4 12 130 M M 4 14 90
9 78 68 73 4 0 8 0.00 0.0 0 8.1 17 50 M M 9 22 50
10 86 62 74 5 0 9 0.00 0.0 0 4.0 13 260 M M 2 1 16 320
11 93 63 78 9 0 13 0.00 0.0 0 7.2 16 200 M M 0 20 220
12 83 58 71 3 0 6 0.00 0.0 0 9.0 20 360 M M 2 8 25 250
13 83 50 67 -1 0 2 0.00 0.0 0 3.2 12 120 M M 0 14 120
14 86 53 70 2 0 5 0.00 0.0 0 8.5 17 180 M M 0 21 170
15 80 61 71 4 0 6 T 0.0 0 11.8 22 30 M M 7 1 30 40
16 71 52 62 -5 3 0 0.00 0.0 0 9.3 20 60 M M 4 27 60
17 74 47 61 -6 4 0 0.00 0.0 0 10.2 23 190 M M 7 29 190
18 86 71 79 13 0 14 0.00 0.0 0 11.2 20 180 M M 7 25 190
19 87 71 79 13 0 14 T 0.0 0 7.3 14 200 M M 3 18 19 210
20 87 70 79 13 0 14 0.03 0.0 0 9.3 15 160 M M 2 20 200
21 87 65 76 11 0 11 0.00 0.0 0 6.2 16 150 M M 2 12 20 140
22 88 66 77 12 0 12 0.00 0.0 0 7.6 17 160 M M 1 22 160
23 75 50 63 -2 2 0 0.39 0.0 0 10.1 31 320 M M 7 13 40 320
24 60 49 55 -9 10 0 0.00 0.0 0 6.5 16 340 M M 9 20 350
25 61 54 58 -6 7 0 0.02 0.0 0 7.3 12 110 M M 10 1 15 100
26 62 51 57 -7 8 0 0.11 0.0 0 8.6 15 40 M M 10 1 20 50
27 55 45 50 -13 15 0 0.01 0.0 0 7.3 13 350 M M 10 1 17 360
28 54 41 48 -15 17 0 0.61 0.0 0 7.6 16 290 M M 9 1 21 260
29 53 40 47 -15 18 0 0.00 0.0 0 8.0 18 290 M M 5 28 310
30 67 39 53 -9 12 0 0.00 0.0 0 4.8 13 60 M M 0 1 18 70
31 69 43 56 -6 9 0 0.00 0.0 0 4.6 12 180 M M 0 15 230
================================================================================
SM 2371 1715 105 142 1.17 0.0 213.6 M 113
================================================================================
AV 76.5 55.3 6.9 FASTST M M 4 MAX(MPH)
MISC ----> # 31 320 # 40 320
================================================================================
NOTES:
# LAST OF SEVERAL OCCURRENCES
COLUMN 17 PEAK WIND IN M.P.H.
PRELIMINARY LOCAL CLIMATOLOGICAL DATA (WS FORM: F-6) , PAGE 2
STATION: TYLER
MONTH: OCTOBER
YEAR: 2020
LATITUDE: 32 22 N
LONGITUDE: 95 24 W
[TEMPERATURE DATA] [PRECIPITATION DATA] SYMBOLS USED IN COLUMN 16
AVERAGE MONTHLY: 65.9 TOTAL FOR MONTH: 1.17 1 = FOG OR MIST
DPTR FM NORMAL: -1.0 DPTR FM NORMAL: -3.68 2 = FOG REDUCING VISIBILITY
HIGHEST: 93 ON 11 GRTST 24HR 0.61 ON 28-28 TO 1/4 MILE OR LESS
LOWEST: 39 ON 30 3 = THUNDER
SNOW, ICE PELLETS, HAIL 4 = ICE PELLETS
TOTAL MONTH: 0.0 INCH 5 = HAIL
GRTST 24HR 0.0 6 = FREEZING RAIN OR DRIZZLE
GRTST DEPTH: 0 7 = DUSTSTORM OR SANDSTORM:
VSBY 1/2 MILE OR LESS
8 = SMOKE OR HAZE
[NO. OF DAYS WITH] [WEATHER - DAYS WITH] 9 = BLOWING SNOW
X = TORNADO
MAX 32 OR BELOW: 0 0.01 INCH OR MORE: 6
MAX 90 OR ABOVE: 1 0.10 INCH OR MORE: 3
MIN 32 OR BELOW: 0 0.50 INCH OR MORE: 1
MIN 0 OR BELOW: 0 1.00 INCH OR MORE: 0
[HDD (BASE 65) ]
TOTAL THIS MO. 105 CLEAR (SCALE 0-3) 18
DPTR FM NORMAL 33 PTCLDY (SCALE 4-7) 7
TOTAL FM JUL 1 105 CLOUDY (SCALE 8-10) 6
DPTR FM NORMAL 28
[CDD (BASE 65) ]
TOTAL THIS MO. 142
DPTR FM NORMAL 13 [PRESSURE DATA]
TOTAL FM JAN 1 2682 HIGHEST SLP 30.35 ON 16
DPTR FM NORMAL 289 LOWEST SLP 29.74 ON 11
[REMARKS]
#FINAL-10-20#