000
CXUS56 KPQR 011200
CF6UAO
PRELIMINARY LOCAL CLIMATOLOGICAL DATA (WS FORM: F-6)
STATION: AURORA STATE OR
MONTH: MAY
YEAR: 2020
LATITUDE: 45 15 N
LONGITUDE: 122 46 W
TEMPERATURE IN F: :PCPN: SNOW: WIND :SUNSHINE: SKY :PK WND
================================================================================
1 2 3 4 5 6A 6B 7 8 9 10 11 12 13 14 15 16 17 18
12Z AVG MX 2MIN
DY MAX MIN AVG DEP HDD CDD WTR SNW DPTH SPD SPD DIR MIN PSBL S-S WX SPD DR
================================================================================
1 62 41 52 -3 13 0 0.07 M M 3.0 13 220 M M 5 17 200
2 57 43 50 -5 15 0 0.49 M M 5.7 21 180 M M 9 1 25 180
3 60 43 52 -3 13 0 0.06 M M 4.4 12 40 M M 5 1 17 200
4 70 39 55 0 10 0 0.01 M M 2.8 13 250 M M 5 18 290
5 73 49 61 6 4 0 0.01 M M 5.1 14 260 M M 6 1 21 260
6 64 46 55 -1 10 0 0.13 M M 7.0 17 220 M M 6 1 23 260
7 75 41 58 2 7 0 0.00 M M 13.0 22 20 M M 0 27 20
8 85 57 71 15 0 6 0.00 M M 11.9 20 40 M M 0 26 20
9 87 62 75 19 0 10 0.00 M M 8.4 15 10 M M 0 21 10
10 88 54 71 15 0 6 0.00 M M 3.2 10 200 M M 0 15 200
11 70 50 60 3 5 0 0.13 M M 3.8 12 220 M M 3 17 210
12 63 49 56 -1 9 0 0.25 M M 7.2 18 180 M M 9 1 26 180
13 63 49 56 -1 9 0 0.04 M M 8.3 17 180 M M 9 25 180
14 57 50 54 -3 11 0 0.68 M M 4.1 10 180 M M 10 18 14 180
15 69 51 60 2 5 0 0.01 M M 3.8 13 180 M M 5 1 17 180
16 69 54 62 4 3 0 0.16 M M 3.8 12 190 M M 9 1 15 180
17 69 50 60 2 5 0 T M M 2.9 12 260 M M 5 12 17 250
18 60 52 56 -2 9 0 0.39 M M 5.3 10 260 M M 9 18 15 180
19 63 49 56 -2 9 0 T M M 4.2 9 230 M M 10 13 230
20 61 51 56 -2 9 0 0.02 M M 6.6 15 250 M M 9 18 21 250
21 60 48 54 -4 11 0 0.02 M M 6.6 15 240 M M 8 21 240
22 62 45 54 -5 11 0 0.03 M M 4.7 13 180 M M 8 17 180
23 64 47 56 -3 9 0 0.00 M M 2.5 10 40 M M 6 13 70
24 74 48 61 2 4 0 0.00 M M 1.4 7 250 M M 3 10 250
25 69 53 61 2 4 0 0.02 M M 2.3 8 140 M M 8 1 9 190
26 75 56 66 7 0 1 0.00 M M 4.8 13 20 M M 5 1 15 30
27 85 49 67 8 0 2 0.00 M M 5.9 14 20 M M 0 19 80
28 92 55 74 14 0 9 0.00 M M 2.9 12 10 M M 0 14 10
29 86 55 71 11 0 6 0.00 M M 3.6 10 350 M M 0 14 340
30 62 53 58 -2 7 0 0.30 M M 5.0 12 220 M M 6 13 20 210
31 66 51 59 -1 6 0 0.00 M M 5.2 12 30 M M 7 15 30
================================================================================
SM 2160 1540 198 40 2.82 M 159.4 M 165
================================================================================
AV 69.7 49.7 5.1 FASTST M M 5 MAX(MPH)
MISC ----> # 22 20 # 27 20
================================================================================
NOTES:
# LAST OF SEVERAL OCCURRENCES
COLUMN 17 PEAK WIND IN M.P.H.
PRELIMINARY LOCAL CLIMATOLOGICAL DATA (WS FORM: F-6) , PAGE 2
STATION: AURORA STATE OR
MONTH: MAY
YEAR: 2020
LATITUDE: 45 15 N
LONGITUDE: 122 46 W
[TEMPERATURE DATA] [PRECIPITATION DATA] SYMBOLS USED IN COLUMN 16
AVERAGE MONTHLY: 59.7 TOTAL FOR MONTH: 2.82 1 = FOG OR MIST
DPTR FM NORMAL: 2.2 DPTR FM NORMAL: 0.46 2 = FOG REDUCING VISIBILITY
HIGHEST: 92 ON 28 GRTST 24HR 0.68 ON 14-14 TO 1/4 MILE OR LESS
LOWEST: 39 ON 4 3 = THUNDER
SNOW, ICE PELLETS, HAIL 4 = ICE PELLETS
TOTAL MONTH: M 5 = HAIL
GRTST 24HR M ON M 6 = FREEZING RAIN OR DRIZZLE
GRTST DEPTH: M ON M 7 = DUSTSTORM OR SANDSTORM:
VSBY 1/2 MILE OR LESS
8 = SMOKE OR HAZE
[NO. OF DAYS WITH] [WEATHER - DAYS WITH] 9 = BLOWING SNOW
X = TORNADO
MAX 32 OR BELOW: 0 0.01 INCH OR MORE: 18
MAX 90 OR ABOVE: 1 0.10 INCH OR MORE: 8
MIN 32 OR BELOW: 0 0.50 INCH OR MORE: 1
MIN 0 OR BELOW: 0 1.00 INCH OR MORE: 0
[HDD (BASE 65) ]
TOTAL THIS MO. 198 CLEAR (SCALE 0-3) 9
DPTR FM NORMAL -48 PTCLDY (SCALE 4-7) 12
TOTAL FM JUL 1 4082 CLOUDY (SCALE 8-10) 10
DPTR FM NORMAL -252
[CDD (BASE 65) ]
TOTAL THIS MO. 40
DPTR FM NORMAL 26 [PRESSURE DATA]
TOTAL FM JAN 1 40 HIGHEST SLP 30.49 ON 6
DPTR FM NORMAL 25 LOWEST SLP 29.68 ON 12
[REMARKS]
#FINAL-05-20#