000
CXUS56 KEKA 011230
CF6UKI
PRELIMINARY LOCAL CLIMATOLOGICAL DATA (WS FORM: F-6)
STATION: UKIAH CA
MONTH: JUNE
YEAR: 2023
LATITUDE: 39 7 N
LONGITUDE: 123 12 W
TEMPERATURE IN F: :PCPN: SNOW: WIND :SUNSHINE: SKY :PK WND
================================================================================
1 2 3 4 5 6A 6B 7 8 9 10 11 12 13 14 15 16 17 18
12Z AVG MX 2MIN
DY MAX MIN AVG DEP HDD CDD WTR SNW DPTH SPD SPD DIR MIN PSBL S-S WX SPD DR
================================================================================
1 82 49 66 0 0 1 0.00 M M 4.9 16 340 M M 0 23 350
2 86 45 66 0 0 1 0.00 M M 3.3 13 20 M M 0 19 30
3 93 52 73 7 0 8 0.00 M M 2.7 17 310 M M 0 8 24 330
4 97 54 76 10 0 11 0.00 M M 2.7 14 260 M M 0 8 20 270
5 91 55 73 7 0 8 0.00 M M 4.6 17 180 M M 0 32 200
6 70 54 62 -5 3 0 0.00 M M 9.8 18 140 M M 4 3 29 170
7 73 56 65 -2 0 0 0.00 M M 8.1 17 150 M M 4 25 150
8 80 58 69 2 0 4 0.00 M M 5.9 15 30 M M 4 22 30
9 77 55 66 -1 0 1 0.00 M M 3.5 13 340 M M 5 1 19 350
10 88 49 69 1 0 4 0.00 M M 3.1 15 340 M M 1 1 21 320
11 87 57 72 4 0 7 T M M 6.5 14 150 M M 3 8 22 190
12 80 53 67 -1 0 2 0.00 M M 7.4 15 160 M M 2 22 160
13 86 54 70 2 0 5 0.00 M M 5.3 12 250 M M 1 17 120
14 90 53 72 4 0 7 0.00 M M 3.4 14 350 M M 0 19 340
15 92 56 74 5 0 9 0.00 0.0 M 3.3 12 230 M M 0 18 190
16 97 56 77 8 0 12 0.00 M M 4.2 13 260 M M 0 19 250
17 93 54 74 5 0 9 0.00 M M 6.1 18 330 M M 0 28 310
18 79 53 66 -3 0 1 0.00 M M 7.1 18 310 M M 0 26 310
19 69 50 60 -10 5 0 0.00 M M 9.1 21 300 M M 0 33 310
20 74 45 60 -10 5 0 0.00 M M 5.1 16 340 M M 0 24 330
21 83 45 64 -6 1 0 0.00 M M 2.8 16 280 M M 0 8 24 270
22 78 48 63 -7 2 0 0.00 M M 5.5 15 160 M M 1 8 22 160
23 80 53 67 -4 0 2 0.00 M M 4.6 15 110 M M 3 19 140
24 85 51 68 -3 0 3 0.00 M M 3.9 9 20 M M 2 M M
25 84 52 68 -3 0 3 0.00 M M 4.3 14 150 M M 1 21 350
26 88 52 70 -2 0 5 0.00 M M 3.0 16 350 M M 0 23 360
27 89 53 71 -1 0 6 0.00 M M 3.2 15 360 M M 0 24 40
28 95 54 75 3 0 10 0.00 M M 2.7 13 360 M M 0 23 330
29 101 56 79 7 0 14 0.00 M M 3.0 16 300 M M 0 24 290
30 105 61 83 11 0 18 0.00 M M 2.6 15 310 M M 0 22 330
================================================================================
SM 2572 1583 16 151 T 0.0 141.7 M 31
================================================================================
AV 85.7 52.8 4.7 FASTST M M 1 MAX(MPH)
MISC ----> 21 300 33 310
================================================================================
NOTES:
# LAST OF SEVERAL OCCURRENCES
COLUMN 17 PEAK WIND IN M.P.H.
PRELIMINARY LOCAL CLIMATOLOGICAL DATA (WS FORM: F-6) , PAGE 2
STATION: UKIAH CA
MONTH: JUNE
YEAR: 2023
LATITUDE: 39 7 N
LONGITUDE: 123 12 W
[TEMPERATURE DATA] [PRECIPITATION DATA] SYMBOLS USED IN COLUMN 16
AVERAGE MONTHLY: 69.3 TOTAL FOR MONTH: T 1 = FOG OR MIST
DPTR FM NORMAL: 0.3 DPTR FM NORMAL: -0.34 2 = FOG REDUCING VISIBILITY
HIGHEST: 105 ON 30 GRTST 24HR T ON 11-11 TO 1/4 MILE OR LESS
LOWEST: 45 ON 21,20 3 = THUNDER
SNOW, ICE PELLETS, HAIL 4 = ICE PELLETS
TOTAL MONTH: 0.0 INCH 5 = HAIL
GRTST 24HR 0.0 6 = FREEZING RAIN OR DRIZZLE
GRTST DEPTH: M ON M 7 = DUSTSTORM OR SANDSTORM:
VSBY 1/2 MILE OR LESS
8 = SMOKE OR HAZE
[NO. OF DAYS WITH] [WEATHER - DAYS WITH] 9 = BLOWING SNOW
X = TORNADO
MAX 32 OR BELOW: 0 0.01 INCH OR MORE: 0
MAX 90 OR ABOVE: 10 0.10 INCH OR MORE: 0
MIN 32 OR BELOW: 0 0.50 INCH OR MORE: 0
MIN 0 OR BELOW: 0 1.00 INCH OR MORE: 0
[HDD (BASE 65) ]
TOTAL THIS MO. 16 CLEAR (SCALE 0-3) 25
DPTR FM NORMAL -13 PTCLDY (SCALE 4-7) 5
TOTAL FM JUL 1 3157 CLOUDY (SCALE 8-10) 0
DPTR FM NORMAL 277
[CDD (BASE 65) ]
TOTAL THIS MO. 151
DPTR FM NORMAL 3 [PRESSURE DATA]
TOTAL FM JAN 1 247 HIGHEST SLP 30.15 ON 20
DPTR FM NORMAL 41 LOWEST SLP 29.68 ON 5
[REMARKS]
#FINAL-06-23#