000
CXUS53 KSGF 010710
CF6UNO
PRELIMINARY LOCAL CLIMATOLOGICAL DATA (WS FORM: F-6)
STATION: WEST PLAINS MO
MONTH: OCTOBER
YEAR: 2023
LATITUDE: 36 52 N
LONGITUDE: 91 55 W
TEMPERATURE IN F: :PCPN: SNOW: WIND :SUNSHINE: SKY :PK WND
================================================================================
1 2 3 4 5 6A 6B 7 8 9 10 11 12 13 14 15 16 17 18
12Z AVG MX 2MIN
DY MAX MIN AVG DEP HDD CDD WTR SNW DPTH SPD SPD DIR MIN PSBL S-S WX SPD DR
================================================================================
1 87 60 74 11 0 9 0.00 M M 3.8 10 110 M M 0 16 120
2 87 56 72 9 0 7 0.00 M M 1.9 9 110 M M 1 13 100
3 82 60 71 8 0 6 0.00 M M 4.6 15 160 M M 5 22 150
4 68 60 64 2 1 0 1.40 M M 4.9 12 150 M M 7 138 20 270
5 76 58 67 5 0 2 0.23 M M 4.5 23 170 M M 6 1 35 180
6 72 46 59 -3 6 0 0.00 M M 8.1 17 320 M M 2 25 320
7 64 41 53 -8 12 0 0.00 M M 5.8 15 320 M M 0 24 310
8 70 38 54 -7 11 0 0.00 M M 5.6 16 230 M M 0 25 220
9 75 48 62 2 3 0 0.00 M M 4.9 12 320 M M 0 14 320
10 72 40 56 -4 9 0 0.00 M M 2.0 10 250 M M 0 15 230
11 79 49 64 4 1 0 0.00 M M 6.7 18 180 M M 0 27 180
12 70 53 62 3 3 0 0.00 M M 8.9 20 160 M M 3 30 130
13 70 51 61 2 4 0 0.06 M M 9.9 20 260 M M 7 1 27 250
14 59 50 55 -4 10 0 T M M 9.4 18 310 M M 10 29 320
15 60 45 53 -5 12 0 0.04 M M 9.1 21 10 M M 8 1 32 10
16 64 39 52 -6 13 0 0.00 M M 6.8 16 340 M M 1 25 330
17 68 38 53 -5 12 0 0.00 M M 2.6 9 220 M M 0 16 220
18 72 47 60 3 5 0 0.00 M M 7.7 15 170 M M 1 22 160
19 73 52 63 6 2 0 0.00 M M 7.1 17 270 M M 1 26 280
20 76 48 62 6 3 0 0.00 M M 4.8 17 320 M M 0 24 330
21 85 48 67 11 0 2 0.00 M M 6.3 15 310 M M 0 23 340
22 71 44 58 2 7 0 0.00 M M 5.4 13 100 M M 0 18 120
23 78 48 63 8 2 0 0.00 M M 5.3 10 170 M M 0 8 16 160
24 77 64 71 16 0 6 0.00 M M 8.8 17 180 M M 2 8 26 160
25 79 65 72 18 0 7 0.02 M M 9.2 18 190 M M 5 1 27 200
26 74 63 69 15 0 4 0.08 M M 9.5 22 180 M M 7 1 36 160
27 82 52 67 13 0 2 0.30 M M 6.4 14 280 M M 7 1 22 270
28 52 43 48 -5 17 0 0.48 M M 7.1 13 20 M M 10 1 17 40
29 47 37 42 -11 23 0 1.17 M M 8.4 17 350 M M 10 1 27 360
30 46 28 37 -16 28 0 0.00 M M 8.7 18 340 M M 2 29 330
31 46 23 35 -17 30 0 0.00 M M 6.4 20 330 M M 0 31 310
================================================================================
SM 2181 1494 214 45 3.78 M 200.6 M 95
================================================================================
AV 70.4 48.2 6.5 FASTST M M 3 MAX(MPH)
MISC ----> 23 170 36 160
================================================================================
NOTES:
# LAST OF SEVERAL OCCURRENCES
COLUMN 17 PEAK WIND IN M.P.H.
PRELIMINARY LOCAL CLIMATOLOGICAL DATA (WS FORM: F-6) , PAGE 2
STATION: WEST PLAINS MO
MONTH: OCTOBER
YEAR: 2023
LATITUDE: 36 52 N
LONGITUDE: 91 55 W
[TEMPERATURE DATA] [PRECIPITATION DATA] SYMBOLS USED IN COLUMN 16
AVERAGE MONTHLY: 59.3 TOTAL FOR MONTH: 3.78 1 = FOG OR MIST
DPTR FM NORMAL: 1.4 DPTR FM NORMAL: -0.30 2 = FOG REDUCING VISIBILITY
HIGHEST: 87 ON 2, 1 GRTST 24HR 1.51 ON 4- 5 TO 1/4 MILE OR LESS
LOWEST: 23 ON 31 3 = THUNDER
SNOW, ICE PELLETS, HAIL 4 = ICE PELLETS
TOTAL MONTH: M 5 = HAIL
GRTST 24HR M ON M 6 = FREEZING RAIN OR DRIZZLE
GRTST DEPTH: M ON M 7 = DUSTSTORM OR SANDSTORM:
VSBY 1/2 MILE OR LESS
8 = SMOKE OR HAZE
[NO. OF DAYS WITH] [WEATHER - DAYS WITH] 9 = BLOWING SNOW
X = TORNADO
MAX 32 OR BELOW: 0 0.01 INCH OR MORE: 9
MAX 90 OR ABOVE: 0 0.10 INCH OR MORE: 5
MIN 32 OR BELOW: 2 0.50 INCH OR MORE: 2
MIN 0 OR BELOW: 0 1.00 INCH OR MORE: 2
[HDD (BASE 65) ]
TOTAL THIS MO. 214 CLEAR (SCALE 0-3) 20
DPTR FM NORMAL -39 PTCLDY (SCALE 4-7) 7
TOTAL FM JUL 1 214 CLOUDY (SCALE 8-10) 4
DPTR FM NORMAL -81
[CDD (BASE 65) ]
TOTAL THIS MO. 45
DPTR FM NORMAL 13 [PRESSURE DATA]
TOTAL FM JAN 1 1472 HIGHEST SLP M ON M
DPTR FM NORMAL 105 LOWEST SLP 29.69 ON 11
[REMARKS]
#FINAL-10-23#