000
CXUS54 KHGX 011515
CF6UTS
PRELIMINARY LOCAL CLIMATOLOGICAL DATA (WS FORM: F-6)
STATION: HUNTSVILLE_(ASOS)
MONTH: MAY
YEAR: 2020
LATITUDE: 30 45 N
LONGITUDE: 95 35 W
TEMPERATURE IN F: :PCPN: SNOW: WIND :SUNSHINE: SKY :PK WND
================================================================================
1 2 3 4 5 6A 6B 7 8 9 10 11 12 13 14 15 16 17 18
12Z AVG MX 2MIN
DY MAX MIN AVG DEP HDD CDD WTR SNW DPTH SPD SPD DIR MIN PSBL S-S WX SPD DR
================================================================================
1 86 59 73 1 0 8 0.00 0.0 0 6.5 15 180 M M 0 21 180
2 89 64 77 5 0 12 0.00 0.0 0 7.8 17 180 M M 1 22 200
3 89 69 79 6 0 14 0.00 0.0 0 8.7 15 190 M M 4 22 200
4 91 72 82 9 0 17 0.00 0.0 0 9.5 16 180 M M 4 22 170
5 83 69 76 3 0 11 T 0.0 0 5.5 18 200 M M 9 24 200
6 85 56 71 -3 0 6 0.00 0.0 0 3.0 9 60 M M 1 17 50
7 87 56 72 -2 0 7 0.00 0.0 0 6.7 21 180 M M 3 31 180
8 86 60 73 -1 0 8 0.01 0.0 0 9.9 23 190 M M 8 32 190
9 72 53 63 -11 2 0 0.00 0.0 0 4.0 9 60 M M 1 19 90
10 80 50 65 -10 0 0 0.00 0.0 0 2.1 10 60 M M 0 16 50
11 84 54 69 -6 0 4 0.00 0.0 0 4.1 12 180 M M 0 19 170
12 82 64 73 -2 0 8 0.12 0.0 0 3.3 16 280 M M 4 13 24 290
13 87 69 78 3 0 13 T 0.0 0 4.1 14 180 M M 6 18 18 180
14 91 72 82 6 0 17 T 0.0 0 4.3 12 120 M M 5 3 22 130
15 90 71 81 5 0 16 0.01 0.0 0 3.9 12 120 M M 6 13 20 120
16 74 68 71 -5 0 6 0.30 0.0 0 7.2 16 190 M M 9 13 25 200
17 85 67 76 0 0 11 0.02 0.0 0 6.9 17 300 M M 4 1 26 330
18 91 63 77 0 0 12 0.00 0.0 0 1.5 10 290 M M 0 8 12 260
19 93 69 81 4 0 16 0.00 0.0 0 6.2 14 190 M M 0 18 230
20 93 71 82 5 0 17 0.00 0.0 0 5.3 13 190 M M 3 18 19 220
21 92 74 83 5 0 18 0.00 0.0 0 6.5 16 180 M M 3 18 23 170
22 94 75 85 7 0 20 0.22 0.0 0 7.3 23 190 M M 4 138 36 200
23 92 78 85 7 0 20 0.00 0.0 0 5.0 14 180 M M 4 13 20 170
24 87 66 77 -1 0 12 0.37 0.0 0 4.7 20 250 M M 5 13 30 240
25 80 65 73 -5 0 8 0.03 0.0 0 4.6 16 240 M M 6 21 230
26 85 64 75 -4 0 10 0.70 0.0 0 2.9 15 190 M M 4 13 20 180
27 87 62 75 -4 0 10 0.27 0.0 0 4.0 20 180 M M 2 13 27 190
28 88 63 76 -3 0 11 0.00 0.0 0 1.2 10 320 M M 4 1 14 310
29 89 66 78 -1 0 13 0.00 0.0 0 3.5 12 50 M M 1 1 19 10
30 89 62 76 -3 0 11 0.00 0.0 0 2.1 8 360 M M 1 13 50
31 88 70 79 -1 0 14 0.00 0.0 0 2.3 8 50 M M 4 15 50
================================================================================
SM 2689 2021 2 350 2.05 0.0 154.6 M 106
================================================================================
AV 86.7 65.2 5.0 FASTST M M 3 MAX(MPH)
MISC ----> # 23 190 # 36 200
================================================================================
NOTES:
# LAST OF SEVERAL OCCURRENCES
COLUMN 17 PEAK WIND IN M.P.H.
PRELIMINARY LOCAL CLIMATOLOGICAL DATA (WS FORM: F-6) , PAGE 2
STATION: HUNTSVILLE_(ASOS)
MONTH: MAY
YEAR: 2020
LATITUDE: 30 45 N
LONGITUDE: 95 35 W
[TEMPERATURE DATA] [PRECIPITATION DATA] SYMBOLS USED IN COLUMN 16
AVERAGE MONTHLY: 76.0 TOTAL FOR MONTH: 2.05 1 = FOG OR MIST
DPTR FM NORMAL: -0.1 DPTR FM NORMAL: -2.49 2 = FOG REDUCING VISIBILITY
HIGHEST: 94 ON 22 GRTST 24HR 0.70 ON 26-26 TO 1/4 MILE OR LESS
LOWEST: 50 ON 10 3 = THUNDER
SNOW, ICE PELLETS, HAIL 4 = ICE PELLETS
TOTAL MONTH: 0.0 INCH 5 = HAIL
GRTST 24HR 0.0 6 = FREEZING RAIN OR DRIZZLE
GRTST DEPTH: 0 7 = DUSTSTORM OR SANDSTORM:
VSBY 1/2 MILE OR LESS
8 = SMOKE OR HAZE
[NO. OF DAYS WITH] [WEATHER - DAYS WITH] 9 = BLOWING SNOW
X = TORNADO
MAX 32 OR BELOW: 0 0.01 INCH OR MORE: 10
MAX 90 OR ABOVE: 9 0.10 INCH OR MORE: 6
MIN 32 OR BELOW: 0 0.50 INCH OR MORE: 1
MIN 0 OR BELOW: 0 1.00 INCH OR MORE: 0
[HDD (BASE 65) ]
TOTAL THIS MO. 2 CLEAR (SCALE 0-3) 14
DPTR FM NORMAL 0 PTCLDY (SCALE 4-7) 15
TOTAL FM JUL 1 1402 CLOUDY (SCALE 8-10) 2
DPTR FM NORMAL -296
[CDD (BASE 65) ]
TOTAL THIS MO. 350
DPTR FM NORMAL 4 [PRESSURE DATA]
TOTAL FM JAN 1 721 HIGHEST SLP 30.25 ON 10
DPTR FM NORMAL 155 LOWEST SLP 29.60 ON 16
[REMARKS]
#FINAL-05-20#