000
CXUS54 KHGX 152048
CF6UTS
PRELIMINARY LOCAL CLIMATOLOGICAL DATA (WS FORM: F-6)
STATION: HUNTSVILLE
MONTH: SEPTEMBER
YEAR: 2023
LATITUDE: 30 45 N
LONGITUDE: 95 35 W
TEMPERATURE IN F: :PCPN: SNOW: WIND :SUNSHINE: SKY :PK WND
================================================================================
1 2 3 4 5 6A 6B 7 8 9 10 11 12 13 14 15 16 17 18
12Z AVG MX 2MIN
DY MAX MIN AVG DEP HDD CDD WTR SNW DPTH SPD SPD DIR MIN PSBL S-S WX SPD DR
================================================================================
1 100 71 86 3 0 21 0.00 0.0 M 1.1 8 70 M M 2 8 15 60
2 101 71 86 4 0 21 0.00 0.0 0 1.2 7 160 M M 2 8 13 140
3 105 80 93 11 0 28 0.00 0.0 0 5.1 13 190 M M 0 8 19 180
4 101 82 92 10 0 27 0.00 0.0 0 7.6 17 190 M M 1 28 160
5 106 84 95 13 0 30 0.00 0.0 0 8.1 16 190 M M 2 26 210
6 104 80 92 10 0 27 0.00 0.0 0 3.2 12 190 M M 1 8 18 180
7 108 82 95 14 0 30 0.00 0.0 0 5.7 13 200 M M 0 21 210
8 111 82 97 16 0 32 0.05 0.0 0 4.9 14 200 M M 1 8 28 70
9 97 72 85 4 0 20 0.32 0.0 0 4.3 20 60 M M 3 13 37 60
10 97 72 85 4 0 20 0.00 0.0 0 2.2 10 60 M M 1 22 60
11 96 68 82 2 0 17 0.00 0.0 M 2.2 8 310 M M 0 13 120
12 82 77 80 0 0 15 0.00 0.0 0 3.8 7 190 M M 0 12 180
13 91 81 86 6 0 21 T 0.0 0 M M M M M 0 M M
14 82 73 78 -2 0 13 0.73 0.0 0 5.4 17 360 M M 3 1238 21 340
15 83 73 78 -2 0 13 0.19 0.0 0 4.8 12 110 M M 6 13 16 100
16 88 71 80 1 0 15 T 0.0 0 2.7 9 350 M M 2 1 12 360
17 93 70 82 3 0 17 0.00 0.0 0 4.2 16 10 M M 1 1 21 360
18 93 64 79 0 0 14 0.00 0.0 0 4.0 12 70 M M 0 8 17 50
19 93 71 82 4 0 17 0.00 0.0 0 7.1 15 160 M M 0 8 21 140
20 94 72 83 5 0 18 0.00 0.0 0 8.1 18 190 M M 1 27 190
21 97 75 86 8 0 21 0.00 0.0 0 8.1 14 160 M M 1 8 20 170
22 97 75 86 8 0 21 0.00 0.0 0 6.9 20 140 M M 1 29 140
23 97 76 87 10 0 22 0.00 0.0 0 8.4 15 160 M M 1 8 23 160
24 97 78 88 11 0 23 T 0.0 0 10.4 20 140 M M 3 3 29 130
25 92 72 82 5 0 17 1.21 0.0 0 5.1 26 360 M M 4 13 34 10
26 93 71 82 6 0 17 0.00 0.0 M 3.3 12 40 M M 1 1 17 40
27 94 73 84 8 0 19 0.00 0.0 M 3.6 13 160 M M 0 18 160
28 95 72 84 8 0 19 0.00 0.0 0 3.9 10 130 M M 0 1 15 130
29 93 71 82 6 0 17 0.00 0.0 0 3.8 12 40 M M 1 18 16 50
30 94 69 82 7 0 17 0.00 0.0 0 5.1 14 60 M M 0 1 23 40
================================================================================
SM 2874 2228 0 609 2.50 0.0 144.3 M 38
================================================================================
AV 95.8 74.3 5.0 FASTST M M 1 MAX(MPH)
MISC ----> 26 360 37 60
================================================================================
NOTES:
# LAST OF SEVERAL OCCURRENCES
COLUMN 17 PEAK WIND IN M.P.H.
PRELIMINARY LOCAL CLIMATOLOGICAL DATA (WS FORM: F-6) , PAGE 2
STATION: HUNTSVILLE
MONTH: SEPTEMBER
YEAR: 2023
LATITUDE: 30 45 N
LONGITUDE: 95 35 W
[TEMPERATURE DATA] [PRECIPITATION DATA] SYMBOLS USED IN COLUMN 16
AVERAGE MONTHLY: 85.0 TOTAL FOR MONTH: 2.50 1 = FOG OR MIST
DPTR FM NORMAL: 5.8 DPTR FM NORMAL: -0.72 2 = FOG REDUCING VISIBILITY
HIGHEST: 111 ON 8 GRTST 24HR 1.21 ON 24-25 TO 1/4 MILE OR LESS
LOWEST: 64 ON 18 3 = THUNDER
SNOW, ICE PELLETS, HAIL 4 = ICE PELLETS
TOTAL MONTH: 0.0 INCH 5 = HAIL
GRTST 24HR 0.0 6 = FREEZING RAIN OR DRIZZLE
GRTST DEPTH: 0 7 = DUSTSTORM OR SANDSTORM:
VSBY 1/2 MILE OR LESS
8 = SMOKE OR HAZE
[NO. OF DAYS WITH] [WEATHER - DAYS WITH] 9 = BLOWING SNOW
X = TORNADO
MAX 32 OR BELOW: 0 0.01 INCH OR MORE: 5
MAX 90 OR ABOVE: 26 0.10 INCH OR MORE: 4
MIN 32 OR BELOW: 0 0.50 INCH OR MORE: 2
MIN 0 OR BELOW: 0 1.00 INCH OR MORE: 1
[HDD (BASE 65) ]
TOTAL THIS MO. 0 CLEAR (SCALE 0-3) 25
DPTR FM NORMAL -1 PTCLDY (SCALE 4-7) 5
TOTAL FM JUL 1 0 CLOUDY (SCALE 8-10) 0
DPTR FM NORMAL 0
[CDD (BASE 65) ]
TOTAL THIS MO. 609
DPTR FM NORMAL 182 [PRESSURE DATA]
TOTAL FM JAN 1 3672 HIGHEST SLP 30.12 ON 10
DPTR FM NORMAL 921 LOWEST SLP 29.78 ON 4
[REMARKS]
#FINAL-09-23#