000
CXUS56 KSTO 020954
CF6VCB
PRELIMINARY LOCAL CLIMATOLOGICAL DATA (WS FORM: F-6)
STATION: VACAVILLE
MONTH: JULY
YEAR: 2023
LATITUDE: 38 22 N
LONGITUDE: 121-58 E
TEMPERATURE IN F: :PCPN: SNOW: WIND :SUNSHINE: SKY :PK WND
================================================================================
1 2 3 4 5 6A 6B 7 8 9 10 11 12 13 14 15 16 17 18
12Z AVG MX 2MIN
DY MAX MIN AVG DEP HDD CDD WTR SNW DPTH SPD SPD DIR MIN PSBL S-S WX SPD DR
================================================================================
1 109 61 85 9 0 20 0.00 M M 3.4 12 260 M M 0 15 250
2 110 59 85 9 0 20 0.00 M M 3.5 16 270 M M 0 20 270
3 99 66 83 7 0 18 0.00 M M 8.8 20 220 M M 0 26 220
4 92 58 75 -2 0 10 0.00 M M 7.2 15 180 M M 0 21 180
5 90 57 74 -3 0 9 0.00 M M 8.1 16 180 M M 0 23 220
6 87 51 69 -8 0 4 0.00 M M 8.2 16 210 M M 0 23 200
7 86 56 71 -6 0 6 0.00 M M 10.0 23 220 M M 0 30 220
8 87 51 69 -8 0 4 0.00 M M 8.4 21 220 M M 0 30 210
9 80 54 67 -10 0 2 0.00 M M 9.7 20 210 M M 0 29 220
10 92 53 73 -4 0 8 0.00 M M 3.5 12 220 M M 0 17 180
11 97 56 77 0 0 12 0.00 M M 4.0 14 220 M M 0 17 220
12 94 60 77 0 0 12 0.00 M M 7.4 14 220 M M 0 18 180
13 97 56 77 0 0 12 0.00 M M 3.4 12 180 M M 0 17 200
14 100 63 82 5 0 17 0.00 M M 4.3 13 230 M M 0 17 240
15 106 62 84 7 0 19 0.00 M M 2.9 10 220 M M 0 15 210
16 109 66 88 11 0 23 0.00 M M 5.2 15 230 M M 0 20 220
17 101 72 87 10 0 22 0.00 M M 7.8 16 210 M M 0 25 210
18 93 63 78 1 0 13 0.00 M M 8.4 16 200 M M 0 24 220
19 94 58 76 -1 0 11 0.00 M M 6.5 13 220 M M 0 18 190
20 102 56 79 2 0 14 0.00 M M 3.5 14 200 M M 0 26 150
21 105 62 84 7 0 19 0.00 M M 3.0 14 220 M M 0 17 220
22 107 60 84 7 0 19 0.00 M M 3.1 13 220 M M 0 17 210
23 101 66 84 7 0 19 0.00 M M 5.8 17 230 M M 0 25 240
24 98 62 80 3 0 15 0.00 M M 7.9 18 220 M M 0 23 220
25 97 55 76 -1 0 11 0.00 M M 4.6 15 230 M M 0 19 220
26 93 63 78 1 0 13 0.00 M M 8.0 18 210 M M 0 26 200
27 91 60 76 -1 0 11 0.00 M M 7.1 16 220 M M 0 22 230
28 96 55 76 -1 0 11 0.00 M M 6.5 20 220 M M 0 25 220
29 99 59 79 2 0 14 0.00 M M 6.5 15 240 M M 0 19 240
30 99 58 79 2 0 14 0.00 M M 6.1 14 220 M M 0 21 210
31 96 57 77 0 0 12 0.00 M M 5.8 14 220 M M 0 18 210
================================================================================
SM 3007 1835 0 414 0.00 M 188.6 M 0
================================================================================
AV 97.0 59.2 6.1 FASTST M M 0 MAX(MPH)
MISC ----> 23 220 # 30 210
================================================================================
NOTES:
# LAST OF SEVERAL OCCURRENCES
COLUMN 17 PEAK WIND IN M.P.H.
PRELIMINARY LOCAL CLIMATOLOGICAL DATA (WS FORM: F-6) , PAGE 2
STATION: VACAVILLE
MONTH: JULY
YEAR: 2023
LATITUDE: 38 22 N
LONGITUDE: 121-58 E
[TEMPERATURE DATA] [PRECIPITATION DATA] SYMBOLS USED IN COLUMN 16
AVERAGE MONTHLY: 78.1 TOTAL FOR MONTH: 0.00 1 = FOG OR MIST
DPTR FM NORMAL: 1.1 DPTR FM NORMAL: -0.01 2 = FOG REDUCING VISIBILITY
HIGHEST: 110 ON 2 GRTST 24HR 0.00 ON 17-17 TO 1/4 MILE OR LESS
LOWEST: 51 ON 6, 8 3 = THUNDER
SNOW, ICE PELLETS, HAIL 4 = ICE PELLETS
TOTAL MONTH: M 5 = HAIL
GRTST 24HR M ON M 6 = FREEZING RAIN OR DRIZZLE
GRTST DEPTH: M ON M 7 = DUSTSTORM OR SANDSTORM:
VSBY 1/2 MILE OR LESS
8 = SMOKE OR HAZE
[NO. OF DAYS WITH] [WEATHER - DAYS WITH] 9 = BLOWING SNOW
X = TORNADO
MAX 32 OR BELOW: 0 0.01 INCH OR MORE: 0
MAX 90 OR ABOVE: 27 0.10 INCH OR MORE: 0
MIN 32 OR BELOW: 0 0.50 INCH OR MORE: 0
MIN 0 OR BELOW: 0 1.00 INCH OR MORE: 0
[HDD (BASE 65) ]
TOTAL THIS MO. 0 CLEAR (SCALE 0-3) 31
DPTR FM NORMAL 0 PTCLDY (SCALE 4-7) 0
TOTAL FM JUL 1 0 CLOUDY (SCALE 8-10) 0
DPTR FM NORMAL 0
[CDD (BASE 65) ]
TOTAL THIS MO. 414
DPTR FM NORMAL 42 [PRESSURE DATA]
TOTAL FM JAN 1 679 HIGHEST SLP 30.03 ON 25
DPTR FM NORMAL -58 LOWEST SLP 29.73 ON 22
[REMARKS]
#FINAL-07-23#