000
CXUS54 KCRP 011210
CF6VCT
PRELIMINARY LOCAL CLIMATOLOGICAL DATA (WS FORM: F-6)
STATION: VICTORIA
MONTH: AUGUST
YEAR: 2021
LATITUDE: 28 51 N
LONGITUDE: 96 55 W
TEMPERATURE IN F: :PCPN: SNOW: WIND :SUNSHINE: SKY :PK WND
================================================================================
1 2 3 4 5 6A 6B 7 8 9 10 11 12 13 14 15 16 17 18
12Z AVG MX 2MIN
DY MAX MIN AVG DEP HDD CDD WTR SNW DPTH SPD SPD DIR MIN PSBL S-S WX SPD DR
================================================================================
1 96 77 87 2 0 22 0.00 0.0 0 7.4 17 160 M M 2 1 24 160
2 97 76 87 2 0 22 0.00 0.0 0 5.0 14 120 M M 3 13 19 260
3 93 75 84 -1 0 19 1.16 0.0 0 4.3 16 320 M M 6 13 19 50
4 92 77 85 0 0 20 0.18 0.0 0 5.1 16 330 M M 7 13 18 330
5 90 74 82 -3 0 17 0.60 0.0 0 4.6 12 80 M M 4 13 16 110
6 91 76 84 -1 0 19 0.24 0.0 0 4.3 20 150 M M 3 13 24 170
7 94 76 85 0 0 20 0.00 0.0 0 8.7 20 160 M M 3 1 27 150
8 94 77 86 1 0 21 0.00 0.0 0 11.0 23 170 M M 2 28 170
9 94 79 87 2 0 22 0.00 0.0 0 12.3 23 160 M M 2 28 170
10 95 77 86 1 0 21 0.00 0.0 0 9.7 22 180 M M 2 1 27 170
11 95 77 86 1 0 21 0.00 0.0 0 8.3 20 140 M M 3 13 25 130
12 93 76 85 0 0 20 T 0.0 0 5.9 17 130 M M 2 13 23 130
13 92 75 84 -1 0 19 0.05 0.0 0 4.6 15 140 M M 3 138 17 140
14 96 75 86 1 0 21 T 0.0 0 5.1 20 140 M M 2 13 25 150
15 97 74 86 1 0 21 0.00 0.0 0 4.4 22 350 M M 2 13 26 360
16 96 73 85 0 0 20 0.00 0.0 0 5.7 15 170 M M 2 1 19 160
17 94 75 85 0 0 20 T 0.0 0 7.7 21 200 M M 2 13 25 200
18 91 79 85 0 0 20 0.10 0.0 0 9.9 21 150 M M 2 138 25 170
19 95 77 86 1 0 21 0.00 0.0 0 9.4 20 160 M M 1 24 180
20 95 76 86 1 0 21 T 0.0 0 8.6 20 120 M M 2 1 26 110
21 94 75 85 0 0 20 0.00 0.0 0 8.7 20 140 M M 5 26 150
22 96 74 85 1 0 20 0.00 0.0 0 6.5 18 120 M M 2 1 22 120
23 96 72 84 0 0 19 0.00 0.0 0 7.4 17 150 M M 2 1 22 190
24 96 74 85 1 0 20 0.00 0.0 0 5.9 18 150 M M 3 1 22 150
25 97 73 85 1 0 20 0.00 0.0 0 5.5 14 110 M M 1 1 19 120
26 97 74 86 2 0 21 0.00 0.0 0 5.0 20 130 M M 1 3 24 140
27 92 74 83 -1 0 18 T 0.0 0 5.1 16 80 M M 4 13 21 80
28 93 75 84 0 0 19 0.12 0.0 0 6.5 18 90 M M 4 1 24 100
29 97 75 86 2 0 21 0.00 0.0 0 5.8 10 40 M M 2 128 20 80
30 98 76 87 4 0 22 0.00 0.0 0 5.6 15 40 M M 1 8 20 320
31 99 77 88 5 0 23 0.00 0.0 0 7.1 17 170 M M 1 18 23 110
================================================================================
SM 2935 2340 0 630 2.45 0.0 211.1 M 81
================================================================================
AV 94.7 75.5 6.8 FASTST M M 3 MAX(MPH)
MISC ----> # 23 170 # 28 170
================================================================================
NOTES:
# LAST OF SEVERAL OCCURRENCES
COLUMN 17 PEAK WIND IN M.P.H.
PRELIMINARY LOCAL CLIMATOLOGICAL DATA (WS FORM: F-6) , PAGE 2
STATION: VICTORIA
MONTH: AUGUST
YEAR: 2021
LATITUDE: 28 51 N
LONGITUDE: 96 55 W
[TEMPERATURE DATA] [PRECIPITATION DATA] SYMBOLS USED IN COLUMN 16
AVERAGE MONTHLY: 85.1 TOTAL FOR MONTH: 2.45 1 = FOG OR MIST
DPTR FM NORMAL: 0.3 DPTR FM NORMAL: -0.66 2 = FOG REDUCING VISIBILITY
HIGHEST: 99 ON 31 GRTST 24HR 1.31 ON 3- 4 TO 1/4 MILE OR LESS
LOWEST: 72 ON 23 3 = THUNDER
SNOW, ICE PELLETS, HAIL 4 = ICE PELLETS
TOTAL MONTH: 0.0 INCH 5 = HAIL
GRTST 24HR 0.0 6 = FREEZING RAIN OR DRIZZLE
GRTST DEPTH: 0 7 = DUSTSTORM OR SANDSTORM:
VSBY 1/2 MILE OR LESS
8 = SMOKE OR HAZE
[NO. OF DAYS WITH] [WEATHER - DAYS WITH] 9 = BLOWING SNOW
X = TORNADO
MAX 32 OR BELOW: 0 0.01 INCH OR MORE: 7
MAX 90 OR ABOVE: 31 0.10 INCH OR MORE: 6
MIN 32 OR BELOW: 0 0.50 INCH OR MORE: 2
MIN 0 OR BELOW: 0 1.00 INCH OR MORE: 1
[HDD (BASE 65) ]
TOTAL THIS MO. 0 CLEAR (SCALE 0-3) 24
DPTR FM NORMAL 0 PTCLDY (SCALE 4-7) 7
TOTAL FM JUL 1 0 CLOUDY (SCALE 8-10) 0
DPTR FM NORMAL 0
[CDD (BASE 65) ]
TOTAL THIS MO. 630
DPTR FM NORMAL 16 [PRESSURE DATA]
TOTAL FM JAN 1 2458 HIGHEST SLP 30.13 ON 13
DPTR FM NORMAL -4 LOWEST SLP 29.72 ON 31
[REMARKS]
#FINAL-08-21#