000
CXUS55 KGJT 010910
CF6VEL
PRELIMINARY LOCAL CLIMATOLOGICAL DATA (WS FORM: F-6)
STATION: VERNAL UT
MONTH: MAY
YEAR: 2023
LATITUDE: 40 27 N
LONGITUDE: 109 31 W
TEMPERATURE IN F: :PCPN: SNOW: WIND :SUNSHINE: SKY :PK WND
================================================================================
1 2 3 4 5 6A 6B 7 8 9 10 11 12 13 14 15 16 17 18
12Z AVG MX 2MIN
DY MAX MIN AVG DEP HDD CDD WTR SNW DPTH SPD SPD DIR MIN PSBL S-S WX SPD DR
================================================================================
1 81 41 61 9 4 0 0.00 M M 5.6 16 180 M M 0 23 210
2 73 40 57 5 8 0 0.00 M M 6.9 17 180 M M 2 28 120
3 76 35 56 3 9 0 T M M 5.5 21 180 M M 0 33 160
4 71 42 57 4 8 0 0.01 M M 6.7 21 10 M M 4 3 30 160
5 64 36 50 -4 15 0 T M M 8.3 25 260 M M 3 39 240
6 62 33 48 -6 17 0 T M M 5.9 20 300 M M 4 26 140
7 61 40 51 -3 14 0 T M M 6.4 21 280 M M 7 30 240
8 71 35 53 -2 12 0 0.00 M M 5.3 20 260 M M 3 28 270
9 74 36 55 0 10 0 0.00 M M 5.0 16 210 M M 0 23 180
10 73 46 60 5 5 0 0.00 M M 5.9 18 200 M M 0 25 200
11 71 40 56 0 9 0 0.00 M M 6.4 16 360 M M 2 8 23 360
12 66 38 52 -4 13 0 T M M 6.7 17 60 M M 6 25 60
13 70 47 59 3 6 0 T M M 12.6 24 40 M M 3 34 40
14 71 53 62 5 3 0 T M M 6.6 17 290 M M 5 25 290
15 78 45 62 5 3 0 0.00 M M 5.4 24 330 M M 2 31 330
16 76 44 60 2 5 0 T M M 4.9 22 230 M M 2 3 32 230
17 78 42 60 2 5 0 0.00 M M 5.0 26 300 M M 1 39 310
18 75 44 60 2 5 0 T M M 8.2 21 10 M M 2 29 10
19 75 43 59 0 6 0 0.00 M M 7.8 16 20 M M 0 8 24 30
20 80 41 61 2 4 0 0.00 M M 3.9 10 320 M M 0 14 350
21 82 46 64 5 1 0 0.00 M M 4.3 20 350 M M 1 29 350
22 80 45 63 3 2 0 T M M 5.6 28 240 M M 2 40 240
23 77 45 61 1 4 0 0.00 M M 6.6 24 240 M M 2 36 240
24 77 49 63 3 2 0 T M M 7.0 22 270 M M 2 8 31 270
25 79 49 64 3 1 0 0.00 M M 5.8 20 290 M M 1 26 290
26 79 49 64 3 1 0 0.00 M M 7.5 23 260 M M 0 3 31 30
27 74 47 61 0 4 0 0.08 M M 7.2 26 360 M M 2 3 40 10
28 75 43 59 -3 6 0 T M M 6.9 29 260 M M 2 43 250
29 80 46 63 1 2 0 0.00 M M 4.8 17 220 M M 0 26 220
30 81 48 65 3 0 0 0.00 M M 5.5 18 260 M M 0 28 190
31 81 47 64 2 1 0 T M M 7.4 21 190 M M 1 34 130
================================================================================
SM 2311 1335 185 0 0.09 M 197.6 M 59
================================================================================
AV 74.5 43.1 6.4 FASTST M M 2 MAX(MPH)
MISC ----> 29 260 43 250
================================================================================
NOTES:
# LAST OF SEVERAL OCCURRENCES
COLUMN 17 PEAK WIND IN M.P.H.
PRELIMINARY LOCAL CLIMATOLOGICAL DATA (WS FORM: F-6) , PAGE 2
STATION: VERNAL UT
MONTH: MAY
YEAR: 2023
LATITUDE: 40 27 N
LONGITUDE: 109 31 W
[TEMPERATURE DATA] [PRECIPITATION DATA] SYMBOLS USED IN COLUMN 16
AVERAGE MONTHLY: 58.8 TOTAL FOR MONTH: 0.09 1 = FOG OR MIST
DPTR FM NORMAL: 1.3 DPTR FM NORMAL: -0.87 2 = FOG REDUCING VISIBILITY
HIGHEST: 82 ON 21 GRTST 24HR 0.08 ON 27-27 TO 1/4 MILE OR LESS
LOWEST: 33 ON 6 3 = THUNDER
SNOW, ICE PELLETS, HAIL 4 = ICE PELLETS
TOTAL MONTH: M 5 = HAIL
GRTST 24HR M ON M 6 = FREEZING RAIN OR DRIZZLE
GRTST DEPTH: M ON M 7 = DUSTSTORM OR SANDSTORM:
VSBY 1/2 MILE OR LESS
8 = SMOKE OR HAZE
[NO. OF DAYS WITH] [WEATHER - DAYS WITH] 9 = BLOWING SNOW
X = TORNADO
MAX 32 OR BELOW: 0 0.01 INCH OR MORE: 2
MAX 90 OR ABOVE: 0 0.10 INCH OR MORE: 0
MIN 32 OR BELOW: 0 0.50 INCH OR MORE: 0
MIN 0 OR BELOW: 0 1.00 INCH OR MORE: 0
[HDD (BASE 65) ]
TOTAL THIS MO. 185 CLEAR (SCALE 0-3) 25
DPTR FM NORMAL -63 PTCLDY (SCALE 4-7) 6
TOTAL FM JUL 1 8464 CLOUDY (SCALE 8-10) 0
DPTR FM NORMAL 1611
[CDD (BASE 65) ]
TOTAL THIS MO. 0
DPTR FM NORMAL -15 [PRESSURE DATA]
TOTAL FM JAN 1 0 HIGHEST SLP M ON M
DPTR FM NORMAL -15 LOWEST SLP 29.55 ON 4
[REMARKS]
#FINAL-05-23#