000
CXUS52 KTAE 010900
CF6VLD
PRELIMINARY LOCAL CLIMATOLOGICAL DATA (WS FORM: F-6)
STATION: VALDOSTA
MONTH: DECEMBER
YEAR: 2022
LATITUDE: 30 46 N
LONGITUDE: 83 17 W
TEMPERATURE IN F: :PCPN: SNOW: WIND :SUNSHINE: SKY :PK WND
================================================================================
1 2 3 4 5 6A 6B 7 8 9 10 11 12 13 14 15 16 17 18
12Z AVG MX 2MIN
DY MAX MIN AVG DEP HDD CDD WTR SNW DPTH SPD SPD DIR MIN PSBL S-S WX SPD DR
================================================================================
1 65 37 51 -5 14 0 0.00 0.0 0 7.0 14 50 M M 0 19 20
2 75 46 61 6 4 0 0.00 0.0 0 4.6 10 120 M M 1 19 130
3 81 50 66 11 0 1 0.00 0.0 0 1.7 13 180 M M 5 12 16 180
4 79 60 70 15 0 5 T 0.0 0 1.5 9 10 M M 6 1 11 10
5 74 56 65 10 0 0 0.00 0.0 0 2.7 8 140 M M 6 12 14 210
6 80 58 69 14 0 4 0.00 0.0 0 1.3 8 180 M M 4 12 11 180
7 83 55 69 15 0 4 0.00 0.0 0 0.5 6 360 M M 3 12 9 260
8 84 56 70 16 0 5 0.00 0.0 0 0.8 6 310 M M 3 128 11 280
9 80 52 66 12 0 1 0.00 M M 0.4 8 360 M M 3 12 11 10
10 64 56 60 6 5 0 0.00 0.0 0 1.3 9 20 M M 6 12 M M
11 67 58 63 9 2 0 0.00 0.0 M 1.8 8 360 M M 3 1 10 100
12 68 56 62 8 3 0 T 0.0 M 3.4 9 70 M M 9 1 13 50
13 65 54 60 6 5 0 0.00 0.0 0 7.3 14 100 M M 8 19 100
14 78 54 66 13 0 1 T 0.0 M 6.2 14 160 M M 8 1 17 160
15 71 46 59 6 6 0 0.44 0.0 M 5.9 20 180 M M 4 1 26 190
16 65 38 52 -1 13 0 0.00 0.0 M 1.1 10 360 M M 0 14 360
17 64 36 50 -3 15 0 T 0.0 M 0.6 9 150 M M 3 11 150
18 58 32 45 -8 20 0 0.00 0.0 M 3.0 16 360 M M 1 20 10
19 64 29 47 -6 18 0 0.00 0.0 M 4.9 10 10 M M 2 16 80
20 52 48 50 -2 15 0 0.30 0.0 M 7.4 14 10 M M 9 1 20 30
21 53 46 50 -2 15 0 0.01 0.0 M 9.2 16 30 M M 10 1 20 50
22 55 47 51 -1 14 0 0.04 0.0 0 2.0 9 10 M M 10 1 11 360
23 57 27 42 -10 23 0 0.00 0.0 0 4.3 12 310 M M 3 1 23 320
24 37 20 29 -23 36 0 0.00 0.0 0 1.8 9 310 M M 0 16 320
25 47 21 34 -18 31 0 0.00 0.0 0 1.3 9 360 M M 0 14 10
26 50 21 36 -16 29 0 0.00 0.0 0 1.0 8 20 M M 0 10 30
27 58 25 42 -10 23 0 0.00 0.0 0 1.8 9 30 M M 0 1 13 50
28 67 27 47 -4 18 0 0.00 0.0 0 2.1 10 110 M M 0 18 13 100
29 75 39 57 6 8 0 0.00 0.0 0 4.0 12 160 M M 2 12 14 110
30 76 46 61 10 4 0 0.00 0.0 0 2.8 10 150 M M 2 12 14 140
31 74 57 66 15 0 1 0.28 M M 5.2 20 170 M M 7 12 24 170
================================================================================
SM 2066 1353 321 22 1.07 0.0 98.9 M 118
================================================================================
AV 66.6 43.6 3.2 FASTST M M 4 MAX(MPH)
MISC ----> # 20 180 26 190
================================================================================
NOTES:
# LAST OF SEVERAL OCCURRENCES
COLUMN 17 PEAK WIND IN M.P.H.
PRELIMINARY LOCAL CLIMATOLOGICAL DATA (WS FORM: F-6) , PAGE 2
STATION: VALDOSTA
MONTH: DECEMBER
YEAR: 2022
LATITUDE: 30 46 N
LONGITUDE: 83 17 W
[TEMPERATURE DATA] [PRECIPITATION DATA] SYMBOLS USED IN COLUMN 16
AVERAGE MONTHLY: 55.1 TOTAL FOR MONTH: 1.07 1 = FOG OR MIST
DPTR FM NORMAL: 1.9 DPTR FM NORMAL: -2.05 2 = FOG REDUCING VISIBILITY
HIGHEST: 84 ON 8 GRTST 24HR 0.44 ON 14-15 TO 1/4 MILE OR LESS
LOWEST: 20 ON 24 3 = THUNDER
SNOW, ICE PELLETS, HAIL 4 = ICE PELLETS
TOTAL MONTH: 0.0 INCH 5 = HAIL
GRTST 24HR 0.0 6 = FREEZING RAIN OR DRIZZLE
GRTST DEPTH: 0 7 = DUSTSTORM OR SANDSTORM:
VSBY 1/2 MILE OR LESS
8 = SMOKE OR HAZE
[NO. OF DAYS WITH] [WEATHER - DAYS WITH] 9 = BLOWING SNOW
X = TORNADO
MAX 32 OR BELOW: 0 0.01 INCH OR MORE: 5
MAX 90 OR ABOVE: 0 0.10 INCH OR MORE: 3
MIN 32 OR BELOW: 8 0.50 INCH OR MORE: 0
MIN 0 OR BELOW: 0 1.00 INCH OR MORE: 0
[HDD (BASE 65) ]
TOTAL THIS MO. 321 CLEAR (SCALE 0-3) 16
DPTR FM NORMAL -58 PTCLDY (SCALE 4-7) 10
TOTAL FM JUL 1 494 CLOUDY (SCALE 8-10) 5
DPTR FM NORMAL -144
[CDD (BASE 65) ]
TOTAL THIS MO. 22
DPTR FM NORMAL 10 [PRESSURE DATA]
TOTAL FM JAN 1 2901 HIGHEST SLP 30.46 ON 24
DPTR FM NORMAL 490 LOWEST SLP 29.78 ON 15
[REMARKS]
#FINAL-12-22#