000
CXUS52 KTAE 010900
CF6VLD
PRELIMINARY LOCAL CLIMATOLOGICAL DATA (WS FORM: F-6)
STATION: VALDOSTA
MONTH: DECEMBER
YEAR: 2021
LATITUDE: 30 46 N
LONGITUDE: 83 17 W
TEMPERATURE IN F: :PCPN: SNOW: WIND :SUNSHINE: SKY :PK WND
================================================================================
1 2 3 4 5 6A 6B 7 8 9 10 11 12 13 14 15 16 17 18
12Z AVG MX 2MIN
DY MAX MIN AVG DEP HDD CDD WTR SNW DPTH SPD SPD DIR MIN PSBL S-S WX SPD DR
================================================================================
1 71 35 53 -3 12 0 0.00 M M 1.6 9 160 M M 0 1 13 160
2 75 38 57 2 8 0 0.00 0.0 0 1.1 9 360 M M 0 1 12 360
3 77 45 61 6 4 0 0.00 0.0 0 0.5 6 300 M M 3 12 10 310
4 76 46 61 6 4 0 0.00 0.0 0 0.9 6 200 M M 5 12 10 340
5 70 49 60 5 5 0 0.00 M M 1.5 12 180 M M 6 12 13 160
6 77 46 62 7 3 0 0.03 M M 1.6 9 190 M M 3 1 13 220
7 72 53 63 9 2 0 T 0.0 M 2.2 9 10 M M 7 12 12 360
8 79 57 68 14 0 3 0.45 0.0 M 4.9 13 20 M M 7 123 19 210
9 60 49 55 1 10 0 0.00 0.0 M 2.4 9 120 M M 9 18 13 90
10 81 57 69 15 0 4 T M M 3.9 12 180 M M 4 12 16 180
11 82 58 70 16 0 5 0.00 0.0 0 5.6 13 180 M M 7 12 20 220
12 72 53 63 9 2 0 T 0.0 0 4.6 18 10 M M 5 21 10
13 64 50 57 3 8 0 0.00 0.0 0 4.0 9 360 M M 8 11 360
14 73 55 64 11 1 0 0.00 0.0 M 4.4 9 10 M M 6 14 360
15 77 55 66 13 0 1 0.00 0.0 M 5.9 16 30 M M 5 1 20 70
16 81 60 71 18 0 6 T 0.0 0 2.3 13 170 M M 8 12 16 160
17 81 62 72 19 0 7 0.00 0.0 0 2.3 12 190 M M 7 12 15 180
18 84 56 70 17 0 5 0.00 0.0 0 4.2 15 170 M M 3 1 19 170
19 75 53 64 11 1 0 0.64 0.0 0 1.7 15 360 M M 7 123 21 360
20 55 47 51 -1 14 0 T 0.0 0 9.2 16 360 M M 9 1 20 360
21 48 44 46 -6 19 0 0.40 0.0 0 4.8 17 30 M M 10 1 22 30
22 62 39 51 -1 14 0 0.00 0.0 0 2.1 8 320 M M 3 1 16 310
23 66 33 50 -2 15 0 0.00 0.0 M 1.8 8 20 M M 0 1 12 40
24 72 36 54 2 11 0 0.00 0.0 M 2.3 12 180 M M 0 1 14 190
25 76 43 60 8 5 0 0.00 0.0 M 2.8 12 200 M M 2 12 18 200
26 79 50 65 13 0 0 0.00 0.0 M 2.1 8 310 M M 4 12 13 330
27 77 53 65 13 0 0 0.00 0.0 M 1.7 9 190 M M 7 12 13 190
28 78 60 69 18 0 4 0.00 M M 4.4 13 200 M M 7 12 19 200
29 79 57 68 17 0 3 T M M 5.8 14 200 M M 6 18 20 180
30 79 71 75 24 0 10 0.01 0.0 0 6.3 14 200 M M 9 1 21 200
31 80 71 76 25 0 11 0.01 0.0 0 5.1 10 200 M M 9 1 16 200
================================================================================
SM 2278 1581 138 59 1.54 0.0 104.0 M 166
================================================================================
AV 73.5 51.0 3.4 FASTST M M 5 MAX(MPH)
MISC ----> 18 10 22 30
================================================================================
NOTES:
# LAST OF SEVERAL OCCURRENCES
COLUMN 17 PEAK WIND IN M.P.H.
PRELIMINARY LOCAL CLIMATOLOGICAL DATA (WS FORM: F-6) , PAGE 2
STATION: VALDOSTA
MONTH: DECEMBER
YEAR: 2021
LATITUDE: 30 46 N
LONGITUDE: 83 17 W
[TEMPERATURE DATA] [PRECIPITATION DATA] SYMBOLS USED IN COLUMN 16
AVERAGE MONTHLY: 62.2 TOTAL FOR MONTH: 1.54 1 = FOG OR MIST
DPTR FM NORMAL: 9.0 DPTR FM NORMAL: -1.58 2 = FOG REDUCING VISIBILITY
HIGHEST: 84 ON 18 GRTST 24HR 0.64 ON 19-19 TO 1/4 MILE OR LESS
LOWEST: 33 ON 23 3 = THUNDER
SNOW, ICE PELLETS, HAIL 4 = ICE PELLETS
TOTAL MONTH: 0.0 INCH 5 = HAIL
GRTST 24HR 0.0 6 = FREEZING RAIN OR DRIZZLE
GRTST DEPTH: 0 7 = DUSTSTORM OR SANDSTORM:
VSBY 1/2 MILE OR LESS
8 = SMOKE OR HAZE
[NO. OF DAYS WITH] [WEATHER - DAYS WITH] 9 = BLOWING SNOW
X = TORNADO
MAX 32 OR BELOW: 0 0.01 INCH OR MORE: 6
MAX 90 OR ABOVE: 0 0.10 INCH OR MORE: 3
MIN 32 OR BELOW: 0 0.50 INCH OR MORE: 1
MIN 0 OR BELOW: 0 1.00 INCH OR MORE: 0
[HDD (BASE 65) ]
TOTAL THIS MO. 138 CLEAR (SCALE 0-3) 9
DPTR FM NORMAL -241 PTCLDY (SCALE 4-7) 16
TOTAL FM JUL 1 417 CLOUDY (SCALE 8-10) 6
DPTR FM NORMAL -221
[CDD (BASE 65) ]
TOTAL THIS MO. 59
DPTR FM NORMAL 47 [PRESSURE DATA]
TOTAL FM JAN 1 2719 HIGHEST SLP 30.45 ON 14
DPTR FM NORMAL 308 LOWEST SLP 29.80 ON 21
[REMARKS]
#FINAL-12-21#