000
CXUS52 KMLB 011139
CF6VRB
PRELIMINARY LOCAL CLIMATOLOGICAL DATA (WS FORM: F-6)
STATION: VERO BEACH
MONTH: JULY
YEAR: 2022
LATITUDE: 27 39 N
LONGITUDE: 80 25 W
TEMPERATURE IN F: :PCPN: SNOW: WIND :SUNSHINE: SKY :PK WND
================================================================================
1 2 3 4 5 6A 6B 7 8 9 10 11 12 13 14 15 16 17 18
12Z AVG MX 2MIN
DY MAX MIN AVG DEP HDD CDD WTR SNW DPTH SPD SPD DIR MIN PSBL S-S WX SPD DR
================================================================================
1 91 72 82 0 0 17 T 0.0 0 7.9 18 130 M M 2 3 23 110
2 92 71 82 0 0 17 0.04 0.0 0 6.7 17 140 M M 2 13 23 130
3 92 73 83 1 0 18 0.00 0.0 0 7.3 17 120 M M 2 21 140
4 91 72 82 0 0 17 0.00 0.0 0 7.5 16 110 M M 2 1 20 100
5 92 74 83 1 0 18 T 0.0 0 9.0 18 100 M M 3 24 100
6 93 77 85 3 0 20 0.47 0.0 0 8.5 18 130 M M 2 13 23 120
7 91 74 83 1 0 18 0.00 0.0 0 8.4 20 120 M M 2 24 120
8 91 71 81 -1 0 16 0.00 0.0 0 8.6 18 120 M M 1 1 22 140
9 93 77 85 3 0 20 0.00 0.0 0 9.1 22 140 M M 2 27 140
10 97 74 86 4 0 21 0.42 0.0 0 9.2 30 200 M M 3 13 38 200
11 94 73 84 2 0 19 0.00 0.0 0 7.2 21 120 M M 2 3 26 260
12 95 75 85 3 0 20 0.00 0.0 0 7.2 24 130 M M 1 27 130
13 93 74 84 2 0 19 0.00 0.0 0 6.9 20 130 M M 1 30 140
14 93 73 83 1 0 18 0.00 0.0 0 5.8 21 230 M M 1 3 31 200
15 90 70 80 -2 0 15 0.00 0.0 0 7.0 17 120 M M 1 24 110
16 91 73 82 0 0 17 1.36 0.0 0 4.6 16 100 M M 5 123 23 60
17 90 74 82 0 0 17 0.58 0.0 0 5.0 23 290 M M 2 123 28 290
18 93 75 84 2 0 19 0.12 0.0 0 8.2 21 170 M M 2 38 25 130
19 92 77 85 3 0 20 0.00 0.0 0 8.4 21 140 M M 1 27 130
20 92 72 82 0 0 17 0.00 0.0 0 6.6 17 110 M M 1 21 120
21 91 73 82 0 0 17 T 0.0 0 8.2 18 110 M M 1 3 25 120
22 92 75 84 2 0 19 0.00 0.0 0 7.6 18 140 M M 2 3 24 150
23 91 75 83 1 0 18 0.00 0.0 0 7.8 20 110 M M 1 3 24 130
24 92 77 85 3 0 20 0.00 0.0 0 8.6 16 110 M M 2 22 130
25 92 78 85 3 0 20 0.06 0.0 0 8.7 17 120 M M 2 138 22 130
26 91 75 83 1 0 18 0.33 0.0 0 8.6 21 170 M M 3 13 30 180
27 91 74 83 1 0 18 0.07 0.0 0 8.8 23 190 M M 2 13 34 180
28 90 71 81 -1 0 16 0.00 0.0 0 7.0 15 110 M M 1 1 19 120
29 90 71 81 -1 0 16 0.00 0.0 0 7.3 15 90 M M 0 20 120
30 91 73 82 0 0 17 0.00 0.0 0 8.0 16 120 M M 1 21 130
31 91 76 84 2 0 19 0.01 0.0 0 8.8 16 110 M M 1 1 22 130
================================================================================
SM 2848 2289 0 561 3.46 0.0 238.5 M 54
================================================================================
AV 91.9 73.8 7.7 FASTST M M 2 MAX(MPH)
MISC ----> 30 200 38 200
================================================================================
NOTES:
# LAST OF SEVERAL OCCURRENCES
COLUMN 17 PEAK WIND IN M.P.H.
PRELIMINARY LOCAL CLIMATOLOGICAL DATA (WS FORM: F-6) , PAGE 2
STATION: VERO BEACH
MONTH: JULY
YEAR: 2022
LATITUDE: 27 39 N
LONGITUDE: 80 25 W
[TEMPERATURE DATA] [PRECIPITATION DATA] SYMBOLS USED IN COLUMN 16
AVERAGE MONTHLY: 82.9 TOTAL FOR MONTH: 3.46 1 = FOG OR MIST
DPTR FM NORMAL: 1.0 DPTR FM NORMAL: -2.22 2 = FOG REDUCING VISIBILITY
HIGHEST: 97 ON 10 GRTST 24HR 1.94 ON 16-17 TO 1/4 MILE OR LESS
LOWEST: 70 ON 15 3 = THUNDER
SNOW, ICE PELLETS, HAIL 4 = ICE PELLETS
TOTAL MONTH: 0.0 INCH 5 = HAIL
GRTST 24HR 0.0 6 = FREEZING RAIN OR DRIZZLE
GRTST DEPTH: 0 7 = DUSTSTORM OR SANDSTORM:
VSBY 1/2 MILE OR LESS
8 = SMOKE OR HAZE
[NO. OF DAYS WITH] [WEATHER - DAYS WITH] 9 = BLOWING SNOW
X = TORNADO
MAX 32 OR BELOW: 0 0.01 INCH OR MORE: 10
MAX 90 OR ABOVE: 31 0.10 INCH OR MORE: 6
MIN 32 OR BELOW: 0 0.50 INCH OR MORE: 2
MIN 0 OR BELOW: 0 1.00 INCH OR MORE: 1
[HDD (BASE 65) ]
TOTAL THIS MO. 0 CLEAR (SCALE 0-3) 30
DPTR FM NORMAL 0 PTCLDY (SCALE 4-7) 1
TOTAL FM JUL 1 0 CLOUDY (SCALE 8-10) 0
DPTR FM NORMAL 0
[CDD (BASE 65) ]
TOTAL THIS MO. 561
DPTR FM NORMAL 37 [PRESSURE DATA]
TOTAL FM JAN 1 2098 HIGHEST SLP 30.23 ON 31
DPTR FM NORMAL 221 LOWEST SLP 29.91 ON 11
[REMARKS]
#FINAL-07-22#