000
CXUS51 KBTV 010800
CF6VSF
PRELIMINARY LOCAL CLIMATOLOGICAL DATA (WS FORM: F-6)
STATION: SPRINGFIELD VT
MONTH: DECEMBER
YEAR: 2023
LATITUDE: 43 19 N
LONGITUDE: 72 31 W
TEMPERATURE IN F: :PCPN: SNOW: WIND :SUNSHINE: SKY :PK WND
================================================================================
1 2 3 4 5 6A 6B 7 8 9 10 11 12 13 14 15 16 17 18
12Z AVG MX 2MIN
DY MAX MIN AVG DEP HDD CDD WTR SNW DPTH SPD SPD DIR MIN PSBL S-S WX SPD DR
================================================================================
1 49 22 36 4 29 0 0.10 M M 0.3 6 60 M M 4 1 M M
2 42 34 38 7 27 0 0.00 M M 0.0 4 60 M M 10 M M
3 40 33 37 6 28 0 T M M 0.7 5 40 M M 10 M M
4 41 33 37 7 28 0 0.48 M M 1.2 8 280 M M 10 M M
5 35 27 31 1 34 0 0.00 M M 4.8 12 290 M M 8 M M
6 33 22 28 -2 37 0 T M M 3.9 12 270 M M 8 15 280
7 29 15 22 -7 43 0 0.00 M M 1.5 9 10 M M 5 14 360
8 40 22 31 2 34 0 0.00 M M 0.1 5 190 M M 7 5 200
9 47 31 39 10 26 0 0.00 M M 1.2 9 160 M M 8 18 12 170
10 48 36 42 14 23 0 0.68 M M 1.2 13 10 M M 10 12 21 360
11 43 34 39 11 26 0 0.48 M M 7.4 22 280 M M 9 1 28 280
12 41 27 34 6 31 0 T M M 4.9 20 260 M M 4 28 280
13 39 26 33 6 32 0 T M M 7.7 21 270 M M 6 30 260
14 34 18 26 -1 39 0 M M M 4.0 14 280 M M 1 21 320
15 52 20 36 9 29 0 0.00 M M 2.3 14 310 M M 0 1 20 300
16 50 26 38 12 27 0 0.00 M M 2.7 14 280 M M 0 1 17 300
17 40 26 33 7 32 0 0.50 M M 0.4 8 60 M M 9 18 9 50
18 61 38 50 24 15 0 2.43 M M 6.3 18 150 M M 10 1 28 170
19 44 29 37 11 28 0 0.00 M M 5.8 15 280 M M 8 1 22 270
20 40 26 33 8 32 0 0.00 M M 5.8 17 330 M M 2 26 330
21 34 18 26 1 39 0 0.00 M M 7.1 17 350 M M 2 28 10
22 33 16 25 0 40 0 0.00 M M 2.8 9 60 M M 0 18 13 10
23 34 14 24 0 41 0 T M M 0.1 5 250 M M 5 1 6 320
24 38 30 34 10 31 0 0.01 M M 0.0 3 60 M M 10 1 4 270
25 41 34 38 14 27 0 0.01 M M 0.0 3 280 M M 10 12 5 190
26 40 35 38 14 27 0 0.01 M M 0.6 7 280 M M 10 1 8 270
27 46 37 42 18 23 0 0.22 M M 0.1 3 280 M M 10 12 5 20
28 46 39 43 20 22 0 0.15 M M 0.1 5 20 M M 10 12 6 10
29 46 41 44 21 21 0 0.07 M M 0.9 8 150 M M 10 12 10 150
30 42 33 38 15 27 0 0.14 M M 3.5 13 290 M M 10 1 19 280
31 33 28 31 8 34 0 T M M 4.6 14 280 M M 10 18 18 290
================================================================================
SM 1281 870 932 0 5.28 M 82.0 M 216
================================================================================
AV 41.3 28.1 2.6 FASTST M M 7 MAX(MPH)
MISC ----> 22 280 30 260
================================================================================
NOTES:
# LAST OF SEVERAL OCCURRENCES
COLUMN 17 PEAK WIND IN M.P.H.
PRELIMINARY LOCAL CLIMATOLOGICAL DATA (WS FORM: F-6) , PAGE 2
STATION: SPRINGFIELD VT
MONTH: DECEMBER
YEAR: 2023
LATITUDE: 43 19 N
LONGITUDE: 72 31 W
[TEMPERATURE DATA] [PRECIPITATION DATA] SYMBOLS USED IN COLUMN 16
AVERAGE MONTHLY: 34.7 TOTAL FOR MONTH: 5.28 1 = FOG OR MIST
DPTR FM NORMAL: 8.0 DPTR FM NORMAL: 2.11 2 = FOG REDUCING VISIBILITY
HIGHEST: 61 ON 18 GRTST 24HR 2.87 ON 17-18 TO 1/4 MILE OR LESS
LOWEST: 14 ON 23 3 = THUNDER
SNOW, ICE PELLETS, HAIL 4 = ICE PELLETS
TOTAL MONTH: M 5 = HAIL
GRTST 24HR M ON M 6 = FREEZING RAIN OR DRIZZLE
GRTST DEPTH: M ON M 7 = DUSTSTORM OR SANDSTORM:
VSBY 1/2 MILE OR LESS
8 = SMOKE OR HAZE
[NO. OF DAYS WITH] [WEATHER - DAYS WITH] 9 = BLOWING SNOW
X = TORNADO
MAX 32 OR BELOW: 1 0.01 INCH OR MORE: 13
MAX 90 OR ABOVE: 0 0.10 INCH OR MORE: 8
MIN 32 OR BELOW: 19 0.50 INCH OR MORE: 3
MIN 0 OR BELOW: 0 1.00 INCH OR MORE: 1
[HDD (BASE 65) ]
TOTAL THIS MO. 932 CLEAR (SCALE 0-3) 6
DPTR FM NORMAL -255 PTCLDY (SCALE 4-7) 8
TOTAL FM JUL 1 2266 CLOUDY (SCALE 8-10) 17
DPTR FM NORMAL -538
[CDD (BASE 65) ]
TOTAL THIS MO. 0
DPTR FM NORMAL 0 [PRESSURE DATA]
TOTAL FM JAN 1 557 HIGHEST SLP 30.63 ON 14
DPTR FM NORMAL 180 LOWEST SLP 28.93 ON 18
[REMARKS]
#FINAL-12-23#