000
CXUS55 KLBF 011200
CF6VTN
PRELIMINARY LOCAL CLIMATOLOGICAL DATA (WS FORM: F-6)
STATION: VALENTINE
MONTH: JUNE
YEAR: 2020
LATITUDE: 42 52 N
LONGITUDE: 100 33 W
TEMPERATURE IN F: :PCPN: SNOW: WIND :SUNSHINE: SKY :PK WND
================================================================================
1 2 3 4 5 6A 6B 7 8 9 10 11 12 13 14 15 16 17 18
12Z AVG MX 2MIN
DY MAX MIN AVG DEP HDD CDD WTR SNW DPTH SPD SPD DIR MIN PSBL S-S WX SPD DR
================================================================================
1 100 65 83 20 0 18 0.00 0.0 0 8.4 20 200 M M 0 8 28 200
2 87 61 74 11 0 9 T 0.0 0 10.5 25 350 M M 0 36 350
3 89 59 74 11 0 9 0.00 0.0 0 7.4 25 350 M M 3 123 34 350
4 89 53 71 7 0 6 0.03 0.0 0 8.5 31 30 M M 2 123 47 40
5 86 57 72 8 0 7 0.00 0.0 0 10.9 22 100 M M 0 28 110
6 99 63 81 17 0 16 T 0.0 0 18.4 45 260 M M 1 3 70 260
7 100 67 84 19 0 19 0.00 0.0 0 25.6 48 160 M M 1 65 160
8 84 61 73 8 0 8 0.52 0.0 0 15.2 33 170 M M 6 13 53 160
9 61 52 57 -8 8 0 1.53 0.0 0 18.7 29 330 M M 8 13 49 10
10 77 46 62 -4 3 0 0.00 0.0 0 11.7 25 320 M M 1 33 330
11 86 46 66 0 0 1 0.00 0.0 0 6.2 15 320 M M 0 21 320
12 94 56 75 9 0 10 0.00 0.0 0 11.0 22 160 M M 0 31 160
13 92 61 77 10 0 12 0.00 0.0 0 15.2 28 130 M M 0 42 110
14 98 69 84 17 0 19 T 0.0 0 17.8 38 170 M M 0 3 54 170
15 91 73 82 15 0 17 0.00 0.0 0 12.7 39 180 M M 0 58 180
16 96 70 83 15 0 18 0.00 0.0 0 24.7 41 160 M M 0 55 160
17 96 68 82 14 0 17 1.04 0.0 0 15.8 29 170 M M 2 13 42 170
18 78 55 67 -1 0 2 0.63 0.0 0 13.6 25 340 M M 5 138 37 340
19 75 53 64 -5 1 0 T 0.0 0 5.4 13 130 M M 3 17 120
20 84 57 71 2 0 6 0.01 0.0 0 5.7 15 200 M M 2 3 21 170
21 82 59 71 1 0 6 0.04 0.0 0 7.2 23 280 M M 2 3 34 280
22 82 57 70 0 0 5 0.90 0.0 0 8.6 28 290 M M 1 138 43 280
23 80 54 67 -3 0 2 0.00 0.0 0 5.6 17 360 M M 1 23 10
24 89 56 73 3 0 8 0.00 0.0 0 7.8 17 140 M M 1 25 200
25 90 64 77 6 0 12 0.04 0.0 0 10.0 25 360 M M 1 3 37 10
26 88 66 77 6 0 12 0.02 0.0 0 6.9 18 290 M M 2 30 360
27 93 66 80 9 0 15 0.00 0.0 0 12.7 25 170 M M 2 32 170
28 99 69 84 12 0 19 0.00 0.0 0 16.1 28 190 M M 0 37 190
29 92 67 80 8 0 15 0.00 0.0 0 12.7 25 140 M M 1 1 33 140
30 82 54 68 -4 0 3 0.00 0.0 0 9.5 23 280 M M 5 18 30 290
================================================================================
SM 2639 1804 12 291 4.76 0.0 360.5 M 50
================================================================================
AV 88.0 60.1 12.0 FASTST M M 2 MAX(MPH)
MISC ----> # 48 160 # 70 260
================================================================================
NOTES:
# LAST OF SEVERAL OCCURRENCES
COLUMN 17 PEAK WIND IN M.P.H.
PRELIMINARY LOCAL CLIMATOLOGICAL DATA (WS FORM: F-6) , PAGE 2
STATION: VALENTINE
MONTH: JUNE
YEAR: 2020
LATITUDE: 42 52 N
LONGITUDE: 100 33 W
[TEMPERATURE DATA] [PRECIPITATION DATA] SYMBOLS USED IN COLUMN 16
AVERAGE MONTHLY: 74.1 TOTAL FOR MONTH: 4.76 1 = FOG OR MIST
DPTR FM NORMAL: 6.6 DPTR FM NORMAL: 1.20 2 = FOG REDUCING VISIBILITY
HIGHEST: 100 ON 7, 1 GRTST 24HR 1.53 ON 9- 9 TO 1/4 MILE OR LESS
LOWEST: 46 ON 11,10 3 = THUNDER
SNOW, ICE PELLETS, HAIL 4 = ICE PELLETS
TOTAL MONTH: 0.0 INCH 5 = HAIL
GRTST 24HR 0.0 6 = FREEZING RAIN OR DRIZZLE
GRTST DEPTH: 0 7 = DUSTSTORM OR SANDSTORM:
VSBY 1/2 MILE OR LESS
8 = SMOKE OR HAZE
[NO. OF DAYS WITH] [WEATHER - DAYS WITH] 9 = BLOWING SNOW
X = TORNADO
MAX 32 OR BELOW: 0 0.01 INCH OR MORE: 10
MAX 90 OR ABOVE: 13 0.10 INCH OR MORE: 5
MIN 32 OR BELOW: 0 0.50 INCH OR MORE: 5
MIN 0 OR BELOW: 0 1.00 INCH OR MORE: 2
[HDD (BASE 65) ]
TOTAL THIS MO. 12 CLEAR (SCALE 0-3) 25
DPTR FM NORMAL -49 PTCLDY (SCALE 4-7) 5
TOTAL FM JUL 1 6512 CLOUDY (SCALE 8-10) 0
DPTR FM NORMAL -491
[CDD (BASE 65) ]
TOTAL THIS MO. 291
DPTR FM NORMAL 154 [PRESSURE DATA]
TOTAL FM JAN 1 307 HIGHEST SLP 30.22 ON 12
DPTR FM NORMAL 136 LOWEST SLP 29.30 ON 7
[REMARKS]
#FINAL-06-20#