000
CXUS56 KLKN 030929
CF6WMC
PRELIMINARY LOCAL CLIMATOLOGICAL DATA (WS FORM: F-6)
STATION: WINNEMUCCA AIRPORT NV
MONTH: SEPTEMBER
YEAR: 2021
LATITUDE: 40 54 N
LONGITUDE: 117 48 W
TEMPERATURE IN F: :PCPN: SNOW: WIND :SUNSHINE: SKY :PK WND
================================================================================
1 2 3 4 5 6A 6B 7 8 9 10 11 12 13 14 15 16 17 18
12Z AVG MX 2MIN
DY MAX MIN AVG DEP HDD CDD WTR SNW DPTH SPD SPD DIR MIN PSBL S-S WX SPD DR
================================================================================
1 88 40 64 -3 1 0 0.00 0.0 0 4.7 16 320 M M 0 8 20 320
2 86 38 62 -5 3 0 0.00 0.0 0 7.1 21 280 M M 1 29 240
3 87 37 62 -5 3 0 0.00 0.0 0 4.8 10 150 M M 1 8 15 320
4 92 37 65 -1 0 0 0.00 0.0 0 5.3 13 50 M M 1 8 17 40
5 97 37 67 1 0 2 0.00 0.0 0 4.5 12 280 M M 1 8 16 280
6 98 40 69 3 0 4 0.00 0.0 0 4.1 10 170 M M 1 8 11 330
7 99 42 71 6 0 6 0.00 0.0 0 4.3 10 160 M M 0 13 30
8 99 45 72 7 0 7 0.00 0.0 0 6.0 15 260 M M 0 23 290
9 101 50 76 11 0 11 T 0.0 0 7.9 25 280 M M 1 8 34 250
10 79 57 68 4 0 3 0.02 0.0 0 8.1 26 270 M M 4 8 36 280
11 87 47 67 3 0 2 0.00 0.0 0 5.6 15 330 M M 3 20 320
12 91 46 69 5 0 4 0.00 0.0 0 6.4 20 250 M M 0 28 260
13 88 43 66 3 0 1 0.00 0.0 0 5.2 15 270 M M 0 22 290
14 89 40 65 2 0 0 0.00 0.0 0 4.7 12 260 M M 0 17 360
15 93 38 66 3 0 1 0.00 0.0 0 6.1 18 290 M M 0 23 250
16 83 51 67 5 0 2 0.00 0.0 0 7.7 15 40 M M 0 20 350
17 88 39 64 2 1 0 0.00 0.0 0 5.4 20 230 M M 0 8 24 280
18 87 39 63 2 2 0 T 0.0 0 11.7 30 260 M M 2 8 41 240
19 68 41 55 -6 10 0 0.02 0.0 0 10.4 23 290 M M 6 30 250
20 71 30 51 -10 14 0 0.00 0.0 0 7.1 20 40 M M 0 24 40
21 83 32 58 -2 7 0 0.00 0.0 0 6.5 15 50 M M 0 21 50
22 87 36 62 2 3 0 0.00 0.0 0 5.8 21 290 M M 0 28 250
23 80 43 62 3 3 0 0.00 0.0 0 7.2 15 340 M M 0 21 340
24 85 36 61 2 4 0 0.00 0.0 0 5.1 13 40 M M 0 16 30
25 89 37 63 5 2 0 0.00 0.0 0 5.8 18 240 M M 0 8 26 230
26 88 40 64 6 1 0 0.00 0.0 0 6.8 22 230 M M 0 29 240
27 84 35 60 2 5 0 0.00 0.0 0 7.8 23 270 M M 0 33 270
28 62 41 52 -5 13 0 0.02 0.0 0 8.7 28 280 M M 2 8 38 290
29 66 23 45 -12 20 0 0.00 0.0 0 5.9 13 40 M M 0 18 40
30 73 25 49 -7 16 0 0.00 0.0 0 6.0 13 50 M M 0 18 20
================================================================================
SM 2568 1185 108 43 0.06 0.0 192.7 M 23
================================================================================
AV 85.6 39.5 6.4 FASTST M M 1 MAX(MPH)
MISC ----> 30 260 41 240
================================================================================
NOTES:
# LAST OF SEVERAL OCCURRENCES
COLUMN 17 PEAK WIND IN M.P.H.
PRELIMINARY LOCAL CLIMATOLOGICAL DATA (WS FORM: F-6) , PAGE 2
STATION: WINNEMUCCA AIRPORT NV
MONTH: SEPTEMBER
YEAR: 2021
LATITUDE: 40 54 N
LONGITUDE: 117 48 W
[TEMPERATURE DATA] [PRECIPITATION DATA] SYMBOLS USED IN COLUMN 16
AVERAGE MONTHLY: 62.6 TOTAL FOR MONTH: 0.06 1 = FOG OR MIST
DPTR FM NORMAL: 0.5 DPTR FM NORMAL: -0.33 2 = FOG REDUCING VISIBILITY
HIGHEST: 101 ON 9 GRTST 24HR 0.02 ON 9-10 TO 1/4 MILE OR LESS
LOWEST: 23 ON 29 3 = THUNDER
SNOW, ICE PELLETS, HAIL 4 = ICE PELLETS
TOTAL MONTH: 0.0 INCH 5 = HAIL
GRTST 24HR 0.0 6 = FREEZING RAIN OR DRIZZLE
GRTST DEPTH: 0 7 = DUSTSTORM OR SANDSTORM:
VSBY 1/2 MILE OR LESS
8 = SMOKE OR HAZE
[NO. OF DAYS WITH] [WEATHER - DAYS WITH] 9 = BLOWING SNOW
X = TORNADO
MAX 32 OR BELOW: 0 0.01 INCH OR MORE: 3
MAX 90 OR ABOVE: 8 0.10 INCH OR MORE: 0
MIN 32 OR BELOW: 4 0.50 INCH OR MORE: 0
MIN 0 OR BELOW: 0 1.00 INCH OR MORE: 0
[HDD (BASE 65) ]
TOTAL THIS MO. 108 CLEAR (SCALE 0-3) 28
DPTR FM NORMAL -26 PTCLDY (SCALE 4-7) 2
TOTAL FM JUL 1 115 CLOUDY (SCALE 8-10) 0
DPTR FM NORMAL -38
[CDD (BASE 65) ]
TOTAL THIS MO. 43
DPTR FM NORMAL -5 [PRESSURE DATA]
TOTAL FM JAN 1 1055 HIGHEST SLP 30.41 ON 21
DPTR FM NORMAL 373 LOWEST SLP 29.68 ON 1
[REMARKS]
#FINAL-09-21#