000
CXUS55 KRIW 291010
CF6WRL
PRELIMINARY LOCAL CLIMATOLOGICAL DATA (WS FORM: F-6)
STATION: WORLAND WY
MONTH: MARCH
YEAR: 2024
LATITUDE: 43 58 N
LONGITUDE: 107 57 W
TEMPERATURE IN F: :PCPN: SNOW: WIND :SUNSHINE: SKY :PK WND
================================================================================
1 2 3 4 5 6A 6B 7 8 9 10 11 12 13 14 15 16 17 18
12Z AVG MX 2MIN
DY MAX MIN AVG DEP HDD CDD WTR SNW DPTH SPD SPD DIR MIN PSBL S-S WX SPD DR
================================================================================
1 57 29 43 14 22 0 T M M 11.4 28 200 M M 3 36 180
2 57 30 44 14 21 0 0.00 M M 10.2 36 210 M M 6 47 220
3 37 19 28 -2 37 0 0.00 M M 7.5 33 230 M M 1 44 230
4 37 15 26 -5 39 0 0.00 M M 6.1 23 240 M M 2 29 240
5 47 13 30 -1 35 0 0.00 M M 12.4 24 230 M M 0 34 220
6 38 22 30 -2 35 0 T M M 3.5 10 20 M M 5 1 13 20
7 42 17 30 -2 35 0 0.00 M M 4.7 14 330 M M 5 19 320
8 43 16 30 -3 35 0 0.00 M M 2.8 12 130 M M 3 13 120
9 56 14 35 1 30 0 0.00 M M 4.3 13 160 M M 0 15 160
10 61 20 41 7 24 0 0.00 M M 8.2 15 160 M M 0 26 190
11 59 26 43 8 22 0 0.00 M M 4.1 15 240 M M 1 19 230
12 57 24 41 6 24 0 0.00 M M 6.1 15 330 M M 1 20 360
13 47 26 37 1 28 0 T M M 11.6 26 330 M M 8 39 320
14 48 28 38 2 27 0 0.00 M M 8.6 24 330 M M 9 32 330
15 52 20 36 0 29 0 0.00 M M 4.6 10 170 M M 0 14 300
16 60 22 41 4 24 0 0.00 M M 6.1 18 10 M M 4 24 340
17 56 25 41 4 24 0 0.00 M M 7.2 21 330 M M 1 30 330
18 66 22 44 6 21 0 0.00 M M 4.6 16 340 M M 0 22 340
19 65 26 46 8 19 0 0.00 M M 4.6 13 360 M M 1 23 350
20 64 25 45 7 20 0 0.00 M M 5.3 15 160 M M 1 17 170
21 53 27 40 1 25 0 T M M 6.5 31 350 M M 3 41 350
22 52 31 42 3 23 0 T M M 5.6 13 340 M M 5 16 340
23 57 21 39 -1 26 0 0.00 M M 7.0 20 350 M M 2 29 360
24 30 17 24 -16 41 0 T M M 13.6 24 330 M M 9 1 32 320
25 35 14 25 -15 40 0 0.00 M M 3.9 12 340 M M 9 15 20
26 46 19 33 -7 32 0 0.00 M M 5.7 16 10 M M 4 21 20
27 54 17 36 -5 29 0 0.00 M M 4.0 10 200 M M 1 17 210
28 59 27 43 2 22 0 0.00 M M 8.0 39 310 M M 3 8 59 330
================================================================================
SM 1435 612 789 0 T M 188.2 M 87
================================================================================
AV 51.3 21.9 6.7 FASTST M M 3 MAX(MPH)
MISC ----> 39 310 59 330
================================================================================
NOTES:
# LAST OF SEVERAL OCCURRENCES
COLUMN 17 PEAK WIND IN M.P.H.
PRELIMINARY LOCAL CLIMATOLOGICAL DATA (WS FORM: F-6) , PAGE 2
STATION: WORLAND WY
MONTH: MARCH
YEAR: 2024
LATITUDE: 43 58 N
LONGITUDE: 107 57 W
[TEMPERATURE DATA] [PRECIPITATION DATA] SYMBOLS USED IN COLUMN 16
AVERAGE MONTHLY: 36.6 TOTAL FOR MONTH: T 1 = FOG OR MIST
DPTR FM NORMAL: 0.8 DPTR FM NORMAL: -0.38 2 = FOG REDUCING VISIBILITY
HIGHEST: 66 ON 18 GRTST 24HR T ON 1- 2 TO 1/4 MILE OR LESS
LOWEST: 13 ON 5 3 = THUNDER
SNOW, ICE PELLETS, HAIL 4 = ICE PELLETS
TOTAL MONTH: M 5 = HAIL
GRTST 24HR M ON M 6 = FREEZING RAIN OR DRIZZLE
GRTST DEPTH: M ON M 7 = DUSTSTORM OR SANDSTORM:
VSBY 1/2 MILE OR LESS
8 = SMOKE OR HAZE
[NO. OF DAYS WITH] [WEATHER - DAYS WITH] 9 = BLOWING SNOW
X = TORNADO
MAX 32 OR BELOW: 1 0.01 INCH OR MORE: 0
MAX 90 OR ABOVE: 0 0.10 INCH OR MORE: 0
MIN 32 OR BELOW: 28 0.50 INCH OR MORE: 0
MIN 0 OR BELOW: 0 1.00 INCH OR MORE: 0
[HDD (BASE 65) ]
TOTAL THIS MO. 789 CLEAR (SCALE 0-3) 17
DPTR FM NORMAL -29 PTCLDY (SCALE 4-7) 8
TOTAL FM JUL 1 6368 CLOUDY (SCALE 8-10) 3
DPTR FM NORMAL -488
[CDD (BASE 65) ]
TOTAL THIS MO. 0
DPTR FM NORMAL 0 [PRESSURE DATA]
TOTAL FM JAN 1 0 HIGHEST SLP M ON M
DPTR FM NORMAL 0 LOWEST SLP 29.24 ON 2
[REMARKS]