663
CXUS55 KRIW 010945
CF6WRL
PRELIMINARY LOCAL CLIMATOLOGICAL DATA (WS FORM: F-6)
STATION: WORLAND WY
MONTH: APRIL
YEAR: 2020
LATITUDE: 43 58 N
LONGITUDE: 107 57 W
TEMPERATURE IN F: :PCPN: SNOW: WIND :SUNSHINE: SKY :PK WND
================================================================================
1 2 3 4 5 6A 6B 7 8 9 10 11 12 13 14 15 16 17 18
12Z AVG MX 2MIN
DY MAX MIN AVG DEP HDD CDD WTR SNW DPTH SPD SPD DIR MIN PSBL S-S WX SPD DR
================================================================================
1 37 18 28 -14 37 0 0.13 M M 11.3 22 320 M M 9 1 28 340
2 20 6 13 -29 52 0 0.06 M M 7.2 15 310 M M 8 18 20 310
3 41 2 22 -20 43 0 0.00 M M 5.1 13 170 M M 0 17 160
4 53 17 35 -7 30 0 0.00 M M 5.1 14 140 M M 0 18 140
5 65 24 45 2 20 0 0.00 M M 5.7 20 230 M M 1 28 240
6 70 34 52 9 13 0 T M M 7.1 32 230 M M 2 42 250
7 69 28 49 6 16 0 0.00 M M 7.0 25 320 M M 1 34 310
8 56 30 43 0 22 0 0.00 M M 7.7 24 340 M M 1 33 340
9 62 23 43 -1 22 0 0.00 M M 3.8 10 120 M M 0 14 320
10 70 27 49 5 16 0 0.00 M M 5.2 18 350 M M 2 27 360
11 50 23 37 -7 28 0 0.18 M M 12.5 28 340 M M 9 12 38 330
12 31 19 25 -19 40 0 T M M 15.1 24 330 M M 10 1 32 320
13 32 9 21 -24 44 0 T M M 6.7 22 340 M M 4 8 28 340
14 42 13 28 -17 37 0 0.00 M M 6.9 14 130 M M 2 18 60
15 45 25 35 -10 30 0 T M M 8.7 28 330 M M 8 36 340
16 38 20 29 -17 36 0 0.01 M M 8.0 24 330 M M 8 1 29 330
17 55 19 37 -9 28 0 0.00 M M 7.3 15 110 M M 0 20 110
18 62 22 42 -4 23 0 0.00 M M 4.4 16 350 M M 1 22 350
19 59 34 47 1 18 0 0.00 M M 5.9 15 350 M M 5 22 340
20 64 31 48 1 17 0 0.00 M M 6.6 13 170 M M 1 18 350
21 72 30 51 4 14 0 0.00 M M 4.0 10 180 M M 1 14 150
22 69 33 51 3 14 0 0.00 M M 5.7 18 310 M M 1 23 300
23 66 38 52 4 13 0 0.00 M M 9.3 29 10 M M 5 42 10
24 60 36 48 0 17 0 0.01 M M 4.5 24 320 M M 4 34 350
25 66 36 51 3 14 0 0.00 M M 4.9 12 70 M M 2 17 170
26 70 34 52 3 13 0 0.00 0.0 0 5.0 18 10 M M 2 26 360
27 72 37 55 6 10 0 0.00 0.0 M 7.1 26 350 M M 3 37 340
28 66 36 51 1 14 0 0.01 M M 10.3 25 360 M M 2 37 340
29 77 30 54 4 11 0 0.00 0.0 M 5.9 14 130 M M 0 17 140
30 74 44 59 9 6 0 0.10 M M 6.4 33 280 M M 1 13 45 270
================================================================================
SM 1713 778 698 0 0.50 0.0 210.4 M 93
================================================================================
AV 57.1 25.9 7.0 FASTST M M 3 MAX(MPH)
MISC ----> # 33 280 # 45 270
================================================================================
NOTES:
# LAST OF SEVERAL OCCURRENCES
COLUMN 17 PEAK WIND IN M.P.H.
PRELIMINARY LOCAL CLIMATOLOGICAL DATA (WS FORM: F-6) , PAGE 2
STATION: WORLAND WY
MONTH: APRIL
YEAR: 2020
LATITUDE: 43 58 N
LONGITUDE: 107 57 W
[TEMPERATURE DATA] [PRECIPITATION DATA] SYMBOLS USED IN COLUMN 16
AVERAGE MONTHLY: 41.5 TOTAL FOR MONTH: 0.50 1 = FOG OR MIST
DPTR FM NORMAL: -4.2 DPTR FM NORMAL: -0.36 2 = FOG REDUCING VISIBILITY
HIGHEST: 77 ON 29 GRTST 24HR 0.18 ON 11-11 TO 1/4 MILE OR LESS
LOWEST: 2 ON 3 3 = THUNDER
SNOW, ICE PELLETS, HAIL 4 = ICE PELLETS
TOTAL MONTH: 0.0 INCH 5 = HAIL
GRTST 24HR 0.0 6 = FREEZING RAIN OR DRIZZLE
GRTST DEPTH: 0 7 = DUSTSTORM OR SANDSTORM:
VSBY 1/2 MILE OR LESS
8 = SMOKE OR HAZE
[NO. OF DAYS WITH] [WEATHER - DAYS WITH] 9 = BLOWING SNOW
X = TORNADO
MAX 32 OR BELOW: 3 0.01 INCH OR MORE: 7
MAX 90 OR ABOVE: 0 0.10 INCH OR MORE: 3
MIN 32 OR BELOW: 20 0.50 INCH OR MORE: 0
MIN 0 OR BELOW: 0 1.00 INCH OR MORE: 0
[HDD (BASE 65) ]
TOTAL THIS MO. 698 CLEAR (SCALE 0-3) 20
DPTR FM NORMAL 117 PTCLDY (SCALE 4-7) 7
TOTAL FM JUL 1 7677 CLOUDY (SCALE 8-10) 3
DPTR FM NORMAL 210
[CDD (BASE 65) ]
TOTAL THIS MO. 0
DPTR FM NORMAL -1 [PRESSURE DATA]
TOTAL FM JAN 1 0 HIGHEST SLP 30.43 ON 2
DPTR FM NORMAL -1 LOWEST SLP 29.58 ON 6
[REMARKS]
#FINAL-04-20#