000
CXUS54 KTSA 041225
CF6XNA
PRELIMINARY LOCAL CLIMATOLOGICAL DATA (WS FORM: F-6)
STATION: HIGHFILL ARKANSAS
MONTH: NOVEMBER
YEAR: 2023
LATITUDE: 36 16 N
LONGITUDE: 94 19 W
TEMPERATURE IN F: :PCPN: SNOW: WIND :SUNSHINE: SKY :PK WND
================================================================================
1 2 3 4 5 6A 6B 7 8 9 10 11 12 13 14 15 16 17 18
12Z AVG MX 2MIN
DY MAX MIN AVG DEP HDD CDD WTR SNW DPTH SPD SPD DIR MIN PSBL S-S WX SPD DR
================================================================================
1 52 20 36 -18 29 0 0.00 0.0 M 5.6 13 200 M M 0 20 210
2 63 31 47 -7 18 0 0.00 0.0 M 7.9 17 180 M M 0 24 200
3 67 38 53 0 12 0 T 0.0 M 8.6 21 190 M M 0 32 190
4 71 44 58 5 7 0 0.00 0.0 M 3.8 16 210 M M 3 23 210
5 74 50 62 10 3 0 0.00 0.0 M 7.4 20 180 M M 6 27 170
6 79 61 70 18 0 5 0.00 0.0 M 11.0 22 190 M M 1 30 200
7 82 57 70 18 0 5 0.00 0.0 M 10.7 21 190 M M 0 28 180
8 82 58 70 19 0 5 0.00 0.0 M 14.2 25 200 M M 0 37 200
9 58 46 52 1 13 0 T 0.0 M 8.9 17 10 M M 4 25 60
10 65 37 51 1 14 0 0.00 0.0 M 5.8 14 60 M M 0 26 80
11 62 36 49 -1 16 0 0.00 0.0 M 4.0 14 110 M M 2 21 80
12 67 35 51 1 14 0 0.00 0.0 M 1.2 8 190 M M 0 10 260
13 71 38 55 6 10 0 0.00 0.0 M 3.1 15 80 M M 0 21 80
14 68 37 53 4 12 0 0.00 0.0 M 2.9 12 200 M M 0 17 150
15 72 37 55 6 10 0 0.00 0.0 M 1.2 8 220 M M 0 11 150
16 62 42 52 4 13 0 0.00 0.0 M 9.6 21 170 M M 8 28 180
17 66 43 55 7 10 0 T 0.0 M 4.9 15 20 M M 6 1 21 300
18 67 35 51 3 14 0 0.00 0.0 M 1.5 9 360 M M 0 15 340
19 61 37 49 2 16 0 0.12 0.0 M 5.8 29 130 M M 6 33 130
20 55 45 50 3 15 0 1.39 0.0 M 9.8 22 130 M M 9 13 29 130
21 48 34 41 -5 24 0 0.02 0.0 M 10.7 24 340 M M 8 1 33 350
22 50 28 39 -7 26 0 0.00 0.0 M 5.0 10 290 M M 0 14 310
23 64 28 46 0 19 0 0.00 0.0 M 3.3 13 200 M M 0 17 200
24 52 35 44 -1 21 0 0.00 0.0 M 8.1 15 30 M M 0 22 60
25 55 33 44 -1 21 0 0.03 0.0 M 5.0 10 120 M M 1 14 120
26 44 27 36 -9 29 0 0.07 M M 10.7 20 300 M M 6 1 29 310
27 48 22 35 -9 30 0 0.00 0.0 M 7.0 12 300 M M 0 17 300
28 54 26 40 -4 25 0 0.00 0.0 M 5.7 15 240 M M 0 20 210
29 62 39 51 7 14 0 0.00 0.0 M 8.7 16 200 M M 0 24 180
30 54 41 48 5 17 0 0.85 0.0 M 10.8 18 180 M M 9 13 28 190
================================================================================
SM 1875 1140 452 15 2.48 0.0 202.9 M 69
================================================================================
AV 62.5 38.0 6.8 FASTST M M 2 MAX(MPH)
MISC ----> 29 130 37 200
================================================================================
NOTES:
# LAST OF SEVERAL OCCURRENCES
COLUMN 17 PEAK WIND IN M.P.H.
PRELIMINARY LOCAL CLIMATOLOGICAL DATA (WS FORM: F-6) , PAGE 2
STATION: HIGHFILL ARKANSAS
MONTH: NOVEMBER
YEAR: 2023
LATITUDE: 36 16 N
LONGITUDE: 94 19 W
[TEMPERATURE DATA] [PRECIPITATION DATA] SYMBOLS USED IN COLUMN 16
AVERAGE MONTHLY: 50.3 TOTAL FOR MONTH: 2.48 1 = FOG OR MIST
DPTR FM NORMAL: 1.8 DPTR FM NORMAL: -1.26 2 = FOG REDUCING VISIBILITY
HIGHEST: 82 ON 8, 7 GRTST 24HR 1.44 ON 19-20 TO 1/4 MILE OR LESS
LOWEST: 20 ON 1 3 = THUNDER
SNOW, ICE PELLETS, HAIL 4 = ICE PELLETS
TOTAL MONTH: 0.0 INCH 5 = HAIL
GRTST 24HR 0.0 6 = FREEZING RAIN OR DRIZZLE
GRTST DEPTH: M ON M 7 = DUSTSTORM OR SANDSTORM:
VSBY 1/2 MILE OR LESS
8 = SMOKE OR HAZE
[NO. OF DAYS WITH] [WEATHER - DAYS WITH] 9 = BLOWING SNOW
X = TORNADO
MAX 32 OR BELOW: 0 0.01 INCH OR MORE: 6
MAX 90 OR ABOVE: 0 0.10 INCH OR MORE: 3
MIN 32 OR BELOW: 7 0.50 INCH OR MORE: 2
MIN 0 OR BELOW: 0 1.00 INCH OR MORE: 1
[HDD (BASE 65) ]
TOTAL THIS MO. 452 CLEAR (SCALE 0-3) 21
DPTR FM NORMAL -46 PTCLDY (SCALE 4-7) 6
TOTAL FM JUL 1 651 CLOUDY (SCALE 8-10) 3
DPTR FM NORMAL -92
[CDD (BASE 65) ]
TOTAL THIS MO. 15
DPTR FM NORMAL 12 [PRESSURE DATA]
TOTAL FM JAN 1 1788 HIGHEST SLP M ON M
DPTR FM NORMAL 229 LOWEST SLP 29.64 ON 30
[REMARKS]
#FINAL-11-23#