000
CXUS56 KPDT 190831
CF6YKM
PRELIMINARY LOCAL CLIMATOLOGICAL DATA (WS FORM: F-6)
STATION: YAKIMA WA
MONTH: APRIL
YEAR: 2024
LATITUDE: 46 34 N
LONGITUDE: 120 32 W
TEMPERATURE IN F: :PCPN: SNOW: WIND :SUNSHINE: SKY :PK WND
================================================================================
1 2 3 4 5 6A 6B 7 8 9 10 11 12 13 14 15 16 17 18
12Z AVG MX 2MIN
DY MAX MIN AVG DEP HDD CDD WTR SNW DPTH SPD SPD DIR MIN PSBL S-S WX SPD DR
================================================================================
1 74 33 54 7 11 0 0.00 M M 4.9 16 170 M M 0 22 170
2 78 41 60 13 5 0 0.00 M M 6.1 20 240 M M 0 28 240
3 57 42 50 3 15 0 0.00 M M 8.4 23 310 M M 1 8 31 300
4 48 31 40 -7 25 0 0.04 M M 4.9 15 290 M M 6 19 300
5 54 29 42 -5 23 0 0.00 M M 4.4 16 320 M M 4 21 300
6 57 33 45 -3 20 0 0.00 M M 6.9 20 270 M M 6 27 240
7 60 27 44 -4 21 0 0.00 M M 4.9 17 310 M M 3 22 290
8 62 28 45 -3 20 0 0.00 M M 6.2 21 190 M M 4 28 190
9 66 36 51 3 14 0 0.00 M M 11.5 26 270 M M 1 36 270
10 63 29 46 -2 19 0 0.00 M M 4.6 10 270 M M 0 14 110
11 68 34 51 2 14 0 0.00 M M 6.4 17 210 M M 1 8 26 200
12 65 42 54 5 11 0 T M M 4.3 12 270 M M 6 17 150
13 74 37 56 7 9 0 0.00 M M 4.3 10 160 M M 0 14 130
14 81 51 66 17 0 1 0.00 M M 7.6 25 330 M M 0 33 330
15 67 45 56 6 9 0 0.00 M M 13.9 28 330 M M 0 37 330
16 59 34 47 -3 18 0 0.00 M M 11.3 24 340 M M 2 34 320
17 62 33 48 -2 17 0 0.00 M M 5.8 14 180 M M 0 20 320
18 63 30 47 -3 18 0 0.00 M M 6.4 17 50 M M 1 23 50
================================================================================
SM 1158 635 269 1 0.04 M 122.8 M 35
================================================================================
AV 64.3 35.3 6.8 FASTST M M 2 MAX(MPH)
MISC ----> 28 330 37 330
================================================================================
NOTES:
# LAST OF SEVERAL OCCURRENCES
COLUMN 17 PEAK WIND IN M.P.H.
PRELIMINARY LOCAL CLIMATOLOGICAL DATA (WS FORM: F-6) , PAGE 2
STATION: YAKIMA WA
MONTH: APRIL
YEAR: 2024
LATITUDE: 46 34 N
LONGITUDE: 120 32 W
[TEMPERATURE DATA] [PRECIPITATION DATA] SYMBOLS USED IN COLUMN 16
AVERAGE MONTHLY: 49.8 TOTAL FOR MONTH: 0.04 1 = FOG OR MIST
DPTR FM NORMAL: 1.4 DPTR FM NORMAL: -0.30 2 = FOG REDUCING VISIBILITY
HIGHEST: 81 ON 14 GRTST 24HR 0.04 ON 4- 4 TO 1/4 MILE OR LESS
LOWEST: 27 ON 7 3 = THUNDER
SNOW, ICE PELLETS, HAIL 4 = ICE PELLETS
TOTAL MONTH: M 5 = HAIL
GRTST 24HR M ON M 6 = FREEZING RAIN OR DRIZZLE
GRTST DEPTH: M ON M 7 = DUSTSTORM OR SANDSTORM:
VSBY 1/2 MILE OR LESS
8 = SMOKE OR HAZE
[NO. OF DAYS WITH] [WEATHER - DAYS WITH] 9 = BLOWING SNOW
X = TORNADO
MAX 32 OR BELOW: 0 0.01 INCH OR MORE: 1
MAX 90 OR ABOVE: 0 0.10 INCH OR MORE: 0
MIN 32 OR BELOW: 6 0.50 INCH OR MORE: 0
MIN 0 OR BELOW: 0 1.00 INCH OR MORE: 0
[HDD (BASE 65) ]
TOTAL THIS MO. 269 CLEAR (SCALE 0-3) 13
DPTR FM NORMAL -30 PTCLDY (SCALE 4-7) 5
TOTAL FM JUL 1 4874 CLOUDY (SCALE 8-10) 0
DPTR FM NORMAL -428
[CDD (BASE 65) ]
TOTAL THIS MO. 1
DPTR FM NORMAL 1 [PRESSURE DATA]
TOTAL FM JAN 1 1 HIGHEST SLP M ON M
DPTR FM NORMAL 1 LOWEST SLP 29.66 ON 4
[REMARKS]