000
CXUS56 KPDT 011910
CF6YKM
PRELIMINARY LOCAL CLIMATOLOGICAL DATA (WS FORM: F-6)
STATION: YAKIMA WA
MONTH: JANUARY
YEAR: 2022
LATITUDE: 46 34 N
LONGITUDE: 120 32 W
TEMPERATURE IN F: :PCPN: SNOW: WIND :SUNSHINE: SKY :PK WND
================================================================================
1 2 3 4 5 6A 6B 7 8 9 10 11 12 13 14 15 16 17 18
12Z AVG MX 2MIN
DY MAX MIN AVG DEP HDD CDD WTR SNW DPTH SPD SPD DIR MIN PSBL S-S WX SPD DR
================================================================================
1 20 13 17 -13 48 0 0.00 M M 3.8 9 140 M M 2 11 140
2 22 10 16 -14 49 0 T M M 2.0 6 60 M M 4 18 10 60
3 24 12 18 -12 47 0 0.63 M M 3.5 10 290 M M 7 128 12 310
4 28 9 19 -11 46 0 0.02 M M 1.9 9 310 M M 9 128 11 310
5 30 14 22 -8 43 0 0.43 M M 2.7 9 70 M M 9 12 11 100
6 31 26 29 -1 36 0 0.27 M M 2.0 9 310 M M 9 1 12 350
7 50 26 38 8 27 0 T M M 8.3 31 270 M M 3 1 43 290
8 37 12 25 -6 40 0 0.00 M M 3.7 10 300 M M 1 14 300
9 37 7 22 -9 43 0 0.00 M M 4.2 13 270 M M 0 14 270
10 31 8 20 -11 45 0 0.00 M M 1.8 8 290 M M 1 18 9 290
11 36 22 29 -2 36 0 0.00 M M 2.9 9 270 M M 4 18 12 260
12 41 22 32 1 33 0 0.00 M M 2.1 8 290 M M 1 18 10 300
13 43 22 33 2 32 0 0.03 M M 2.1 10 270 M M 3 1268 12 280
14 34 19 27 -4 38 0 0.00 M M 1.9 8 260 M M 8 12 9 270
15 35 32 34 2 31 0 0.00 M M 1.4 6 360 M M 10 12 8 360
16 33 31 32 0 33 0 0.00 M M 1.2 6 230 M M 10 1 6 230
17 32 29 31 -1 34 0 0.00 M M 2.3 7 270 M M 10 1 9 270
18 31 25 28 -4 37 0 0.00 M M 2.4 7 260 M M 10 12 9 250
19 33 22 28 -4 37 0 0.00 M M 2.0 8 250 M M 10 12 10 240
20 51 31 41 9 24 0 0.01 M M 5.1 25 310 M M 5 18 34 300
21 46 19 33 1 32 0 0.00 M M 3.7 13 340 M M 0 16 340
22 42 12 27 -6 38 0 0.00 M M 3.4 8 300 M M 0 9 260
23 29 15 22 -11 43 0 0.00 M M 3.8 9 300 M M 8 12 10 270
24 31 25 28 -5 37 0 0.00 M M 4.1 10 250 M M 10 18 12 260
25 28 23 26 -7 39 0 0.00 M M 4.0 9 250 M M 10 1 13 240
26 31 25 28 -5 37 0 0.00 M M 3.9 9 250 M M 10 1 12 250
27 31 28 30 -3 35 0 0.00 M M 3.1 9 250 M M 10 12 250
28 30 28 29 -5 36 0 0.00 M M 2.5 7 270 M M 10 8 210
29 30 27 29 -5 36 0 0.00 M M 2.0 7 10 M M 10 9 10
30 32 26 29 -5 36 0 T M M 1.9 12 330 M M 10 18 15 330
31 46 22 34 0 31 0 0.00 M M 9.2 28 270 M M 1 1 37 280
================================================================================
SM 1055 642 1159 0 1.39 M 98.9 M 195
================================================================================
AV 34.0 20.7 3.2 FASTST M M 6 MAX(MPH)
MISC ----> 31 270 43 290
================================================================================
NOTES:
# LAST OF SEVERAL OCCURRENCES
COLUMN 17 PEAK WIND IN M.P.H.
PRELIMINARY LOCAL CLIMATOLOGICAL DATA (WS FORM: F-6) , PAGE 2
STATION: YAKIMA WA
MONTH: JANUARY
YEAR: 2022
LATITUDE: 46 34 N
LONGITUDE: 120 32 W
[TEMPERATURE DATA] [PRECIPITATION DATA] SYMBOLS USED IN COLUMN 16
AVERAGE MONTHLY: 27.4 TOTAL FOR MONTH: 1.39 1 = FOG OR MIST
DPTR FM NORMAL: -4.3 DPTR FM NORMAL: 0.20 2 = FOG REDUCING VISIBILITY
HIGHEST: 51 ON 20 GRTST 24HR 0.93 ON 20-20 TO 1/4 MILE OR LESS
LOWEST: 7 ON 9 3 = THUNDER
SNOW, ICE PELLETS, HAIL 4 = ICE PELLETS
TOTAL MONTH: M 5 = HAIL
GRTST 24HR M ON M 6 = FREEZING RAIN OR DRIZZLE
GRTST DEPTH: M ON M 7 = DUSTSTORM OR SANDSTORM:
VSBY 1/2 MILE OR LESS
8 = SMOKE OR HAZE
[NO. OF DAYS WITH] [WEATHER - DAYS WITH] 9 = BLOWING SNOW
X = TORNADO
MAX 32 OR BELOW: 17 0.01 INCH OR MORE: 6
MAX 90 OR ABOVE: 0 0.10 INCH OR MORE: 3
MIN 32 OR BELOW: 31 0.50 INCH OR MORE: 1
MIN 0 OR BELOW: 0 1.00 INCH OR MORE: 0
[HDD (BASE 65) ]
TOTAL THIS MO. 1159 CLEAR (SCALE 0-3) 9
DPTR FM NORMAL 128 PTCLDY (SCALE 4-7) 6
TOTAL FM JUL 1 3449 CLOUDY (SCALE 8-10) 16
DPTR FM NORMAL -90
[CDD (BASE 65) ]
TOTAL THIS MO. 0
DPTR FM NORMAL 0 [PRESSURE DATA]
TOTAL FM JAN 1 0 HIGHEST SLP 30.73 ON 27
DPTR FM NORMAL 0 LOWEST SLP 29.29 ON 7
[REMARKS]
#FINAL-01-22#