000
CXUS54 KFWD 220730
CF6AFW
PRELIMINARY LOCAL CLIMATOLOGICAL DATA (WS FORM: F-6)

                                          STATION:   FORT WORTH ALLIANCE
                                          MONTH:     APRIL
                                          YEAR:      2018
                                          LATITUDE:   32 58 N
                                          LONGITUDE:  97 19 W

  TEMPERATURE IN F:       :PCPN:    SNOW:  WIND      :SUNSHINE: SKY     :PK WND
================================================================================
1   2   3   4   5  6A  6B    7    8   9   10  11  12  13   14  15   16   17  18
                                     12Z  AVG MX 2MIN
DY MAX MIN AVG DEP HDD CDD  WTR  SNW DPTH SPD SPD DIR MIN PSBL S-S WX    SPD DR
================================================================================

 1  69  43  56  -5   9   0 0.00  0.0    0 11.8 23 360   M    M   9        25  10
 2  60  40  50 -11  15   0    T  0.0    0  6.2 16 130   M    M  10 18     20 140
 3  85  50  68   7   0   3 0.00  0.0    0 18.4 32 360   M    M   6        41 340
 4  63  38  51 -11  14   0 0.00  0.0    0  6.7 15  70   M    M   2        20 110
 5  77  43  60  -2   5   0 0.00  0.0    0 12.5 22 160   M    M   7        32 140
 6  86  49  68   6   0   3    T  0.0    0 14.3 33 360   M    M   9 3      40 360
 7  49  33  41 -21  24   0    T  0.0    0 15.1 29 360   M    M  10 1      35 360
 8  57  31  44 -18  21   0 0.00  0.0    0  4.8 16 140   M    M   4        20 150
 9  70  41  56  -7   9   0 0.00  0.0    0  4.9 17  20   M    M   6        23  10
10  72  45  59  -4   6   0 0.00  0.0    0  5.7 15  10   M    M   2        19  20
11  81  48  65   2   0   0 0.00  0.0    0 13.1 26 170   M    M   4 8      35 170
12  83  61  72   9   0   7 0.00  0.0    0 19.4 31 170   M    M   5        41 180
13  89  61  75  11   0  10 0.35  0.0    0 16.4 31 170   M    M   9 13     46 190
14  61  40  51 -13  14   0 0.00  0.0    0 16.6 31 300   M    M   2        39 320
15  65  36  51 -13  14   0 0.00  0.0    0 10.2 23 340   M    M   0        29 340
16  82  34  58  -6   7   0 0.00  0.0    0  8.6 22 190   M    M   1        30 180
17  87  59  73   8   0   8 0.00  0.0    0 15.4 25 180   M    M   6        35 190
18  76  44  60  -5   5   0 0.00  0.0    0 11.8 25 350   M    M   4        32  10
19  70  39  55 -10  10   0 0.00  0.0    0  6.9 17 360   M    M   3        23  30
20  70  42  56  -9   9   0 0.00  0.0    0 10.6 18 140   M    M   4        27 160
21  67  51  59  -7   6   0 0.28  0.0    0 10.6 20 360   M    M   9 13     25 160
================================================================================
SM 1519  928       168  31  0.63     0.0 240.0          M      112
================================================================================
AV 72.3 44.2                              11.4 FASTST   M    M   5    MAX(MPH)
                                 MISC ---->  # 33 360               # 46  190
================================================================================
NOTES:
# LAST OF SEVERAL OCCURRENCES

COLUMN 17 PEAK WIND IN M.P.H.

PRELIMINARY LOCAL CLIMATOLOGICAL DATA (WS FORM: F-6) , PAGE 2

                                          STATION:  FORT WORTH ALLIANCE
                                          MONTH:    APRIL
                                          YEAR:     2018
                                          LATITUDE:   32 58 N
                                          LONGITUDE:  97 19 W

[TEMPERATURE DATA]      [PRECIPITATION DATA]       SYMBOLS USED IN COLUMN 16

AVERAGE MONTHLY: 58.3   TOTAL FOR MONTH:   0.63    1 = FOG OR MIST
DPTR FM NORMAL:  -4.9   DPTR FM NORMAL:   -1.43    2 = FOG REDUCING VISIBILITY
HIGHEST:    89 ON 13    GRTST 24HR  0.35 ON 13-13      TO 1/4 MILE OR LESS
LOWEST:     31 ON  8                               3 = THUNDER
                        SNOW, ICE PELLETS, HAIL    4 = ICE PELLETS
                        TOTAL MONTH:   0.0 INCH    5 = HAIL
                        GRTST 24HR     0.0         6 = FREEZING RAIN OR DRIZZLE
                        GRTST DEPTH:   0           7 = DUSTSTORM OR SANDSTORM:
                                                       VSBY 1/2 MILE OR LESS
                                                   8 = SMOKE OR HAZE
[NO. OF DAYS WITH]      [WEATHER - DAYS WITH]      9 = BLOWING SNOW
                                                   X = TORNADO
MAX 32 OR BELOW:   0    0.01 INCH OR MORE:   2
MAX 90 OR ABOVE:   0    0.10 INCH OR MORE:   2
MIN 32 OR BELOW:   1    0.50 INCH OR MORE:   0
MIN  0 OR BELOW:   0    1.00 INCH OR MORE:   0

[HDD (BASE 65) ]
TOTAL THIS MO.   168    CLEAR  (SCALE 0-3)   6
DPTR FM NORMAL    80    PTCLDY (SCALE 4-7)   9
TOTAL FM JUL 1  2371    CLOUDY (SCALE 8-10)  6
DPTR FM NORMAL   -67

[CDD (BASE 65) ]
TOTAL THIS MO.    31
DPTR FM NORMAL   -21    [PRESSURE DATA]
TOTAL FM JAN 1    82    HIGHEST SLP M ON M
DPTR FM NORMAL    -5    LOWEST  SLP 29.42 ON 13

[REMARKS]
