000
CXUS54 KAMA 201015
CF6AMA
PRELIMINARY LOCAL CLIMATOLOGICAL DATA (WS FORM: F-6)

                                          STATION:   AMARILLO
                                          MONTH:     APRIL
                                          YEAR:      2018
                                          LATITUDE:   35 13 N
                                          LONGITUDE: 101 42 W

  TEMPERATURE IN F:       :PCPN:    SNOW:  WIND      :SUNSHINE: SKY     :PK WND
================================================================================
1   2   3   4   5  6A  6B    7    8   9   10  11  12  13   14  15   16   17  18
                                     12Z  AVG MX 2MIN
DY MAX MIN AVG DEP HDD CDD  WTR  SNW DPTH SPD SPD DIR MIN PSBL S-S WX    SPD DR
================================================================================

 1  47  31  39 -13  26   0 0.00  0.0    0 12.3 20  50   M    M   6        25  60
 2  85  31  58   6   7   0 0.00  0.0    0 19.0 38 230   M    M   2        49 220
 3  68  30  49  -4  16   0 0.00  0.0    0 23.1 43 360   M    M   0        54  10
 4  65  28  47  -6  18   0 0.00  0.0    0 21.5 38 190   M    M   0        46 190
 5  78  41  60   7   5   0 0.00  0.0    0 11.0 23 170   M    M   0        29 170
 6  58  25  42 -12  23   0 0.00  0.0    0 19.2 30  20   M    M   5        38  40
 7  49  20  35 -19  30   0 0.00  0.0    0 12.7 23  20   M    M   6        27  10
 8  82  31  57   3   8   0 0.00  0.0    0 15.7 29 170   M    M   1        32 170
 9  66  32  49  -5  16   0 0.00  0.0    0 10.3 30  10   M    M   0        36  10
10  73  37  55   0  10   0 0.00  0.0    0 15.3 26 210   M    M   3        37 220
11  93  49  71  16   0   6 0.00  0.0    0 19.0 33 250   M    M   0        39 260
12  93  48  71  16   0   6 0.00  0.0    0 21.3 39 210   M    M   1        49 220
13  77  38  58   2   7   0    T  0.0    0 24.3 39 250   M    M   2 8      54 260
14  57  33  45 -11  20   0 0.00  0.0    0 25.6 43 330   M    M   1 8      55 330
15  70  28  49  -7  16   0 0.00  0.0    0  9.2 17 350   M    M   0        28 290
16  88  41  65   9   0   0 0.00  0.0    0 17.3 32 200   M    M   0        38 190
17  90  50  70  13   0   5 0.00  0.0    0 21.9 37  10   M    M   0 8      47  10
18  67  42  55  -2  10   0 0.00  0.0    0 16.7 31 360   M    M   0        40 350
19  68  37  53  -4  12   0 0.00  0.0    0 16.1 25 130   M    M   0        37 150
================================================================================
SM 1374  672       224  17    T      0.0 331.5          M       27
================================================================================
AV 72.3 35.4                              17.4 FASTST   M    M   1    MAX(MPH)
                                 MISC ---->  # 43 360               # 55  330
================================================================================
NOTES:
# LAST OF SEVERAL OCCURRENCES

COLUMN 17 PEAK WIND IN M.P.H.

PRELIMINARY LOCAL CLIMATOLOGICAL DATA (WS FORM: F-6) , PAGE 2

                                          STATION:  AMARILLO
                                          MONTH:    APRIL
                                          YEAR:     2018
                                          LATITUDE:   35 13 N
                                          LONGITUDE: 101 42 W

[TEMPERATURE DATA]      [PRECIPITATION DATA]       SYMBOLS USED IN COLUMN 16

AVERAGE MONTHLY: 53.8   TOTAL FOR MONTH:      T    1 = FOG OR MIST
DPTR FM NORMAL:  -0.8   DPTR FM NORMAL:   -0.82    2 = FOG REDUCING VISIBILITY
HIGHEST:    93 ON 12,11 GRTST 24HR    T  ON 13-13      TO 1/4 MILE OR LESS
LOWEST:     20 ON  7                               3 = THUNDER
                        SNOW, ICE PELLETS, HAIL    4 = ICE PELLETS
                        TOTAL MONTH:   0.0 INCH    5 = HAIL
                        GRTST 24HR     0.0         6 = FREEZING RAIN OR DRIZZLE
                        GRTST DEPTH:   0           7 = DUSTSTORM OR SANDSTORM:
                                                       VSBY 1/2 MILE OR LESS
                                                   8 = SMOKE OR HAZE
[NO. OF DAYS WITH]      [WEATHER - DAYS WITH]      9 = BLOWING SNOW
                                                   X = TORNADO
MAX 32 OR BELOW:   0    0.01 INCH OR MORE:   0
MAX 90 OR ABOVE:   3    0.10 INCH OR MORE:   0
MIN 32 OR BELOW:   9    0.50 INCH OR MORE:   0
MIN  0 OR BELOW:   0    1.00 INCH OR MORE:   0

[HDD (BASE 65) ]
TOTAL THIS MO.   224    CLEAR  (SCALE 0-3)  16
DPTR FM NORMAL    19    PTCLDY (SCALE 4-7)   3
TOTAL FM JUL 1  3516    CLOUDY (SCALE 8-10)  0
DPTR FM NORMAL  -498

[CDD (BASE 65) ]
TOTAL THIS MO.    17
DPTR FM NORMAL    12    [PRESSURE DATA]
TOTAL FM JAN 1    26    HIGHEST SLP M ON M
DPTR FM NORMAL    19    LOWEST  SLP 29.27 ON 12

[REMARKS]
