000
CXUS52 KGSP 240817
CF6AND
PRELIMINARY LOCAL CLIMATOLOGICAL DATA (WS FORM: F-6)

                                          STATION:   ANDERSON SC
                                          MONTH:     APRIL
                                          YEAR:      2018
                                          LATITUDE:   34 30 N
                                          LONGITUDE:  82 43 W

  TEMPERATURE IN F:       :PCPN:    SNOW:  WIND      :SUNSHINE: SKY     :PK WND
================================================================================
1   2   3   4   5  6A  6B    7    8   9   10  11  12  13   14  15   16   17  18
                                     12Z  AVG MX 2MIN
DY MAX MIN AVG DEP HDD CDD  WTR  SNW DPTH SPD SPD DIR MIN PSBL S-S WX    SPD DR
================================================================================

 1  77  39  58   1   7   0 0.00    M    M  6.7 17 210   M    M   0        21 230
 2  82  50  66   9   0   1 0.00    M    M  7.2 18 250   M    M   0        24 240
 3  82  51  67  10   0   2 0.00    M    M  6.0 22 220   M    M   2        27 210
 4  70  44  57   0   8   0    T    M    M 13.1 23 290   M    M   1        28 260
 5  65  34  50  -8  15   0 0.00    M    M  2.4 10  80   M    M   0        15 280
 6  74  39  57  -1   8   0    T    M    M  5.5 17 240   M    M   5        21 220
 7  65  45  55  -3  10   0 0.47    M    M  5.4 22  60   M    M   9 1      29  70
 8  54  40  47 -11  18   0 0.00    M    M  6.3 15  70   M    M   5 1      19  60
 9  55  46  51  -8  14   0 0.03    M    M  3.1  9 100   M    M   9 1      11  90
10  67  47  57  -2   8   0 0.00    M    M  3.9 13  20   M    M   1        19  30
11  70  40  55  -4  10   0 0.00    M    M  4.3 13  70   M    M   0        18  60
12  77  44  61   2   4   0 0.00    M    M  6.3 17 210   M    M   0        29 220
13  79  47  63   3   2   0 0.00    M    M  5.5 20 210   M    M   3        24 230
14  82  58  70  10   0   5 0.00    M    M  9.3 20 190   M    M   4        26 200
15  69  48  59  -1   6   0 1.83    M    M 13.4 26 250   M    M   8 13     36 250
16  54  37  46 -14  19   0 0.00    M    M 17.3 29 280   M    M   3        41 280
17  73  32  53  -8  12   0 0.00    M    M  9.8 28 240   M    M   0        35 220
18  83  54  69   8   0   4 0.00    M    M 14.5 29 230   M    M   0        36 230
19  72  49  61   0   4   0 0.00    M    M 12.9 25 250   M    M   0        34 240
20  68  39  54  -7  11   0 0.00    M    M  5.8 15  70   M    M   0        18  60
21  71  42  57  -5   8   0 0.00    M    M  6.0 15  70   M    M   1        19 100
22  67  54  61  -1   4   0 0.10    M    M  7.0 15  80   M    M   9        21  70
23  63  55  59  -3   6   0 1.32    M    M 15.6 26  80   M    M   9 1      38  70
================================================================================
SM 1619 1034       174  12  3.75    M    187.3          M       69
================================================================================
AV 70.4 45.0                               8.1 FASTST   M    M   3    MAX(MPH)
                                 MISC ---->  # 29 280               # 41  280
================================================================================
NOTES:
# LAST OF SEVERAL OCCURRENCES

COLUMN 17 PEAK WIND IN M.P.H.

PRELIMINARY LOCAL CLIMATOLOGICAL DATA (WS FORM: F-6) , PAGE 2

                                          STATION:  ANDERSON SC
                                          MONTH:    APRIL
                                          YEAR:     2018
                                          LATITUDE:   34 30 N
                                          LONGITUDE:  82 43 W

[TEMPERATURE DATA]      [PRECIPITATION DATA]       SYMBOLS USED IN COLUMN 16

AVERAGE MONTHLY: 57.7   TOTAL FOR MONTH:   3.75    1 = FOG OR MIST
DPTR FM NORMAL:  -1.7   DPTR FM NORMAL:    1.34    2 = FOG REDUCING VISIBILITY
HIGHEST:    83 ON 18    GRTST 24HR  1.83 ON 15-15      TO 1/4 MILE OR LESS
LOWEST:     32 ON 17                               3 = THUNDER
                        SNOW, ICE PELLETS, HAIL    4 = ICE PELLETS
                        TOTAL MONTH:    M          5 = HAIL
                        GRTST 24HR    M  ON   M    6 = FREEZING RAIN OR DRIZZLE
                        GRTST DEPTH:  M  ON   M    7 = DUSTSTORM OR SANDSTORM:
                                                       VSBY 1/2 MILE OR LESS
                                                   8 = SMOKE OR HAZE
[NO. OF DAYS WITH]      [WEATHER - DAYS WITH]      9 = BLOWING SNOW
                                                   X = TORNADO
MAX 32 OR BELOW:   0    0.01 INCH OR MORE:   5
MAX 90 OR ABOVE:   0    0.10 INCH OR MORE:   4
MIN 32 OR BELOW:   1    0.50 INCH OR MORE:   2
MIN  0 OR BELOW:   0    1.00 INCH OR MORE:   2

[HDD (BASE 65) ]
TOTAL THIS MO.   174    CLEAR  (SCALE 0-3)  15
DPTR FM NORMAL    25    PTCLDY (SCALE 4-7)   4
TOTAL FM JUL 1  2726    CLOUDY (SCALE 8-10)  4
DPTR FM NORMAL  -309

[CDD (BASE 65) ]
TOTAL THIS MO.    12
DPTR FM NORMAL    -9    [PRESSURE DATA]
TOTAL FM JAN 1    31    HIGHEST SLP M ON M
DPTR FM NORMAL     5    LOWEST  SLP 29.56 ON 15

[REMARKS]
