000
CXUS56 KHNX 211146
CF6BFL
PRELIMINARY LOCAL CLIMATOLOGICAL DATA (WS FORM: F-6)

                                          STATION:   BAKERSFIELD CA
                                          MONTH:     APRIL
                                          YEAR:      2018
                                          LATITUDE:   35 25 N
                                          LONGITUDE: 119  3 W

  TEMPERATURE IN F:       :PCPN:    SNOW:  WIND      :SUNSHINE: SKY     :PK WND
================================================================================
1   2   3   4   5  6A  6B    7    8   9   10  11  12  13   14  15   16   17  18
                                     12Z  AVG MX 2MIN
DY MAX MIN AVG DEP HDD CDD  WTR  SNW DPTH SPD SPD DIR MIN PSBL S-S WX    SPD DR
================================================================================

 1  83  57  70  10   0   5 0.00  0.0    0  3.7 12 310   M    M   0        14 320
 2  79  55  67   7   0   2 0.00  0.0    0  4.7 14 320   M    M   0        22 290
 3  82  56  69   9   0   4 0.00  0.0    0  4.2 15 330   M    M   0        19 290
 4  85  56  71  11   0   6 0.00  0.0    0  4.9 12 330   M    M   0        16 270
 5  81  56  69   9   0   4 0.00  0.0    0  6.8 18 340   M    M   0        23 330
 6  76  56  66   6   0   1 0.00  0.0    0  3.5 17  40   M    M   8        20  30
 7  74  57  66   6   0   1 0.13  0.0    0  9.2 21 330   M    M   7 1      25 330
 8  71  49  60  -1   5   0 0.00  0.0    0  4.7 13 290   M    M   2        18 280
 9  83  52  68   7   0   3 0.00  0.0    0  3.9 13 290   M    M   0        15 280
10  94  60  77  16   0  12 0.00  0.0    0  7.7 23 300   M    M   0        29 290
11  79  55  67   6   0   2 0.00  0.0    0  8.2 30 300   M    M   2 8      37 300
12  67  48  58  -4   7   0    T  0.0    0 12.9 28 330   M    M   4        35 330
13  72  45  59  -3   6   0 0.00  0.0    0  3.9 10 320   M    M   0        14 260
14  81  51  66   4   0   1 0.00  0.0    0  5.2 10 240   M    M   0        15 280
15  85  55  70   8   0   5 0.00  0.0    0  8.1 24 360   M    M   0        29  10
16  67  46  57  -5   8   0 0.07  0.0    0  9.8 38 320   M    M   7        45 320
17  66  42  54  -9  11   0 0.00  0.0    0  5.2 15 320   M    M   3        19 310
18  73  45  59  -4   6   0 0.00  0.0    0  6.8 23 320   M    M   1        27 320
19  71  51  61  -2   4   0 0.00  0.0    0  8.0 24 330   M    M   5        35 330
20  78  52  65   1   0   0 0.00  0.0    0  5.0 13 320   M    M   1        17 310
================================================================================
SM 1547 1044        47  46  0.20     0.0 126.4          M       40
================================================================================
AV 77.4 52.2                               6.3 FASTST   M    M   2    MAX(MPH)
                                 MISC ---->  # 38 320               # 45  320
================================================================================
NOTES:
# LAST OF SEVERAL OCCURRENCES

COLUMN 17 PEAK WIND IN M.P.H.

PRELIMINARY LOCAL CLIMATOLOGICAL DATA (WS FORM: F-6) , PAGE 2

                                          STATION:  BAKERSFIELD CA
                                          MONTH:    APRIL
                                          YEAR:     2018
                                          LATITUDE:   35 25 N
                                          LONGITUDE: 119  3 W

[TEMPERATURE DATA]      [PRECIPITATION DATA]       SYMBOLS USED IN COLUMN 16

AVERAGE MONTHLY: 64.8   TOTAL FOR MONTH:   0.20    1 = FOG OR MIST
DPTR FM NORMAL:   3.4   DPTR FM NORMAL:   -0.19    2 = FOG REDUCING VISIBILITY
HIGHEST:    94 ON 10    GRTST 24HR  0.13 ON  7- 7      TO 1/4 MILE OR LESS
LOWEST:     42 ON 17                               3 = THUNDER
                        SNOW, ICE PELLETS, HAIL    4 = ICE PELLETS
                        TOTAL MONTH:   0.0 INCH    5 = HAIL
                        GRTST 24HR     0.0         6 = FREEZING RAIN OR DRIZZLE
                        GRTST DEPTH:   0           7 = DUSTSTORM OR SANDSTORM:
                                                       VSBY 1/2 MILE OR LESS
                                                   8 = SMOKE OR HAZE
[NO. OF DAYS WITH]      [WEATHER - DAYS WITH]      9 = BLOWING SNOW
                                                   X = TORNADO
MAX 32 OR BELOW:   0    0.01 INCH OR MORE:   2
MAX 90 OR ABOVE:   1    0.10 INCH OR MORE:   1
MIN 32 OR BELOW:   0    0.50 INCH OR MORE:   0
MIN  0 OR BELOW:   0    1.00 INCH OR MORE:   0

[HDD (BASE 65) ]
TOTAL THIS MO.    47    CLEAR  (SCALE 0-3)  15
DPTR FM NORMAL   -56    PTCLDY (SCALE 4-7)   5
TOTAL FM JUL 1  1526    CLOUDY (SCALE 8-10)  0
DPTR FM NORMAL  -590

[CDD (BASE 65) ]
TOTAL THIS MO.    46
DPTR FM NORMAL    17    [PRESSURE DATA]
TOTAL FM JAN 1    62    HIGHEST SLP M ON M
DPTR FM NORMAL    24    LOWEST  SLP 29.77 ON 15

[REMARKS]
