000
CXUS54 KAMA 191015
CF6BGD
PRELIMINARY LOCAL CLIMATOLOGICAL DATA (WS FORM: F-6)

                                          STATION:   BORGER
                                          MONTH:     APRIL
                                          YEAR:      2018
                                          LATITUDE:   35 42 N
                                          LONGITUDE: 101 24 W

  TEMPERATURE IN F:       :PCPN:    SNOW:  WIND      :SUNSHINE: SKY     :PK WND
================================================================================
1   2   3   4   5  6A  6B    7    8   9   10  11  12  13   14  15   16   17  18
                                     12Z  AVG MX 2MIN
DY MAX MIN AVG DEP HDD CDD  WTR  SNW DPTH SPD SPD DIR MIN PSBL S-S WX    SPD DR
================================================================================

 1  41  33  37 -18  28   0 0.00  0.0    0  9.9 18  60   M    M   6        25  70
 2  87  34  61   6   4   0 0.00  0.0    0 15.8 35 240   M    M   2        46 250
 3  67  38  53  -2  12   0 0.00  0.0    0 18.9 40  10   M    M   1        51  20
 4  67  31  49  -6  16   0 0.00  0.0    0 15.0 29 190   M    M   0        40 200
 5  78  45  62   6   3   0 0.00  0.0    0  8.6 21 360   M    M   0        25  10
 6  59  26  43 -13  22   0 0.00  0.0    0 15.5 28  20   M    M   8        35  30
 7  49  21  35 -21  30   0 0.00  0.0    0  9.6 21  30   M    M   5        25  20
 8  70  33  52  -5  13   0 0.00  0.0    0 10.5 21 200   M    M   0        30 200
 9  64  36  50  -7  15   0 0.00  0.0    0  7.2 21 360   M    M   2        26  20
10  76  45  61   4   4   0 0.00  0.0    0 13.0 23 220   M    M   3        34 250
11  95  53  74  17   0   9 0.00  0.0    0 15.6 29 250   M    M   0        38 230
12  95  58  77  19   0  12 0.00  0.0    0 16.8 33 220   M    M   0        49 230
13  79  37  58   0   7   0    T  0.0    0 17.2 36 330   M    M   2        46 340
14  56  32  44 -14  21   0 0.00  0.0    0 20.5 40 350   M    M   1        53 360
15  71  28  50  -8  15   0 0.00  0.0    0  7.0 14 140   M    M   0        19 130
16  90  40  65   6   0   0 0.00  0.0    0 12.6 25 200   M    M   0        34 210
17  92  56  74  15   0   9 0.00  0.0    0 18.9 38 240   M    M   1 8      51 240
18  68  43  56  -3   9   0 0.00  0.0    0 13.9 30  10   M    M   0        39  10
================================================================================
SM 1304  689       199  30    T      0.0 246.5          M       31
================================================================================
AV 72.4 38.3                              13.7 FASTST   M    M   2    MAX(MPH)
                                 MISC ---->  # 40  10               # 53  360
================================================================================
NOTES:
# LAST OF SEVERAL OCCURRENCES

COLUMN 17 PEAK WIND IN M.P.H.

PRELIMINARY LOCAL CLIMATOLOGICAL DATA (WS FORM: F-6) , PAGE 2

                                          STATION:  BORGER
                                          MONTH:    APRIL
                                          YEAR:     2018
                                          LATITUDE:   35 42 N
                                          LONGITUDE: 101 24 W

[TEMPERATURE DATA]      [PRECIPITATION DATA]       SYMBOLS USED IN COLUMN 16

AVERAGE MONTHLY: 55.4   TOTAL FOR MONTH:      T    1 = FOG OR MIST
DPTR FM NORMAL:  -1.6   DPTR FM NORMAL:   -1.01    2 = FOG REDUCING VISIBILITY
HIGHEST:    95 ON 12,11 GRTST 24HR    T  ON 13-13      TO 1/4 MILE OR LESS
LOWEST:     21 ON  7                               3 = THUNDER
                        SNOW, ICE PELLETS, HAIL    4 = ICE PELLETS
                        TOTAL MONTH:   0.0 INCH    5 = HAIL
                        GRTST 24HR     0.0         6 = FREEZING RAIN OR DRIZZLE
                        GRTST DEPTH:   0           7 = DUSTSTORM OR SANDSTORM:
                                                       VSBY 1/2 MILE OR LESS
                                                   8 = SMOKE OR HAZE
[NO. OF DAYS WITH]      [WEATHER - DAYS WITH]      9 = BLOWING SNOW
                                                   X = TORNADO
MAX 32 OR BELOW:   0    0.01 INCH OR MORE:   0
MAX 90 OR ABOVE:   4    0.10 INCH OR MORE:   0
MIN 32 OR BELOW:   5    0.50 INCH OR MORE:   0
MIN  0 OR BELOW:   0    1.00 INCH OR MORE:   0

[HDD (BASE 65) ]
TOTAL THIS MO.   199    CLEAR  (SCALE 0-3)  15
DPTR FM NORMAL    39    PTCLDY (SCALE 4-7)   3
TOTAL FM JUL 1  3171    CLOUDY (SCALE 8-10)  0
DPTR FM NORMAL  -466

[CDD (BASE 65) ]
TOTAL THIS MO.    30
DPTR FM NORMAL    15    [PRESSURE DATA]
TOTAL FM JAN 1    41    HIGHEST SLP M ON M
DPTR FM NORMAL    19    LOWEST  SLP 29.27 ON 12

[REMARKS]
