000
CXUS56 KTFX 261205
CF6BZN
PRELIMINARY LOCAL CLIMATOLOGICAL DATA (WS FORM: F-6)

                                          STATION:   BOZEMAN/GALLATIN FIELD MT
                                          MONTH:     APRIL
                                          YEAR:      2018
                                          LATITUDE:   45 46 N
                                          LONGITUDE: 111  9 W

  TEMPERATURE IN F:       :PCPN:    SNOW:  WIND      :SUNSHINE: SKY     :PK WND
================================================================================
1   2   3   4   5  6A  6B    7    8   9   10  11  12  13   14  15   16   17  18
                                     12Z  AVG MX 2MIN
DY MAX MIN AVG DEP HDD CDD  WTR  SNW DPTH SPD SPD DIR MIN PSBL S-S WX    SPD DR
================================================================================

 1  43   8  26 -16  39   0 0.01  0.1    T  4.9 16 140   M    M   5        19 130
 2  35   7  21 -21  44   0 0.24  2.3    T  8.5 32 350   M    M   9 18     38 360
 3  40   1  21 -21  44   0 0.00  0.0    1  4.4 13  80   M    M   5 18     15  80
 4  50  34  42   0  23   0 0.00  0.0    0  4.4 16 310   M    M  10        23 270
 5  42  21  32 -10  33   0 0.12  1.4    0  6.1 14 270   M    M  10 128    16 280
 6  28  17  23 -20  42   0 0.04  0.6    2  3.9 12 350   M    M   8 18     13 350
 7  45  18  32 -11  33   0 0.35  1.8    T  5.0 33 310   M    M   4 1      42 310
 8  49  24  37  -6  28   0 0.03  0.0    1  5.8 21 330   M    M   8 3      32 310
 9  54  30  42  -1  23   0 0.00  0.0    0  5.3 15 270   M    M   7        21 240
10  56  25  41  -3  24   0    T  0.0    0  5.1 15 230   M    M   4        19 230
11  56  37  47   3  18   0 0.20  0.0    0  6.4 26 290   M    M   8 1      35 290
12  41  31  36  -8  29   0 0.42  2.0    0  9.7 29 300   M    M   8 12     36 310
13  46  26  36  -8  29   0 0.09  0.5    3  6.3 15 290   M    M   7 1      19 260
14  55  30  43  -2  22   0    T  0.0    0  6.2 20 240   M    M   7        23 240
15  64  30  47   2  18   0 0.00  0.0    0  7.3 21 230   M    M   5        27 230
16  68  33  51   6  14   0 0.35    T    0 15.2 39 290   M    M   5 1      51 220
17  43  29  36  -9  29   0    T    T    0  6.3 23 290   M    M   8 1      27 300
18  53  24  39  -7  26   0 0.00  0.0    0  5.4 12 120   M    M   1        17 130
19  61  28  45  -1  20   0 0.00  0.0    0  5.2 15  60   M    M   2        19  60
20  64  28  46   0  19   0 0.00  0.0    0  6.2 14 170   M    M   0        16 300
21  72  29  51   5  14   0 0.00  0.0    0  7.5 22 350   M    M   0        28 260
22  65  32  49   2  16   0 0.66  0.0    0  5.7 23 350   M    M   4 1      30 350
23  41  32  37 -10  28   0 0.59    T    0  6.8 16 360   M    M   9 1      20 360
24  56  26  41  -6  24   0 0.00  0.0    0  2.9 10 150   M    M   0        13 160
25  66  27  47  -1  18   0 0.00  0.0    0  8.1 25 340   M    M   2        39 340
================================================================================
SM 1293  627       657   0  3.10     8.7 158.6          M      136
================================================================================
AV 51.7 25.1                               6.3 FASTST   M    M   5    MAX(MPH)
                                 MISC ---->  # 39 290               # 51  220
================================================================================
NOTES:
# LAST OF SEVERAL OCCURRENCES

COLUMN 17 PEAK WIND IN M.P.H.

PRELIMINARY LOCAL CLIMATOLOGICAL DATA (WS FORM: F-6) , PAGE 2

                                          STATION:  BOZEMAN/GALLATIN FIELD MT
                                          MONTH:    APRIL
                                          YEAR:     2018
                                          LATITUDE:   45 46 N
                                          LONGITUDE: 111  9 W

[TEMPERATURE DATA]      [PRECIPITATION DATA]       SYMBOLS USED IN COLUMN 16

AVERAGE MONTHLY: 38.4   TOTAL FOR MONTH:   3.10    1 = FOG OR MIST
DPTR FM NORMAL:  -6.0   DPTR FM NORMAL:    1.81    2 = FOG REDUCING VISIBILITY
HIGHEST:    72 ON 21    GRTST 24HR  0.66 ON 22-22      TO 1/4 MILE OR LESS
LOWEST:      1 ON  3                               3 = THUNDER
                        SNOW, ICE PELLETS, HAIL    4 = ICE PELLETS
                        TOTAL MONTH:   8.7 INCHES  5 = HAIL
                        GRTST 24HR   2.3 ON  2- 2  6 = FREEZING RAIN OR DRIZZLE
                        GRTST DEPTH:   3 ON 13     7 = DUSTSTORM OR SANDSTORM:
                                                       VSBY 1/2 MILE OR LESS
                                                   8 = SMOKE OR HAZE
[NO. OF DAYS WITH]      [WEATHER - DAYS WITH]      9 = BLOWING SNOW
                                                   X = TORNADO
MAX 32 OR BELOW:   1    0.01 INCH OR MORE:  12
MAX 90 OR ABOVE:   0    0.10 INCH OR MORE:   8
MIN 32 OR BELOW:  22    0.50 INCH OR MORE:   2
MIN  0 OR BELOW:   0    1.00 INCH OR MORE:   0

[HDD (BASE 65) ]
TOTAL THIS MO.   657    CLEAR  (SCALE 0-3)   6
DPTR FM NORMAL   142    PTCLDY (SCALE 4-7)  15
TOTAL FM JUL 1  8021    CLOUDY (SCALE 8-10)  4
DPTR FM NORMAL  1042

[CDD (BASE 65) ]
TOTAL THIS MO.     0
DPTR FM NORMAL     0    [PRESSURE DATA]
TOTAL FM JAN 1     0    HIGHEST SLP M ON M
DPTR FM NORMAL     0    LOWEST  SLP 29.37 ON 16

[REMARKS]
