000
CXUS51 KCLE 200800
CF6ERI
PRELIMINARY LOCAL CLIMATOLOGICAL DATA (WS FORM: F-6)

                                          STATION:   ERIE PA
                                          MONTH:     MAY
                                          YEAR:      2018
                                          LATITUDE:   42  4 N
                                          LONGITUDE:  80 11 W

  TEMPERATURE IN F:       :PCPN:    SNOW:  WIND      :SUNSHINE: SKY     :PK WND
================================================================================
1   2   3   4   5  6A  6B    7    8   9   10  11  12  13   14  15   16   17  18
                                     12Z  AVG MX 2MIN
DY MAX MIN AVG DEP HDD CDD  WTR  SNW DPTH SPD SPD DIR MIN PSBL S-S WX    SPD DR
================================================================================

 1  76  50  63  10   2   0 0.00  0.0    0 10.2 21 260   M    M   0        29 270
 2  84  64  74  21   0   9 0.02  0.0    0 12.9 24 250   M    M   3        33 260
 3  78  55  67  14   0   2 0.24  0.0    0 11.5 24 250   M    M   8 18     30 190
 4  84  49  67  13   0   2 0.06  0.0    0 14.3 33 250   M    M   5 138    52 230
 5  72  49  61   7   4   0 0.00  0.0    0  6.6 17 200   M    M   0 8      21 210
 6  69  50  60   6   5   0 0.01  0.0    0  6.7 18  50   M    M   3        23  50
 7  62  49  56   2   9   0    T  0.0    0 12.1 22  40   M    M   1 1      29  50
 8  70  45  58   3   7   0 0.00  0.0    0  2.8  9 350   M    M   1        12 350
 9  84  51  68  13   0   3 0.00  0.0    0 10.9 20 190   M    M   2        27 180
10  76  52  64   8   1   0 0.25  0.0    0 12.1 22 170   M    M   9 3      32 190
11  52  42  47  -9  18   0 0.29  0.0    0  7.3 17  50   M    M   6 1      20  50
12  50  44  47  -9  18   0 1.84  0.0    0  5.6 16  60   M    M   8 138    20  60
13  62  43  53  -3  12   0 0.04  0.0    0  2.3  9  70   M    M   9 128    11  70
14  76  50  63   6   2   0 0.04  0.0    0  5.9 15 190   M    M   6 12     21 320
15  73  52  63   6   2   0 0.35  0.0    0  7.3 21 320   M    M   4 1238   29 320
16  71  51  61   4   4   0 0.00  0.0    0  4.9 16  20   M    M   0 128    19  20
17  79  52  66   8   0   1 0.00  0.0    0  6.5 20  50   M    M   0 1      25  40
18  71  52  62   4   3   0    T  0.0    0 14.7 32  50   M    M   1 18     44  50
19  79  59  69  11   0   4 1.35  0.0    0 15.9 30 210   M    M   9 13     40 190
================================================================================
SM 1368  959        87  21  4.49     0.0 170.5          M       75
================================================================================
AV 72.0 50.5                               9.0 FASTST   M    M   4    MAX(MPH)
                                 MISC ---->  # 33 250               # 52  230
================================================================================
NOTES:
# LAST OF SEVERAL OCCURRENCES

COLUMN 17 PEAK WIND IN M.P.H.

PRELIMINARY LOCAL CLIMATOLOGICAL DATA (WS FORM: F-6) , PAGE 2

                                          STATION:  ERIE PA
                                          MONTH:    MAY
                                          YEAR:     2018
                                          LATITUDE:   42  4 N
                                          LONGITUDE:  80 11 W

[TEMPERATURE DATA]      [PRECIPITATION DATA]       SYMBOLS USED IN COLUMN 16

AVERAGE MONTHLY: 61.2   TOTAL FOR MONTH:   4.49    1 = FOG OR MIST
DPTR FM NORMAL:   5.8   DPTR FM NORMAL:    2.43    2 = FOG REDUCING VISIBILITY
HIGHEST:    84 ON  9, 4 GRTST 24HR  1.84 ON 12-12      TO 1/4 MILE OR LESS
LOWEST:     42 ON 11                               3 = THUNDER
                        SNOW, ICE PELLETS, HAIL    4 = ICE PELLETS
                        TOTAL MONTH:   0.0 INCH    5 = HAIL
                        GRTST 24HR     0.0         6 = FREEZING RAIN OR DRIZZLE
                        GRTST DEPTH:   0           7 = DUSTSTORM OR SANDSTORM:
                                                       VSBY 1/2 MILE OR LESS
                                                   8 = SMOKE OR HAZE
[NO. OF DAYS WITH]      [WEATHER - DAYS WITH]      9 = BLOWING SNOW
                                                   X = TORNADO
MAX 32 OR BELOW:   0    0.01 INCH OR MORE:  11
MAX 90 OR ABOVE:   0    0.10 INCH OR MORE:   6
MIN 32 OR BELOW:   0    0.50 INCH OR MORE:   2
MIN  0 OR BELOW:   0    1.00 INCH OR MORE:   2

[HDD (BASE 65) ]
TOTAL THIS MO.    87    CLEAR  (SCALE 0-3)  10
DPTR FM NORMAL  -108    PTCLDY (SCALE 4-7)   6
TOTAL FM JUL 1  5988    CLOUDY (SCALE 8-10)  3
DPTR FM NORMAL   -26

[CDD (BASE 65) ]
TOTAL THIS MO.    21
DPTR FM NORMAL     7    [PRESSURE DATA]
TOTAL FM JAN 1    23    HIGHEST SLP M ON M
DPTR FM NORMAL     2    LOWEST  SLP 29.76 ON 10

[REMARKS]
