000
CXUS55 KGGW 200800
CF6GGW
PRELIMINARY LOCAL CLIMATOLOGICAL DATA (WS FORM: F-6)

                                          STATION:   GLASGOW MT
                                          MONTH:     APRIL
                                          YEAR:      2018
                                          LATITUDE:   48 13 N
                                          LONGITUDE: 106 37 W

  TEMPERATURE IN F:       :PCPN:    SNOW:  WIND      :SUNSHINE: SKY     :PK WND
================================================================================
1   2   3   4   5  6A  6B    7    8   9   10  11  12  13   14  15   16   17  18
                                     12Z  AVG MX 2MIN
DY MAX MIN AVG DEP HDD CDD  WTR  SNW DPTH SPD SPD DIR MIN PSBL S-S WX    SPD DR
================================================================================

 1  31   0  16 -23  49   0 0.00  0.0    T  7.8 20  80   M    M   1        24  80
 2  25  16  21 -19  44   0 0.02  0.2    T 15.5 24  80   M    M   9 18     27  70
 3  29   5  17 -23  48   0 0.01  0.1    T  5.8 12 220   M    M   2 18     15 200
 4  40  16  28 -13  37   0 0.00  0.0    T  5.2 12  20   M    M   3        15  20
 5  31   8  20 -21  45   0 0.00  0.0    T 17.4 29 320   M    M   4        35 320
 6  22   4  13 -28  52   0 0.00  0.0    T  5.1 18 100   M    M   0        33 230
 7  36  13  25 -17  40   0 0.12  1.2    T 18.0 25  80   M    M   6 1      32 120
 8  29  22  26 -16  39   0 0.17  3.4    2 12.5 22  90   M    M  10 18     26  90
 9  37  24  31 -12  34   0 0.00  0.0    4  3.5 10 260   M    M   6        13 270
10  51  23  37  -6  28   0 0.00  0.0    T  5.8 18 100   M    M   1 1      23 100
11  51  35  43   0  22   0    T  0.0    T 12.2 28 300   M    M   5 18     34 300
12  41  33  37  -7  28   0 0.00  0.0    T 12.5 22  70   M    M  10        39 350
13  33  26  30 -14  35   0    T    T    T 11.2 16  80   M    M   9 1      19  70
14  54  24  39  -6  26   0 0.00  0.0    T 14.9 23 140   M    M   3        27 150
15  62  29  46   1  19   0 0.00  0.0    0 18.5 28 110   M    M   3        34 120
16  61  32  47   2  18   0 0.00  0.0    0 26.3 39 120   M    M   2        48 120
17  40  31  36 -10  29   0 0.06  0.7    0  8.4 29  80   M    M   6 1      33  80
18  58  32  45  -1  20   0 0.00  0.0    0  8.5 16  90   M    M   4 8       M  M
19  60  30  45  -1  20   0 0.00  0.0    0 20.0 29  90   M    M   4 12     35  90
================================================================================
SM  791  403       633   0  0.38     5.6 229.1          M       88
================================================================================
AV 41.6 21.2                              12.1 FASTST   M    M   5    MAX(MPH)
                                 MISC ---->  # 39 120               # 48  120
================================================================================
NOTES:
# LAST OF SEVERAL OCCURRENCES

COLUMN 17 PEAK WIND IN M.P.H.

PRELIMINARY LOCAL CLIMATOLOGICAL DATA (WS FORM: F-6) , PAGE 2

                                          STATION:  GLASGOW MT
                                          MONTH:    APRIL
                                          YEAR:     2018
                                          LATITUDE:   48 13 N
                                          LONGITUDE: 106 37 W

[TEMPERATURE DATA]      [PRECIPITATION DATA]       SYMBOLS USED IN COLUMN 16

AVERAGE MONTHLY: 31.4   TOTAL FOR MONTH:   0.38    1 = FOG OR MIST
DPTR FM NORMAL: -11.5   DPTR FM NORMAL:   -0.07    2 = FOG REDUCING VISIBILITY
HIGHEST:    62 ON 15    GRTST 24HR  0.17 ON  8- 8      TO 1/4 MILE OR LESS
LOWEST:      0 ON  1                               3 = THUNDER
                        SNOW, ICE PELLETS, HAIL    4 = ICE PELLETS
                        TOTAL MONTH:   5.6 INCHES  5 = HAIL
                        GRTST 24HR   3.4 ON  8- 8  6 = FREEZING RAIN OR DRIZZLE
                        GRTST DEPTH:   4 ON  9     7 = DUSTSTORM OR SANDSTORM:
                                                       VSBY 1/2 MILE OR LESS
                                                   8 = SMOKE OR HAZE
[NO. OF DAYS WITH]      [WEATHER - DAYS WITH]      9 = BLOWING SNOW
                                                   X = TORNADO
MAX 32 OR BELOW:   6    0.01 INCH OR MORE:   5
MAX 90 OR ABOVE:   0    0.10 INCH OR MORE:   2
MIN 32 OR BELOW:  17    0.50 INCH OR MORE:   0
MIN  0 OR BELOW:   1    1.00 INCH OR MORE:   0

[HDD (BASE 65) ]
TOTAL THIS MO.   633    CLEAR  (SCALE 0-3)   8
DPTR FM NORMAL   214    PTCLDY (SCALE 4-7)   7
TOTAL FM JUL 1  8764    CLOUDY (SCALE 8-10)  4
DPTR FM NORMAL   941

[CDD (BASE 65) ]
TOTAL THIS MO.     0
DPTR FM NORMAL     0    [PRESSURE DATA]
TOTAL FM JAN 1     0    HIGHEST SLP M ON M
DPTR FM NORMAL     0    LOWEST  SLP 29.56 ON 17

[REMARKS]
