402
CXUS55 KPUB 261059
CF6LAA
PRELIMINARY LOCAL CLIMATOLOGICAL DATA (WS FORM: F-6)

                                          STATION:   LAMAR CO
                                          MONTH:     APRIL
                                          YEAR:      2018
                                          LATITUDE:   38  4 N
                                          LONGITUDE: 102 41 W

  TEMPERATURE IN F:       :PCPN:    SNOW:  WIND      :SUNSHINE: SKY     :PK WND
================================================================================
1   2   3   4   5  6A  6B    7    8   9   10  11  12  13   14  15   16   17  18
                                     12Z  AVG MX 2MIN
DY MAX MIN AVG DEP HDD CDD  WTR  SNW DPTH SPD SPD DIR MIN PSBL S-S WX    SPD DR
================================================================================

 1  43  26  35 -13  30   0 0.00  0.0    0  9.0 15 110   M    M   2        20 130
 2  86  18  52   4  13   0 0.00  0.0    0 11.3 25 250   M    M   0        34 260
 3  54  26  40  -8  25   0 0.00  0.0    0 18.7 36  10   M    M   3        50  10
 4  74  28  51   2  14   0 0.00  0.0    0 12.1 22 190   M    M   0        28 200
 5  76  27  52   3  13   0 0.00  0.0    0  7.7 17 150   M    M   0        25 150
 6  50  20  35 -14  30   0 0.04    M    0 14.3 25  50   M    M   6 18     35  60
 7  55  19  37 -13  28   0 0.03    M    0 12.2 22 200   M    M   6 1      33 140
 8  72  36  54   4  11   0 0.07  0.0    0 10.5 28 350   M    M   4        37 350
 9  59  36  48  -2  17   0 0.14  0.0    0  6.9 16 340   M    M   5 1      21 330
10  76  33  55   5  10   0 0.00  0.0    0  6.8 16 160   M    M   0        22 160
11  89  37  63  12   2   0 0.00  0.0    0  9.4 21 210   M    M   0 8      28 220
12  92  38  65  14   0   0 0.00  0.0    0 11.5 29 280   M    M   0        39 260
13  66  32  49  -2  16   0 0.18  0.0    0 29.0 48 350   M    M   7 1      63 350
14  52  25  39 -13  26   0 0.00  0.0    0 19.1 37 350   M    M   4        49 360
15  68  22  45  -7  20   0 0.00  0.0    0  6.2 16  90   M    M   1        21  90
16  84  28  56   4   9   0 0.00  0.0    0  8.8 25 100   M    M   0        36 110
17  90  27  59   6   6   0 0.00  0.0    0 19.6 51 270   M    M   2        70 260
18  65  30  48  -5  17   0 0.00  0.0    0 13.1 32 340   M    M   0        44 350
19  70  24  47  -6  18   0 0.00  0.0    0 16.2 31 170   M    M   0        48 140
20  50  41  46  -8  19   0 0.49  0.0    0 16.9 30 150   M    M   8 13     45 150
21  49  41  45  -9  20   0 0.02  0.0    0  8.6 16  40   M    M  10 1      24  20
22  58  30  44 -10  21   0 0.00  0.0    0  4.9 14  90   M    M   5 12     19  90
23  75  33  54   0  11   0 0.00  0.0    0  9.3 21 140   M    M   0        34 120
24  55  37  46  -9  19   0 0.18  0.0    0 15.5 31  10   M    M   8 1      40  10
25  66  31  49  -6  16   0 0.00  0.0    0  7.7 16 350   M    M   1        23  10
================================================================================
SM 1674  745       411   0  1.15     0.0 305.3          M       72
================================================================================
AV 67.0 29.8                              12.2 FASTST   M    M   3    MAX(MPH)
                                 MISC ---->  # 51 270               # 70  260
================================================================================
NOTES:
# LAST OF SEVERAL OCCURRENCES

COLUMN 17 PEAK WIND IN M.P.H.

PRELIMINARY LOCAL CLIMATOLOGICAL DATA (WS FORM: F-6) , PAGE 2

                                          STATION:  LAMAR CO
                                          MONTH:    APRIL
                                          YEAR:     2018
                                          LATITUDE:   38  4 N
                                          LONGITUDE: 102 41 W

[TEMPERATURE DATA]      [PRECIPITATION DATA]       SYMBOLS USED IN COLUMN 16

AVERAGE MONTHLY: 48.4   TOTAL FOR MONTH:   1.15    1 = FOG OR MIST
DPTR FM NORMAL:  -3.0   DPTR FM NORMAL:    0.10    2 = FOG REDUCING VISIBILITY
HIGHEST:    92 ON 12    GRTST 24HR  0.49 ON 20-20      TO 1/4 MILE OR LESS
LOWEST:     18 ON  2                               3 = THUNDER
                        SNOW, ICE PELLETS, HAIL    4 = ICE PELLETS
                        TOTAL MONTH:   0.0 INCH    5 = HAIL
                        GRTST 24HR     0.0         6 = FREEZING RAIN OR DRIZZLE
                        GRTST DEPTH:   0           7 = DUSTSTORM OR SANDSTORM:
                                                       VSBY 1/2 MILE OR LESS
                                                   8 = SMOKE OR HAZE
[NO. OF DAYS WITH]      [WEATHER - DAYS WITH]      9 = BLOWING SNOW
                                                   X = TORNADO
MAX 32 OR BELOW:   0    0.01 INCH OR MORE:   8
MAX 90 OR ABOVE:   2    0.10 INCH OR MORE:   4
MIN 32 OR BELOW:  16    0.50 INCH OR MORE:   0
MIN  0 OR BELOW:   0    1.00 INCH OR MORE:   0

[HDD (BASE 65) ]
TOTAL THIS MO.   411    CLEAR  (SCALE 0-3)  15
DPTR FM NORMAL    67    PTCLDY (SCALE 4-7)   8
TOTAL FM JUL 1  4965    CLOUDY (SCALE 8-10)  2
DPTR FM NORMAL  -388

[CDD (BASE 65) ]
TOTAL THIS MO.     0
DPTR FM NORMAL     0    [PRESSURE DATA]
TOTAL FM JAN 1     0    HIGHEST SLP M ON M
DPTR FM NORMAL     0    LOWEST  SLP 29.33 ON 12

[REMARKS]
