000
CXUS54 KFWD 290731
CF6MWL
PRELIMINARY LOCAL CLIMATOLOGICAL DATA (WS FORM: F-6)
STATION: MINERAL WELLS
MONTH: MARCH
YEAR: 2024
LATITUDE: 32 46 N
LONGITUDE: 98 4 W
TEMPERATURE IN F: :PCPN: SNOW: WIND :SUNSHINE: SKY :PK WND
================================================================================
1 2 3 4 5 6A 6B 7 8 9 10 11 12 13 14 15 16 17 18
12Z AVG MX 2MIN
DY MAX MIN AVG DEP HDD CDD WTR SNW DPTH SPD SPD DIR MIN PSBL S-S WX SPD DR
================================================================================
1 77 32 55 2 10 0 0.00 M M 8.9 17 150 M M 2 12 23 140
2 86 47 67 13 0 2 0.00 M M 10.7 21 230 M M 0 30 230
3 83 56 70 16 0 5 0.00 M M 12.0 21 180 M M 0 1 30 180
4 85 61 73 19 0 8 0.00 M M 9.6 20 200 M M 1 1 29 170
5 78 50 64 10 1 0 0.00 M M 6.1 17 320 M M 0 1 22 320
6 79 46 63 8 2 0 T M M 5.8 18 160 M M 1 3 24 150
7 66 57 62 7 3 0 1.35 M M 9.5 28 140 M M 8 13 36 140
8 69 41 55 0 10 0 0.01 M M 11.7 25 320 M M 9 1 37 330
9 59 39 49 -7 16 0 0.00 M M 12.8 25 340 M M 4 1 36 330
10 65 35 50 -6 15 0 0.00 M M 5.2 12 120 M M 0 16 120
11 72 46 59 3 6 0 0.01 M M 9.0 18 170 M M 2 24 180
12 81 51 66 9 0 1 0.00 M M 11.0 21 180 M M 2 29 210
13 85 57 71 14 0 6 0.00 M M 12.3 20 170 M M 0 1 26 170
14 83 69 76 19 0 11 T M M 9.1 22 40 M M 7 29 170
15 69 51 60 2 5 0 0.27 M M 10.3 21 60 M M 6 13 27 40
16 60 50 55 -3 10 0 0.80 M M 5.8 13 10 M M 9 13 16 60
17 66 53 60 2 5 0 0.01 M M 8.0 18 30 M M 8 1 25 40
18 62 42 52 -6 13 0 0.00 M M 6.8 16 30 M M 2 22 50
19 71 37 54 -5 11 0 0.00 M M 6.3 16 140 M M 0 22 150
20 74 48 61 2 4 0 0.00 M M 8.2 16 160 M M 2 23 140
21 70 54 62 3 3 0 0.51 M M 8.9 21 130 M M 7 13 30 290
22 72 53 63 3 2 0 T M M 10.3 21 340 M M 6 1 27 340
23 68 44 56 -4 9 0 0.00 M M 7.4 16 140 M M 0 21 140
24 71 59 65 5 0 0 1.21 M M 16.7 31 170 M M 4 13 45 180
25 70 41 56 -4 9 0 M M M 12.7 26 240 M M 4 3 35 240
26 61 36 49 -12 16 0 0.00 M M 7.2 17 310 M M 0 23 350
27 67 38 53 -8 12 0 0.01 M M 7.0 20 130 M M 2 27 130
28 75 39 57 -4 8 0 0.00 M M 6.8 15 160 M M 0 25 150
================================================================================
SM 2024 1332 170 33 4.18 M 256.1 M 86
================================================================================
AV 72.3 47.6 9.1 FASTST M M 3 MAX(MPH)
MISC ----> 31 170 45 180
================================================================================
NOTES:
# LAST OF SEVERAL OCCURRENCES
COLUMN 17 PEAK WIND IN M.P.H.
PRELIMINARY LOCAL CLIMATOLOGICAL DATA (WS FORM: F-6) , PAGE 2
STATION: MINERAL WELLS
MONTH: MARCH
YEAR: 2024
LATITUDE: 32 46 N
LONGITUDE: 98 4 W
[TEMPERATURE DATA] [PRECIPITATION DATA] SYMBOLS USED IN COLUMN 16
AVERAGE MONTHLY: 59.9 TOTAL FOR MONTH: 4.18 1 = FOG OR MIST
DPTR FM NORMAL: 2.6 DPTR FM NORMAL: 1.47 2 = FOG REDUCING VISIBILITY
HIGHEST: 86 ON 2 GRTST 24HR 1.35 ON 6- 7 TO 1/4 MILE OR LESS
LOWEST: 32 ON 1 3 = THUNDER
SNOW, ICE PELLETS, HAIL 4 = ICE PELLETS
TOTAL MONTH: M 5 = HAIL
GRTST 24HR M ON M 6 = FREEZING RAIN OR DRIZZLE
GRTST DEPTH: M ON M 7 = DUSTSTORM OR SANDSTORM:
VSBY 1/2 MILE OR LESS
8 = SMOKE OR HAZE
[NO. OF DAYS WITH] [WEATHER - DAYS WITH] 9 = BLOWING SNOW
X = TORNADO
MAX 32 OR BELOW: 0 0.01 INCH OR MORE: 9
MAX 90 OR ABOVE: 0 0.10 INCH OR MORE: 5
MIN 32 OR BELOW: 1 0.50 INCH OR MORE: 4
MIN 0 OR BELOW: 0 1.00 INCH OR MORE: 2
[HDD (BASE 65) ]
TOTAL THIS MO. 170 CLEAR (SCALE 0-3) 17
DPTR FM NORMAL -74 PTCLDY (SCALE 4-7) 8
TOTAL FM JUL 1 1924 CLOUDY (SCALE 8-10) 3
DPTR FM NORMAL -355
[CDD (BASE 65) ]
TOTAL THIS MO. 33
DPTR FM NORMAL -1 [PRESSURE DATA]
TOTAL FM JAN 1 51 HIGHEST SLP M ON M
DPTR FM NORMAL 9 LOWEST SLP 29.38 ON 24
[REMARKS]