000
CXUS56 KSTO 011301
CF6MYV
PRELIMINARY LOCAL CLIMATOLOGICAL DATA (WS FORM: F-6)
STATION: MARYSVILLE
MONTH: MARCH
YEAR: 2024
LATITUDE: 39 6 N
LONGITUDE: 121-34 E
TEMPERATURE IN F: :PCPN: SNOW: WIND :SUNSHINE: SKY :PK WND
================================================================================
1 2 3 4 5 6A 6B 7 8 9 10 11 12 13 14 15 16 17 18
12Z AVG MX 2MIN
DY MAX MIN AVG DEP HDD CDD WTR SNW DPTH SPD SPD DIR MIN PSBL S-S WX SPD DR
================================================================================
1 59 48 54 1 11 0 0.18 M M 17.0 31 190 M M 7 46 190
2 53 42 48 -5 17 0 0.16 M M 12.7 26 220 M M 6 38 220
3 55 41 48 -6 17 0 0.11 M M 13.5 28 180 M M 5 36 170
4 54 40 47 -7 18 0 0.00 M M 8.3 14 180 M M 6 18 160
5 61 49 55 1 10 0 T M M 11.4 23 160 M M 9 31 180
6 65 46 56 2 9 0 0.00 M M 2.2 14 290 M M 5 17 290
7 66 42 54 0 11 0 0.00 M M 6.0 15 310 M M 1 1 21 310
8 67 45 56 2 9 0 0.00 M M 6.3 14 340 M M 0 20 330
9 61 47 54 0 11 0 0.00 M M 8.9 15 150 M M 6 20 150
10 62 48 55 1 10 0 0.04 0.0 M 9.1 18 160 M M 7 23 150
11 63 50 57 3 8 0 0.10 0.0 M 6.8 17 210 M M 9 18 22 190
12 63 47 55 1 10 0 0.11 M M 7.4 17 180 M M 7 1 22 180
13 66 45 56 1 9 0 0.00 M M 11.8 25 320 M M 0 33 320
14 71 47 59 4 6 0 0.00 M M 13.5 26 320 M M 0 38 320
15 77 48 63 8 2 0 0.00 M M 10.8 25 310 M M 0 34 330
16 75 41 58 3 7 0 0.00 M M 2.1 9 250 M M 0 12 300
17 74 43 59 4 6 0 0.00 M M 3.2 10 140 M M 0 12 140
18 76 45 61 6 4 0 0.00 M M 2.3 7 310 M M 0 13 240
19 76 49 63 8 2 0 0.00 M M 3.7 9 150 M M 0 13 140
20 75 50 63 8 2 0 0.00 M M 8.8 15 160 M M 0 20 140
21 70 49 60 5 5 0 0.00 M M 8.1 14 150 M M 0 19 150
22 67 50 59 4 6 0 0.13 M M 11.2 22 220 M M 5 31 210
23 61 49 55 0 10 0 0.06 M M 13.8 25 170 M M 8 3 33 180
24 66 46 56 0 9 0 0.00 M M 6.0 15 310 M M 3 23 340
25 65 42 54 -2 11 0 0.00 M M 8.4 15 150 M M 1 23 160
26 67 43 55 -1 10 0 0.00 0.0 M 5.5 13 130 M M 1 17 130
27 58 49 54 -2 11 0 0.55 0.0 M 14.4 21 180 M M 8 1 28 150
28 63 46 55 -1 10 0 0.02 0.0 M 9.5 17 180 M M 4 23 180
29 55 44 50 -6 15 0 0.13 M M 8.7 22 130 M M 7 29 120
30 64 48 56 0 9 0 0.33 M M 4.0 15 140 M M 7 1 20 30
31 68 50 59 3 6 0 0.01 0.0 M 2.6 13 120 M M 5 16 120
================================================================================
SM 2023 1429 281 0 1.93 0.0 258.0 M 117
================================================================================
AV 65.3 46.1 8.3 FASTST M M 4 MAX(MPH)
MISC ----> 31 190 46 190
================================================================================
NOTES:
# LAST OF SEVERAL OCCURRENCES
COLUMN 17 PEAK WIND IN M.P.H.
PRELIMINARY LOCAL CLIMATOLOGICAL DATA (WS FORM: F-6) , PAGE 2
STATION: MARYSVILLE
MONTH: MARCH
YEAR: 2024
LATITUDE: 39 6 N
LONGITUDE: 121-34 E
[TEMPERATURE DATA] [PRECIPITATION DATA] SYMBOLS USED IN COLUMN 16
AVERAGE MONTHLY: 55.7 TOTAL FOR MONTH: 1.93 1 = FOG OR MIST
DPTR FM NORMAL: 0.9 DPTR FM NORMAL: -0.99 2 = FOG REDUCING VISIBILITY
HIGHEST: 77 ON 15 GRTST 24HR 0.55 ON 27-27 TO 1/4 MILE OR LESS
LOWEST: 40 ON 4 3 = THUNDER
SNOW, ICE PELLETS, HAIL 4 = ICE PELLETS
TOTAL MONTH: 0.0 INCH 5 = HAIL
GRTST 24HR 0.0 6 = FREEZING RAIN OR DRIZZLE
GRTST DEPTH: M ON M 7 = DUSTSTORM OR SANDSTORM:
VSBY 1/2 MILE OR LESS
8 = SMOKE OR HAZE
[NO. OF DAYS WITH] [WEATHER - DAYS WITH] 9 = BLOWING SNOW
X = TORNADO
MAX 32 OR BELOW: 0 0.01 INCH OR MORE: 13
MAX 90 OR ABOVE: 0 0.10 INCH OR MORE: 9
MIN 32 OR BELOW: 0 0.50 INCH OR MORE: 1
MIN 0 OR BELOW: 0 1.00 INCH OR MORE: 0
[HDD (BASE 65) ]
TOTAL THIS MO. 281 CLEAR (SCALE 0-3) 13
DPTR FM NORMAL -36 PTCLDY (SCALE 4-7) 14
TOTAL FM JUL 1 1804 CLOUDY (SCALE 8-10) 4
DPTR FM NORMAL -508
[CDD (BASE 65) ]
TOTAL THIS MO. 0
DPTR FM NORMAL -1 [PRESSURE DATA]
TOTAL FM JAN 1 0 HIGHEST SLP 30.25 ON 13
DPTR FM NORMAL -1 LOWEST SLP 29.65 ON 1
[REMARKS]
#FINAL-03-24#