689
CXUS51 KAKQ 250633
CF6ORF
PRELIMINARY LOCAL CLIMATOLOGICAL DATA (WS FORM: F-6)

                                          STATION:   NORFOLK VA
                                          MONTH:     MAY
                                          YEAR:      2018
                                          LATITUDE:   36 54 N
                                          LONGITUDE:  76 12 W

  TEMPERATURE IN F:       :PCPN:    SNOW:  WIND      :SUNSHINE: SKY     :PK WND
================================================================================
1   2   3   4   5  6A  6B    7    8   9   10  11  12  13   14  15   16   17  18
                                     12Z  AVG MX 2MIN
DY MAX MIN AVG DEP HDD CDD  WTR  SNW DPTH SPD SPD DIR MIN PSBL S-S WX    SPD DR
================================================================================

 1  82  48  65   2   0   0 0.00  0.0    0  6.7 14 140   M    M   0        17 140
 2  89  56  73  10   0   8 0.00  0.0    0 11.5 20 210   M    M   0        25 230
 3  89  63  76  13   0  11 0.00  0.0    0 16.7 23 210   M    M   0        31 220
 4  89  66  78  15   0  13 0.00  0.0    0 17.4 26 220   M    M   0        32 210
 5  77  63  70   6   0   5 0.00  0.0    0  9.2 21 220   M    M   1        26 220
 6  74  62  68   4   0   3 2.57  0.0    0  3.8 14  30   M    M   8 1      15  30
 7  64  57  61  -3   4   0 0.06  0.0    0 11.7 18  40   M    M   9 1      25  40
 8  61  56  59  -5   6   0 0.00  0.0    0 12.3 18  30   M    M   9 1      22  40
 9  66  54  60  -5   5   0 0.00  0.0    0  7.0 13  40   M    M   7 1       M  M
10  84  52  68   3   0   3 0.38  0.0    0 11.2 24 200   M    M   2 12     36 210
11  84  64  74   9   0   9 0.00  0.0    0  7.4 16 220   M    M   0        20 140
12  93  69  81  15   0  16 0.00  0.0    0 13.3 20 200   M    M   0        24 190
13  79  62  71   5   0   6 0.00  0.0    0  8.1 16  70   M    M   2 1      21 220
14  82  66  74   8   0   9 0.22  0.0    0  6.9 26 330   M    M   1 1      43 340
15  89  67  78  12   0  13 0.00  0.0    0 15.7 24 220   M    M   0 3      33 220
16  84  72  78  11   0  13    T  0.0    0  8.8 17 200   M    M   3 1      23 200
17  79  72  76   9   0  11 0.95  0.0    0  8.2 15 210   M    M   7 1      19 190
18  83  70  77  10   0  12 0.01  0.0    0  8.8 22 190   M    M   7 1      27 200
19  81  70  76   9   0  11 1.20  0.0    0 10.4 24 210   M    M   7 1      31 200
20  86  72  79  11   0  14    T  0.0    0 12.2 24 200   M    M   5 18     30 210
21  79  66  73   5   0   8    T  0.0    0  8.5 18  70   M    M   7        23  30
22  85  67  76   8   0  11    T  0.0    0  6.7 22 200   M    M   7        25 200
23  86  71  79  10   0  14    T  0.0    0  8.7 17 240   M    M   2        23 240
24  80  66  73   4   0   8    T  0.0    0  5.3 14 360   M    M   0        19 360
================================================================================
SM 1945 1531        15 198  5.39     0.0 236.5          M       84
================================================================================
AV 81.0 63.8                               9.9 FASTST   M    M   4    MAX(MPH)
                                 MISC ---->  # 26 220               # 43  340
================================================================================
NOTES:
# LAST OF SEVERAL OCCURRENCES

COLUMN 17 PEAK WIND IN M.P.H.

PRELIMINARY LOCAL CLIMATOLOGICAL DATA (WS FORM: F-6) , PAGE 2

                                          STATION:  NORFOLK VA
                                          MONTH:    MAY
                                          YEAR:     2018
                                          LATITUDE:   36 54 N
                                          LONGITUDE:  76 12 W

[TEMPERATURE DATA]      [PRECIPITATION DATA]       SYMBOLS USED IN COLUMN 16

AVERAGE MONTHLY: 72.4   TOTAL FOR MONTH:   5.39    1 = FOG OR MIST
DPTR FM NORMAL:   6.7   DPTR FM NORMAL:    2.84    2 = FOG REDUCING VISIBILITY
HIGHEST:    93 ON 12    GRTST 24HR  2.57 ON  6- 6      TO 1/4 MILE OR LESS
LOWEST:     48 ON  1                               3 = THUNDER
                        SNOW, ICE PELLETS, HAIL    4 = ICE PELLETS
                        TOTAL MONTH:   0.0 INCH    5 = HAIL
                        GRTST 24HR     0.0         6 = FREEZING RAIN OR DRIZZLE
                        GRTST DEPTH:   0           7 = DUSTSTORM OR SANDSTORM:
                                                       VSBY 1/2 MILE OR LESS
                                                   8 = SMOKE OR HAZE
[NO. OF DAYS WITH]      [WEATHER - DAYS WITH]      9 = BLOWING SNOW
                                                   X = TORNADO
MAX 32 OR BELOW:   0    0.01 INCH OR MORE:   7
MAX 90 OR ABOVE:   1    0.10 INCH OR MORE:   5
MIN 32 OR BELOW:   0    0.50 INCH OR MORE:   3
MIN  0 OR BELOW:   0    1.00 INCH OR MORE:   2

[HDD (BASE 65) ]
TOTAL THIS MO.    15    CLEAR  (SCALE 0-3)  14
DPTR FM NORMAL   -49    PTCLDY (SCALE 4-7)   8
TOTAL FM JUL 1  3189    CLOUDY (SCALE 8-10)  2
DPTR FM NORMAL  -175

[CDD (BASE 65) ]
TOTAL THIS MO.   198
DPTR FM NORMAL   118    [PRESSURE DATA]
TOTAL FM JAN 1   247    HIGHEST SLP M ON M
DPTR FM NORMAL   123    LOWEST  SLP 29.81 ON  6

[REMARKS]
