632
CXUS51 KAKQ 241010
CF6RIC
PRELIMINARY LOCAL CLIMATOLOGICAL DATA (WS FORM: F-6)

                                          STATION:   RICHMOND VA
                                          MONTH:     APRIL
                                          YEAR:      2018
                                          LATITUDE:   37 30 N
                                          LONGITUDE:  77 20 W

  TEMPERATURE IN F:       :PCPN:    SNOW:  WIND      :SUNSHINE: SKY     :PK WND
================================================================================
1   2   3   4   5  6A  6B    7    8   9   10  11  12  13   14  15   16   17  18
                                     12Z  AVG MX 2MIN
DY MAX MIN AVG DEP HDD CDD  WTR  SNW DPTH SPD SPD DIR MIN PSBL S-S WX    SPD DR
================================================================================

 1  71  44  58   4   7   0 0.00  0.0    0  7.3 16 260   M    M   9        19 250
 2  60  45  53  -1  12   0    T  0.0    0 10.7 17  30   M    M   9        22 350
 3  64  42  53  -1  12   0    T  0.0    0  7.2 17 100   M    M   9 1      21 170
 4  79  44  62   7   3   0    T  0.0    0 19.5 30 280   M    M   7        40 220
 5  58  33  46  -9  19   0 0.00  0.0    0  6.1 16 280   M    M   1        23 230
 6  73  38  56   1   9   0 0.01  0.0    0 16.6 31 220   M    M   6        39 220
 7  59  33  46 -10  19   0 0.30    T    0 11.5 23  20   M    M  10 1      30  20
 8  53  33  43 -13  22   0 0.00  0.0    0  9.7 21 360   M    M   5        29 340
 9  52  38  45 -11  20   0 0.10  0.0    0  7.6 15 110   M    M   9 1      18 100
10  59  39  49  -8  16   0 0.00  0.0    0  7.3 17 340   M    M   4 1      23 340
11  61  36  49  -8  16   0 0.00  0.0    0  5.1 17 280   M    M   5 1      21 290
12  77  41  59   2   6   0 0.00  0.0    0 15.9 31 200   M    M   4 8      39 220
13  84  55  70  12   0   5 0.00  0.0    0 15.8 25 190   M    M   4        33 190
14  83  61  72  14   0   7 0.00  0.0    0 14.7 28 230   M    M   6        33 210
15  79  64  72  14   0   7 0.02  0.0    0 12.6 26 140   M    M   8 13     37 150
16  72  36  54  -4  11   0 1.53  0.0    0 15.6 41 210   M    M   8 138    51 200
17  55  38  47 -12  18   0 0.00  0.0    0 11.7 23 280   M    M   4        30 280
18  74  38  56  -3   9   0 0.00  0.0    0  6.8 16 200   M    M   4        28 160
19  70  42  56  -3   9   0 0.02  0.0    0 12.6 35 310   M    M   3        41 300
20  64  35  50 -10  15   0 0.00  0.0    0  9.9 24 340   M    M   0        33 340
21  65  38  52  -8  13   0 0.00  0.0    0  4.2 13  80   M    M   3        15  80
22  69  42  56  -4   9   0 0.00  0.0    0  7.5 16 130   M    M   8        20 130
23  70  44  57  -3   8   0 0.00  0.0    0 10.4 23 120   M    M   9        30 140
================================================================================
SM 1551  959       253  19  1.98    T    246.3          M      135
================================================================================
AV 67.4 41.7                              10.7 FASTST   M    M   6    MAX(MPH)
                                 MISC ---->  # 41 210               # 51  200
================================================================================
NOTES:
# LAST OF SEVERAL OCCURRENCES

COLUMN 17 PEAK WIND IN M.P.H.

PRELIMINARY LOCAL CLIMATOLOGICAL DATA (WS FORM: F-6) , PAGE 2

                                          STATION:  RICHMOND VA
                                          MONTH:    APRIL
                                          YEAR:     2018
                                          LATITUDE:   37 30 N
                                          LONGITUDE:  77 20 W

[TEMPERATURE DATA]      [PRECIPITATION DATA]       SYMBOLS USED IN COLUMN 16

AVERAGE MONTHLY: 54.6   TOTAL FOR MONTH:   1.98    1 = FOG OR MIST
DPTR FM NORMAL:  -2.6   DPTR FM NORMAL:   -0.54    2 = FOG REDUCING VISIBILITY
HIGHEST:    84 ON 13    GRTST 24HR  1.53 ON 16-16      TO 1/4 MILE OR LESS
LOWEST:     33 ON  8, 7                            3 = THUNDER
                        SNOW, ICE PELLETS, HAIL    4 = ICE PELLETS
                        TOTAL MONTH:    T          5 = HAIL
                        GRTST 24HR    T  ON  7- 7  6 = FREEZING RAIN OR DRIZZLE
                        GRTST DEPTH:   0           7 = DUSTSTORM OR SANDSTORM:
                                                       VSBY 1/2 MILE OR LESS
                                                   8 = SMOKE OR HAZE
[NO. OF DAYS WITH]      [WEATHER - DAYS WITH]      9 = BLOWING SNOW
                                                   X = TORNADO
MAX 32 OR BELOW:   0    0.01 INCH OR MORE:   6
MAX 90 OR ABOVE:   0    0.10 INCH OR MORE:   3
MIN 32 OR BELOW:   0    0.50 INCH OR MORE:   1
MIN  0 OR BELOW:   0    1.00 INCH OR MORE:   1

[HDD (BASE 65) ]
TOTAL THIS MO.   253    CLEAR  (SCALE 0-3)   3
DPTR FM NORMAL    50    PTCLDY (SCALE 4-7)  12
TOTAL FM JUL 1  3670    CLOUDY (SCALE 8-10)  8
DPTR FM NORMAL    15

[CDD (BASE 65) ]
TOTAL THIS MO.    19
DPTR FM NORMAL    -5    [PRESSURE DATA]
TOTAL FM JAN 1    28    HIGHEST SLP M ON M
DPTR FM NORMAL    -2    LOWEST  SLP 29.50 ON 16

[REMARKS]
