000
CXUS53 KLSX 191600
CF6SET
PRELIMINARY LOCAL CLIMATOLOGICAL DATA (WS FORM: F-6)

                                          STATION:   ST_CHARLES MO
                                          MONTH:     APRIL
                                          YEAR:      2018
                                          LATITUDE:   38 55 N
                                          LONGITUDE:  90 26 W

  TEMPERATURE IN F:       :PCPN:    SNOW:  WIND      :SUNSHINE: SKY     :PK WND
================================================================================
1   2   3   4   5  6A  6B    7    8   9   10  11  12  13   14  15   16   17  18
                                     12Z  AVG MX 2MIN
DY MAX MIN AVG DEP HDD CDD  WTR  SNW DPTH SPD SPD DIR MIN PSBL S-S WX    SPD DR
================================================================================

 1  40  25  33 -18  32   0    M    M    0 10.0 20  10   M    M   5 123    24 360
 2  41  24  33 -18  32   0 0.12  0.0    M  9.8 16 110   M    M  10 138    20 100
 3  71  36  54   2  11   0 0.01  0.0    0 17.2 36 290   M    M  10 123    47 290
 4  41  29  35 -17  30   0 0.00  0.0    0 11.5 32 310   M    M   4        42 310
 5  64  28  46  -6  19   0 0.00  0.0    0  8.1 18 160   M    M   1        25 170
 6  52  28  40 -13  25   0 0.00  0.0    0 13.1 22 350   M    M   6        32 350
 7  45  24  35 -18  30   0 0.00  0.0    0  8.3 18 360   M    M   1        25  10
 8  43  27  35 -18  30   0    T    M    0  5.7 15 140   M    M   5 1      17 140
 9  47  34  41 -13  24   0 0.00  0.0    0  7.7 16  30   M    M  10 1      20  40
10  51  34  43 -11  22   0 0.00  0.0    0  5.8 14 270   M    M   6        19 290
11  78  36  57   3   8   0 0.00  0.0    0 12.0 25 230   M    M   2        33 210
12  87  52  70  15   0   5 0.00  0.0    0 13.2 26 170   M    M   0        33 170
13  82  60  71  16   0   6 1.26  0.0    0 14.4 30 180   M    M   3 13     37 170
14  64  42  53  -3  12   0 0.29  0.0    0 11.2 36 120   M    M   6 1      48 120
15  44  33  39 -17  26   0 0.01  0.0    0 16.0 28 290   M    M   8 18     37 270
16  48  31  40 -16  25   0    T    M    0 15.6 28 310   M    M   6        38 330
17  59  29  44 -12  21   0 0.00  0.0    0  6.2 15  70   M    M   0        20  70
18  66  39  53  -4  12   0 0.00  0.0    0 20.2 35 300   M    M   5        46 300
================================================================================
SM 1023  611       359  11  1.69     0.0 206.0          M       88
================================================================================
AV 56.8 33.9                              11.4 FASTST   M    M   5    MAX(MPH)
                                 MISC ---->  # 36 290               # 48  120
================================================================================
NOTES:
# LAST OF SEVERAL OCCURRENCES

COLUMN 17 PEAK WIND IN M.P.H.

PRELIMINARY LOCAL CLIMATOLOGICAL DATA (WS FORM: F-6) , PAGE 2

                                          STATION:  ST_CHARLES MO
                                          MONTH:    APRIL
                                          YEAR:     2018
                                          LATITUDE:   38 55 N
                                          LONGITUDE:  90 26 W

[TEMPERATURE DATA]      [PRECIPITATION DATA]       SYMBOLS USED IN COLUMN 16

AVERAGE MONTHLY: 45.4   TOTAL FOR MONTH:   1.69    1 = FOG OR MIST
DPTR FM NORMAL:  -8.5   DPTR FM NORMAL:   -0.49    2 = FOG REDUCING VISIBILITY
HIGHEST:    87 ON 12    GRTST 24HR  1.26 ON 13-13      TO 1/4 MILE OR LESS
LOWEST:     24 ON  7, 2                            3 = THUNDER
                        SNOW, ICE PELLETS, HAIL    4 = ICE PELLETS
                        TOTAL MONTH:   0.0 INCH    5 = HAIL
                        GRTST 24HR     0.0         6 = FREEZING RAIN OR DRIZZLE
                        GRTST DEPTH:   0           7 = DUSTSTORM OR SANDSTORM:
                                                       VSBY 1/2 MILE OR LESS
                                                   8 = SMOKE OR HAZE
[NO. OF DAYS WITH]      [WEATHER - DAYS WITH]      9 = BLOWING SNOW
                                                   X = TORNADO
MAX 32 OR BELOW:   0    0.01 INCH OR MORE:   5
MAX 90 OR ABOVE:   0    0.10 INCH OR MORE:   3
MIN 32 OR BELOW:   9    0.50 INCH OR MORE:   1
MIN  0 OR BELOW:   0    1.00 INCH OR MORE:   1

[HDD (BASE 65) ]
TOTAL THIS MO.   359    CLEAR  (SCALE 0-3)   6
DPTR FM NORMAL   148    PTCLDY (SCALE 4-7)   8
TOTAL FM JUL 1  4505    CLOUDY (SCALE 8-10)  4
DPTR FM NORMAL  -173

[CDD (BASE 65) ]
TOTAL THIS MO.    11
DPTR FM NORMAL     0    [PRESSURE DATA]
TOTAL FM JAN 1    11    HIGHEST SLP 29.46 ON  3
DPTR FM NORMAL    -2    LOWEST  SLP 29.46 ON  3

[REMARKS]
