334
CDUS41 KPHI 220552
CLIABE


CLIMATE REPORT
NATIONAL WEATHER SERVICE MOUNT HOLLY NJ
151 AM EDT SUN APR 22 2018


...................................

...THE ALLENTOWN PA CLIMATE SUMMARY FOR APRIL 21 2018...

CLIMATE NORMAL PERIOD 1981 TO 2010
CLIMATE RECORD PERIOD 1922 TO 2018


WEATHER ITEM   OBSERVED TIME   RECORD YEAR NORMAL DEPARTURE LAST
                VALUE   (LST)  VALUE       VALUE  FROM      YEAR
                                                  NORMAL
..................................................................
TEMPERATURE (F)
 YESTERDAY
  MAXIMUM         61    503 PM  89    1985  64     -3       58
  MINIMUM         28R   449 AM  28    1956  40    -12       51
                                      1925
  AVERAGE         45                        52     -7       55

PRECIPITATION (IN)
  YESTERDAY        0.00          1.47 1991   0.12  -0.12     0.27
  MONTH TO DATE    2.66                      2.51   0.15     2.23
  SINCE MAR 1      5.89                      5.90  -0.01     7.49
  SINCE JAN 1     14.56                     11.63   2.93    12.58

SNOWFALL (IN)
  YESTERDAY        0.0           0.0    MM   0.0    0.0      0.0
  MONTH TO DATE    3.9                       0.9    3.0      0.0
  SINCE MAR 1     24.6                       5.8   18.8     18.3
  SINCE JUL 1     49.9                      32.8   17.1     28.3
  SNOW DEPTH       0

DEGREE DAYS
 HEATING
  YESTERDAY       20                        13      7       10
  MONTH TO DATE  429                       351     78      200
  SINCE MAR 1   1272                      1154    118     1035
  SINCE JUL 1   5095                      5463   -368     4537

 COOLING
  YESTERDAY        0                         0      0        0
  MONTH TO DATE    4                         0      4        2
  SINCE MAR 1      4                         0      4        2
  SINCE JAN 1      4                         0      4        2
..................................................................


WIND (MPH)
  HIGHEST WIND SPEED    14   HIGHEST WIND DIRECTION     W (280)
  HIGHEST GUST SPEED    17   HIGHEST GUST DIRECTION     W (270)
  AVERAGE WIND SPEED     5.9


SKY COVER
  POSSIBLE SUNSHINE  MM
  AVERAGE SKY COVER 0.0


WEATHER CONDITIONS
 THE FOLLOWING WEATHER WAS RECORDED YESTERDAY.
  NO SIGNIFICANT WEATHER WAS OBSERVED.


RELATIVE HUMIDITY (PERCENT)
 HIGHEST    72           100 AM
 LOWEST     23           500 PM
 AVERAGE    48

..........................................................


THE ALLENTOWN PA CLIMATE NORMALS FOR TODAY
                         NORMAL    RECORD    YEAR
 MAXIMUM TEMPERATURE (F)   64        92      1985
 MINIMUM TEMPERATURE (F)   41        28      1981


SUNRISE AND SUNSET
APRIL 22 2018.........SUNRISE   613 AM EDT   SUNSET   748 PM EDT
APRIL 23 2018.........SUNRISE   611 AM EDT   SUNSET   749 PM EDT


-  INDICATES NEGATIVE NUMBERS.
R  INDICATES RECORD WAS SET OR TIED.
MM INDICATES DATA IS MISSING.
T  INDICATES TRACE AMOUNT.




$$
