465
CDUS42 KTAE 210634
CLIABY


CLIMATE REPORT
NATIONAL WEATHER SERVICE TALLAHASSEE FL
234 AM EDT SAT APR 21 2018


...................................

...THE ALBANY CLIMATE SUMMARY FOR APRIL 20 2018...

CLIMATE NORMAL PERIOD 1981 TO 2010
CLIMATE RECORD PERIOD 1930 TO 2018


WEATHER ITEM   OBSERVED TIME   RECORD YEAR NORMAL DEPARTURE LAST
                VALUE   (LST)  VALUE       VALUE  FROM      YEAR
                                                  NORMAL
..................................................................
TEMPERATURE (F)
 YESTERDAY
  MAXIMUM         73    440 PM  93    2006  80     -7       89
  MINIMUM         49    611 AM  38    1983  54     -5       61
  AVERAGE         61                        67     -6       75

PRECIPITATION (IN)
  YESTERDAY        0.00                      0.12  -0.12     0.00
  MONTH TO DATE    1.78                      2.75  -0.97     1.76
  SINCE MAR 1      4.97                      7.80  -2.83     2.98
  SINCE JAN 1     13.08                     16.78  -3.70    14.80

SNOWFALL (IN)
  YESTERDAY        0.0
  MONTH TO DATE    0.0
  SINCE MAR 1      0.0
  SINCE JUL 1      0.1

DEGREE DAYS
 HEATING
  YESTERDAY        4                         2      2        0
  MONTH TO DATE   61                        57      4       23
  SINCE MAR 1    295                       266     29      186
  SINCE JUL 1   1541                      1826   -285      989

 COOLING
  YESTERDAY        0                         4     -4       10
  MONTH TO DATE   27                        55    -28      110
  SINCE MAR 1     70                        84    -14      187
  SINCE JAN 1    153                        93     60      225
..................................................................


WIND (MPH)
  HIGHEST WIND SPEED    22   HIGHEST WIND DIRECTION    NE (60)
  HIGHEST GUST SPEED    26   HIGHEST GUST DIRECTION     E (70)
  AVERAGE WIND SPEED     9.2




RELATIVE HUMIDITY (PERCENT)
 HIGHEST    66
 LOWEST     34
 AVERAGE    50

..........................................................


THE ALBANY CLIMATE NORMALS FOR TODAY
                         NORMAL    RECORD    YEAR
 MAXIMUM TEMPERATURE (F)   81        91      2011
 MINIMUM TEMPERATURE (F)   55        38      1983


SUNRISE AND SUNSET
APRIL 21 2018.........SUNRISE   702 AM EDT   SUNSET   810 PM EDT
APRIL 22 2018.........SUNRISE   701 AM EDT   SUNSET   810 PM EDT


-  INDICATES NEGATIVE NUMBERS.
R  INDICATES RECORD WAS SET OR TIED.
MM INDICATES DATA IS MISSING.
T  INDICATES TRACE AMOUNT.




$$
