165
CDUS44 KFWD 230642
CLIACT


CLIMATE REPORT
NATIONAL WEATHER SERVICE FORT WORTH TX
141 AM CDT WED MAY 23 2018


...................................

...THE WACO CLIMATE SUMMARY FOR MAY 22 2018...

CLIMATE NORMAL PERIOD 1981 TO 2010
CLIMATE RECORD PERIOD 1901 TO 2018


WEATHER ITEM   OBSERVED TIME   RECORD YEAR NORMAL DEPARTURE LAST
                VALUE   (LST)  VALUE       VALUE  FROM      YEAR
                                                  NORMAL
..................................................................
TEMPERATURE (F)
 YESTERDAY
  MAXIMUM         89    456 PM  99    2005  87      2       78
  MINIMUM         66    533 AM  47    2001  66      0       59
  AVERAGE         78                        76      2       69

PRECIPITATION (IN)
  YESTERDAY        0.00          2.00 1910   0.14  -0.14     0.21
  MONTH TO DATE    2.94                      3.01  -0.07     2.06
  SINCE MAR 1      5.94                      8.85  -2.91    12.41
  SINCE JAN 1      8.37                     13.60  -5.23    18.57

DEGREE DAYS
 HEATING
  YESTERDAY        0                         0      0        0
  MONTH TO DATE    0                         4     -4        3
  SINCE MAR 1    285                       328    -43      159
  SINCE JUL 1   2088                      2140    -52     1335

 COOLING
  YESTERDAY       13                        11      2        4
  MONTH TO DATE  267                       187     80      175
  SINCE MAR 1    383                       332     51      406
  SINCE JAN 1    403                       341     62      464
..................................................................


WIND (MPH)
  HIGHEST WIND SPEED    14   HIGHEST WIND DIRECTION    SE (150)
  HIGHEST GUST SPEED    19   HIGHEST GUST DIRECTION    SE (150)
  AVERAGE WIND SPEED     6.9


SKY COVER
  POSSIBLE SUNSHINE  MM
  AVERAGE SKY COVER 0.3


WEATHER CONDITIONS
 THE FOLLOWING WEATHER WAS RECORDED YESTERDAY.
  FOG


RELATIVE HUMIDITY (PERCENT)
 HIGHEST   100           600 AM
 LOWEST     44           500 PM
 AVERAGE    72

..........................................................


THE WACO CLIMATE NORMALS FOR TODAY
                         NORMAL    RECORD    YEAR
 MAXIMUM TEMPERATURE (F)   87        98      1996
 MINIMUM TEMPERATURE (F)   66        54      2017
                                             2001
                                             1963


SUNRISE AND SUNSET
MAY 23 2018...........SUNRISE   628 AM CDT   SUNSET   824 PM CDT
MAY 24 2018...........SUNRISE   627 AM CDT   SUNSET   824 PM CDT


-  INDICATES NEGATIVE NUMBERS.
R  INDICATES RECORD WAS SET OR TIED.
MM INDICATES DATA IS MISSING.
T  INDICATES TRACE AMOUNT.




$$
