000
CDUS41 KPHI 202130
CLIACY


CLIMATE REPORT
NATIONAL WEATHER SERVICE MOUNT HOLLY NJ
530 PM EDT SUN MAY 20 2018


...................................

...THE ATLANTIC CITY NJ CLIMATE SUMMARY FOR MAY 20 2018...
VALID TODAY AS OF 0500 PM LOCAL TIME.

CLIMATE NORMAL PERIOD 1981 TO 2010
CLIMATE RECORD PERIOD 1874 TO 2018


WEATHER ITEM   OBSERVED TIME   RECORD YEAR NORMAL DEPARTURE LAST
                VALUE   (LST)  VALUE       VALUE  FROM      YEAR
                                                  NORMAL
..................................................................
TEMPERATURE (F)
 TODAY
  MAXIMUM         87    219 PM  96    1996  72     15       75
  MINIMUM         67    223 AM  31    1991  52     15       51
  AVERAGE         77                        62     15       63

PRECIPITATION (IN)
  TODAY            0.00          1.92 2005   0.11  -0.11     0.00
  MONTH TO DATE    5.46                      2.07   3.39     4.22
  SINCE MAR 1     14.61                      9.91   4.70    12.81
  SINCE JAN 1     24.33                     16.00   8.33    18.36

SNOWFALL (IN)
  TODAY            0.0           0.0    MM   0.0    0.0      0.0
  MONTH TO DATE    0.0                       0.0    0.0      0.0
  SINCE MAR 1      9.6                       1.4    8.2      0.2
  SINCE JUL 1     34.1                      16.5   17.6      7.7
  SNOW DEPTH       0

DEGREE DAYS
 HEATING
  TODAY            0                         5     -5        2
  MONTH TO DATE   49                       137    -88      125
  SINCE MAR 1   1264                      1250     14     1093
  SINCE JUL 1   4502                      4841   -339     4089

 COOLING
  TODAY           12                         2     10        0
  MONTH TO DATE   70                        26     44       46
  SINCE MAR 1     76                        35     41       78
  SINCE JAN 1     76                        35     41       78
..................................................................


WIND (MPH)
  HIGHEST WIND SPEED    18   HIGHEST WIND DIRECTION    SW (220)
  HIGHEST GUST SPEED    28   HIGHEST GUST DIRECTION    SW (240)
  AVERAGE WIND SPEED    11.0


SKY COVER
  POSSIBLE SUNSHINE  MM
  AVERAGE SKY COVER 0.8


WEATHER CONDITIONS
 THE FOLLOWING WEATHER WAS RECORDED TODAY.
  FOG


RELATIVE HUMIDITY (PERCENT)
 HIGHEST   100           100 AM
 LOWEST     57           300 PM
 AVERAGE    79

..........................................................


THE ATLANTIC CITY NJ CLIMATE NORMALS FOR TOMORROW
                         NORMAL    RECORD    YEAR
 MAXIMUM TEMPERATURE (F)   73        93      1996
 MINIMUM TEMPERATURE (F)   53        28      1992


SUNRISE AND SUNSET
MAY 20 2018...........SUNRISE   540 AM EDT   SUNSET   810 PM EDT
MAY 21 2018...........SUNRISE   540 AM EDT   SUNSET   811 PM EDT


-  INDICATES NEGATIVE NUMBERS.
R  INDICATES RECORD WAS SET OR TIED.
MM INDICATES DATA IS MISSING.
T  INDICATES TRACE AMOUNT.




$$
