000
CDUS42 KJAX 210537
CLIAMG


CLIMATE REPORT
NATIONAL WEATHER SERVICE JACKSONVILLE FL
137 AM EDT MON MAY 21 2018


...................................

...THE ALMA CLIMATE SUMMARY FOR MAY 20 2018...

CLIMATE NORMAL PERIOD 1981 TO 2010
CLIMATE RECORD PERIOD 1948 TO 2018


WEATHER ITEM   OBSERVED TIME   RECORD YEAR NORMAL DEPARTURE LAST
                VALUE   (LST)  VALUE       VALUE  FROM      YEAR
                                                  NORMAL
..................................................................
TEMPERATURE (F)
 YESTERDAY
  MAXIMUM         77   1201 PM  99    1962  87    -10       93
  MINIMUM         70   1107 PM  46    2002  63      7       73
  AVERAGE         74                        75     -1       83

PRECIPITATION (IN)
  YESTERDAY        0.16          1.56 1958   0.08   0.08     0.33
  MONTH TO DATE    2.14                      1.36   0.78     1.75
  SINCE MAR 1      6.19                      8.92  -2.73     4.75
  SINCE JAN 1      9.70                     16.98  -7.28    12.88

SNOWFALL (IN)
  YESTERDAY        0.0           0.0    MM   0.0    0.0      0.0
  MONTH TO DATE    0.0                       0.0    0.0      0.0
  SINCE MAR 1      0.0                       0.0    0.0      0.0
  SINCE JUL 1      3.0                       0.1    2.9      0.0
  SNOW DEPTH       0

DEGREE DAYS
 HEATING
  YESTERDAY        0                         0      0        0
  MONTH TO DATE    0                         3     -3        3
  SINCE MAR 1    305                       255     50      227
  SINCE JUL 1   1551                      1656   -105     1083

 COOLING
  YESTERDAY        9                        10     -1       18
  MONTH TO DATE  192                       151     41      170
  SINCE MAR 1    287                       289     -2      409
  SINCE JAN 1    379                       305     74      464
..................................................................


WIND (MPH)
  HIGHEST WIND SPEED     9   HIGHEST WIND DIRECTION     S (180)
  HIGHEST GUST SPEED    12   HIGHEST GUST DIRECTION     S (170)
  AVERAGE WIND SPEED     3.0


SKY COVER
  POSSIBLE SUNSHINE  MM
  AVERAGE SKY COVER 0.6


WEATHER CONDITIONS
 THE FOLLOWING WEATHER WAS RECORDED YESTERDAY.
  HEAVY RAIN
  RAIN
  LIGHT RAIN
  FOG


RELATIVE HUMIDITY (PERCENT)
 HIGHEST    97          1000 PM
 LOWEST     74          1200 PM
 AVERAGE    86

..........................................................


THE ALMA CLIMATE NORMALS FOR TODAY
                         NORMAL    RECORD    YEAR
 MAXIMUM TEMPERATURE (F)   87        97      1962
 MINIMUM TEMPERATURE (F)   63        44      1954


SUNRISE AND SUNSET
MAY 21 2018...........SUNRISE   630 AM EDT   SUNSET   824 PM EDT
MAY 22 2018...........SUNRISE   630 AM EDT   SUNSET   824 PM EDT


-  INDICATES NEGATIVE NUMBERS.
R  INDICATES RECORD WAS SET OR TIED.
MM INDICATES DATA IS MISSING.
T  INDICATES TRACE AMOUNT.




$$
