000
CDAK48 PAFC 270100
CLIANC


CLIMATE REPORT
NATIONAL WEATHER SERVICE ANCHORAGE, AK
500 PM AKDT THU APR 26 2018


...................................

...THE ANCHORAGE AK CLIMATE SUMMARY FOR APRIL 26 2018...
VALID TODAY AS OF 0500 PM LOCAL TIME.

CLIMATE NORMAL PERIOD 1981 TO 2010
CLIMATE RECORD PERIOD 1952 TO 2018


WEATHER ITEM   OBSERVED TIME   RECORD YEAR NORMAL DEPARTURE LAST
                VALUE   (LST)  VALUE       VALUE  FROM      YEAR
                                                  NORMAL
..................................................................
TEMPERATURE (F)
 TODAY
  MAXIMUM         48        MM  61    2005  49     -1       55
  MINIMUM         40        MM  16    1955  33      7       33
  AVERAGE         44                        41      3       44

PRECIPITATION (IN)
  TODAY            T             0.30 1976   0.02  -0.02      T
                                      1975
  MONTH TO DATE    0.13                      0.40  -0.27     0.05
  SINCE MAR 1      0.95                      1.00  -0.05     0.72
  SINCE JAN 1      4.09                      2.45   1.64     3.42

SNOWFALL (IN)
  TODAY           MM             5.5  1975   0.0   MM        0.0
  MONTH TO DATE    T                         3.7   -3.7       T
  SINCE MAR 1     10.8                      13.6   -2.8     10.3
  SINCE JUL 1     59.1                      73.9  -14.8     82.4
  SNOW DEPTH       0

DEGREE DAYS
 HEATING
  TODAY           21                        24     -3       21
  MONTH TO DATE  666                       753    -87      656
  SINCE MAR 1   1814                      1945   -131     2065
  SINCE JUL 1   8538                      9274   -736     9103

 COOLING
  TODAY            0                         0      0        0
  MONTH TO DATE    0                         0      0        0
  SINCE MAR 1      0                         0      0        0
  SINCE JAN 1      0                         0      0        0
..................................................................


WIND (MPH)
  RESULTANT WIND SPEED  10   RESULTANT WIND DIRECTION  SE (150)
  HIGHEST WIND SPEED    17   HIGHEST WIND DIRECTION    SE (150)
  HIGHEST GUST SPEED    30   HIGHEST GUST DIRECTION    SE (140)
  AVERAGE WIND SPEED    11.4


SKY COVER
  POSSIBLE SUNSHINE  MM
  AVERAGE SKY COVER 0.7


WEATHER CONDITIONS
 THE FOLLOWING WEATHER WAS RECORDED TODAY.
  LIGHT RAIN


RELATIVE HUMIDITY (PERCENT)
 HIGHEST    65           400 AM
 LOWEST     45          1200 PM
 AVERAGE    55

..........................................................


THE ANCHORAGE AK CLIMATE NORMALS FOR TOMORROW
                         NORMAL    RECORD    YEAR
 MAXIMUM TEMPERATURE (F)   49        63      2005
 MINIMUM TEMPERATURE (F)   33        19      1955


SUNRISE AND SUNSET
APRIL 26 2018.........SUNRISE   605 AM AKDT  SUNSET   952 PM AKDT
APRIL 27 2018.........SUNRISE   603 AM AKDT  SUNSET   955 PM AKDT


-  INDICATES NEGATIVE NUMBERS.
R  INDICATES RECORD WAS SET OR TIED.
MM INDICATES DATA IS MISSING.
T  INDICATES TRACE AMOUNT.




$$
