000
CDUS43 KAPX 250526
CLIANJ


CLIMATE REPORT
NATIONAL WEATHER SERVICE GAYLORD MI
126 AM EDT WED APR 25 2018


...................................

...THE SAULT STE MARIE MI CLIMATE SUMMARY FOR APRIL 24 2018...

CLIMATE NORMAL PERIOD 1981 TO 2010
CLIMATE RECORD PERIOD 1888 TO 2018


WEATHER ITEM   OBSERVED TIME   RECORD YEAR NORMAL DEPARTURE LAST
                VALUE   (LST)  VALUE       VALUE  FROM      YEAR
                                                  NORMAL
..................................................................
TEMPERATURE (F)
 YESTERDAY
  MAXIMUM         64    225 PM  83    1915  54     10       51
  MINIMUM         38    607 AM  13    1892  35      3       35
  AVERAGE         51                        44      7       43

PRECIPITATION (IN)
  YESTERDAY        0.00          0.74 1897   0.07  -0.07     0.00
  MONTH TO DATE    2.27                      1.94   0.33     2.40
  SINCE MAR 1      3.54                      3.89  -0.35     4.35
  SINCE JAN 1      7.02                      7.42  -0.40    10.31

SNOWFALL (IN)
  YESTERDAY        0.0           2.1  1996   0.1   -0.1      0.0
  MONTH TO DATE   27.4                       6.1   21.3      0.5
  SINCE OCT 1    127.8                     119.7    8.1    137.4
  SINCE JUL 1    127.8                     119.7    8.1    137.4
  SNOW DEPTH       7

DEGREE DAYS
 HEATING
  YESTERDAY       14                        21     -7       22
  MONTH TO DATE  795                       626    169      543
  SINCE MAR 1   1976                      1826    150     1741
  SINCE JUL 1   7803                      7952   -149     6615

 COOLING
  YESTERDAY        0                         0      0        0
  MONTH TO DATE    0                         0      0        0
  SINCE MAR 1      0                         0      0        0
  SINCE JAN 1      0                         0      0        0
..................................................................


WIND (MPH)
  HIGHEST WIND SPEED    16   HIGHEST WIND DIRECTION    NW (300)
  HIGHEST GUST SPEED    21   HIGHEST GUST DIRECTION     W (290)
  AVERAGE WIND SPEED     6.1




RELATIVE HUMIDITY (PERCENT)
 HIGHEST    62
 LOWEST     31
 AVERAGE    47

..........................................................


THE SAULT STE MARIE MI CLIMATE NORMALS FOR TODAY
                         NORMAL    RECORD    YEAR
 MAXIMUM TEMPERATURE (F)   55        85      1990
 MINIMUM TEMPERATURE (F)   35        18      1892


SUNRISE AND SUNSET
APRIL 25 2018.........SUNRISE   633 AM EDT   SUNSET   839 PM EDT
APRIL 26 2018.........SUNRISE   631 AM EDT   SUNSET   840 PM EDT


-  INDICATES NEGATIVE NUMBERS.
R  INDICATES RECORD WAS SET OR TIED.
MM INDICATES DATA IS MISSING.
T  INDICATES TRACE AMOUNT.




$$
