000
CDUS43 KAPX 232129
CLIAPN


CLIMATE REPORT
NATIONAL WEATHER SERVICE GAYLORD MI
529 PM EDT MON APR 23 2018


...................................

...THE ALPENA MI CLIMATE SUMMARY FOR APRIL 23 2018...
VALID TODAY AS OF 0500 PM LOCAL TIME.

CLIMATE NORMAL PERIOD 1981 TO 2010
CLIMATE RECORD PERIOD 1916 TO 2018


WEATHER ITEM   OBSERVED TIME   RECORD YEAR NORMAL DEPARTURE LAST
                VALUE   (LST)  VALUE       VALUE  FROM      YEAR
                                                  NORMAL
..................................................................
TEMPERATURE (F)
 TODAY
  MAXIMUM         56    307 PM  87    1985  56      0       56
  MINIMUM         24    524 AM  18    1989  34    -10       34
                                      1986
  AVERAGE         40                        45     -5       45

PRECIPITATION (IN)
  TODAY            0.00          0.95 1981   0.08  -0.08     0.00
  MONTH TO DATE    4.62                      1.85   2.77     4.00
  SINCE MAR 1      6.13                      3.71   2.42     6.83
  SINCE JAN 1     10.02                      6.69   3.33    12.32

SNOWFALL (IN)
  TODAY            0.0           5.0  2005   0.1             0.0
  MONTH TO DATE   30.7                       5.3              T
  SINCE OCT 1     82.5                      83.6            66.4
  SINCE JUL 1     82.5                      83.6            66.4

DEGREE DAYS
 HEATING
  TODAY           25                        20      5       20
  MONTH TO DATE  783                       570    213      473
  SINCE MAR 1   1931                      1694    237     1604
  SINCE JUL 1   7380                      7426    -46     6235

 COOLING
  TODAY            0                         0      0        0
  MONTH TO DATE    0                         0      0        0
  SINCE MAR 1      0                         0      0        0
  SINCE JAN 1      0                         0      0        0
..................................................................


WIND (MPH)
  RESULTANT WIND SPEED   3   RESULTANT WIND DIRECTION  SE (120)
  HIGHEST WIND SPEED    13   HIGHEST WIND DIRECTION    SE (130)
  HIGHEST GUST SPEED    16   HIGHEST GUST DIRECTION    SE (130)
  AVERAGE WIND SPEED     3.6


SKY COVER
  POSSIBLE SUNSHINE  MM
  AVERAGE SKY COVER 0.0


WEATHER CONDITIONS
 THE FOLLOWING WEATHER WAS RECORDED TODAY.
  NO SIGNIFICANT WEATHER WAS OBSERVED.


RELATIVE HUMIDITY (PERCENT)
 HIGHEST    92
 LOWEST     32
 AVERAGE    62

..........................................................


THE ALPENA MI CLIMATE NORMALS FOR TOMORROW
                         NORMAL    RECORD    YEAR
 MAXIMUM TEMPERATURE (F)   56        85      1990
                                             1925
 MINIMUM TEMPERATURE (F)   34        20      1956
                                             1930


SUNRISE AND SUNSET
APRIL 23 2018.........SUNRISE   636 AM EDT   SUNSET   830 PM EDT
APRIL 24 2018.........SUNRISE   634 AM EDT   SUNSET   831 PM EDT


-  INDICATES NEGATIVE NUMBERS.
R  INDICATES RECORD WAS SET OR TIED.
MM INDICATES DATA IS MISSING.
T  INDICATES TRACE AMOUNT.




$$
