000
CDUS44 KLCH 262245
CLIARA


CLIMATE REPORT
NATIONAL WEATHER SERVICE LAKE CHARLES, LA
545 PM CDT THU APR 26 2018


...................................

...THE NEW IBERIA CLIMATE SUMMARY FOR APRIL 26 2018...
VALID TODAY AS OF 0500 PM LOCAL TIME.

CLIMATE NORMAL PERIOD 1981 TO 2010
CLIMATE RECORD PERIOD 1948 TO 2018


WEATHER ITEM   OBSERVED TIME   RECORD YEAR NORMAL DEPARTURE LAST
                VALUE   (LST)  VALUE       VALUE  FROM      YEAR
                                                  NORMAL
..................................................................
TEMPERATURE (F)
 TODAY
  MAXIMUM         74    359 PM  90    1999  82     -8       84
  MINIMUM         60    751 AM  48    1977  60      0       67
  AVERAGE         67                        71     -4       76

PRECIPITATION (IN)
  TODAY            0.03          2.60 1991   0.10  -0.07      T
  MONTH TO DATE    3.61                      3.64  -0.03     1.59
  SINCE MAR 1      5.86                      7.41  -1.55     4.28
  SINCE JAN 1     15.37                     16.82  -1.45     7.08

SNOWFALL (IN)
  TODAY            0.0           0.0    MM  MM               0.0
  MONTH TO DATE    0.0                      MM               0.0
  SINCE MAR 1      0.0                      MM               0.0
  SINCE JUL 1      2.4                      MM               0.0

DEGREE DAYS
 HEATING
  TODAY            0                         0      0        0
  MONTH TO DATE   65                        43     22       12
  SINCE MAR 1    175                       191    -16       83
  SINCE JUL 1   1358                      1407    -49      712

 COOLING
  TODAY            2                         6     -4       11
  MONTH TO DATE   55                       109    -54      161
  SINCE MAR 1    146                       161    -15      286
  SINCE JAN 1    269                       192     77      421
..................................................................


WIND (MPH)
  RESULTANT WIND SPEED   9   RESULTANT WIND DIRECTION  NW (320)
  HIGHEST WIND SPEED    18   HIGHEST WIND DIRECTION    NW (330)
  HIGHEST GUST SPEED    23   HIGHEST GUST DIRECTION    NW (310)
  AVERAGE WIND SPEED    10.4


SKY COVER
  POSSIBLE SUNSHINE  MM
  AVERAGE SKY COVER 0.4


WEATHER CONDITIONS
 THE FOLLOWING WEATHER WAS RECORDED TODAY.
  RAIN
  LIGHT RAIN


RELATIVE HUMIDITY (PERCENT)
 HIGHEST    84           500 AM
 LOWEST     41           200 PM
 AVERAGE    63

..........................................................


THE NEW IBERIA CLIMATE NORMALS FOR TOMORROW
                         NORMAL    RECORD    YEAR
 MAXIMUM TEMPERATURE (F)   82        89      1987
                                             1963
                                             1948
 MINIMUM TEMPERATURE (F)   60        48      1992
                                             1978
                                             1952


SUNRISE AND SUNSET
APRIL 26 2018.........SUNRISE   629 AM CDT   SUNSET   742 PM CDT
APRIL 27 2018.........SUNRISE   628 AM CDT   SUNSET   742 PM CDT


-  INDICATES NEGATIVE NUMBERS.
R  INDICATES RECORD WAS SET OR TIED.
MM INDICATES DATA IS MISSING.
T  INDICATES TRACE AMOUNT.




$$
