000
CDUS46 KPQR 231145
CLIAST


CLIMATE REPORT
NATIONAL WEATHER SERVICE PORTLAND OREGON
444 AM PDT MON APR 23 2018


...................................

...THE ASTORIA OR CLIMATE SUMMARY FOR APRIL 22 2018...

CLIMATE NORMAL PERIOD 1981 TO 2010
CLIMATE RECORD PERIOD 1892 TO 2018


WEATHER ITEM   OBSERVED TIME   RECORD YEAR NORMAL DEPARTURE LAST
                VALUE   (LST)  VALUE       VALUE  FROM      YEAR
                                                  NORMAL
..................................................................
TEMPERATURE (F)
 YESTERDAY
  MAXIMUM         58   1232 PM  75    2005  57      1       60
  MINIMUM         38    608 AM  32    1960  42     -4       48
  AVERAGE         48                        49     -1       54

PRECIPITATION (IN)
  YESTERDAY        T             2.16 1996   0.16  -0.16     0.21
  MONTH TO DATE    8.91                      4.04   4.87     6.05
  SINCE OCT 1     62.95                     55.90   7.05    82.25
  SINCE JAN 1     32.16                     28.88   3.28    38.38

DEGREE DAYS
 HEATING
  YESTERDAY       17                        16      1       11
  MONTH TO DATE  363                       368     -5      341
  SINCE MAR 1    983                       946     37      905
  SINCE JUL 1   4141                      4288   -147     3888

 COOLING
  YESTERDAY        0                         0      0        0
  MONTH TO DATE    0                         0      0        0
  SINCE MAR 1      0                         0      0        0
  SINCE JAN 1      0                         0      0        0
..................................................................


WIND (MPH)
  HIGHEST WIND SPEED    23   HIGHEST WIND DIRECTION    NW (320)
  HIGHEST GUST SPEED    28   HIGHEST GUST DIRECTION    NW (320)
  AVERAGE WIND SPEED     7.5


SKY COVER
  POSSIBLE SUNSHINE  MM
  AVERAGE SKY COVER 0.0


WEATHER CONDITIONS
 THE FOLLOWING WEATHER WAS RECORDED YESTERDAY.
  NO SIGNIFICANT WEATHER WAS OBSERVED.


RELATIVE HUMIDITY (PERCENT)
 HIGHEST   100           600 AM
 LOWEST     57          1200 PM
 AVERAGE    79

..........................................................


THE ASTORIA OR CLIMATE NORMALS FOR TODAY
                         NORMAL    RECORD    YEAR
 MAXIMUM TEMPERATURE (F)   57        73      2006
 MINIMUM TEMPERATURE (F)   42        34      2013
                                             1992


SUNRISE AND SUNSET
APRIL 23 2018.........SUNRISE   615 AM PDT   SUNSET   814 PM PDT
APRIL 24 2018.........SUNRISE   613 AM PDT   SUNSET   815 PM PDT


-  INDICATES NEGATIVE NUMBERS.
R  INDICATES RECORD WAS SET OR TIED.
MM INDICATES DATA IS MISSING.
T  INDICATES TRACE AMOUNT.




$$
